{"id":289,"date":"2023-11-12T08:29:34","date_gmt":"2023-11-12T08:29:34","guid":{"rendered":"https:\/\/demo9.thuythu.vn\/vistapro\/?page_id=289"},"modified":"2024-03-11T09:41:49","modified_gmt":"2024-03-11T02:41:49","slug":"gioi-thieu-ve-3k-shop","status":"publish","type":"page","link":"https:\/\/demo9.thuythu.vn\/vistapro\/gioi-thieu-ve-vistapro\/","title":{"rendered":"Gi\u1edbi thi\u1ec7u v\u1ec1 VISTAPRO"},"content":{"rendered":"<p>N\u0103m 2019, th\u1eddi \u0111i\u1ec3m m\u00e0 \u1edf Vi\u1ec7t Nam ch\u01b0a c\u00f3 nhi\u1ec1u \u0111\u01a1n v\u1ecb ph\u00e2n ph\u1ed1i c\u00e1c lo\u1ea1i palang x\u00edch k\u00e9o tay c\u00f3 chi\u1ec1u d\u00e0i 5m tr\u1edf l\u00ean. \u0110\u00f3 l\u00e0 th\u1eddi \u0111i\u1ec3m m\u00e0 Vistapro ra \u0111\u1eddi. Nh\u1eb1m \u0111\u00e1p \u1ee9ng nhu c\u1ea7u c\u1ee7a kh\u00e1ch h\u00e0ng trong ngh\u1ec1 t\u1ed5 ch\u1ee9c s\u1ef1 ki\u1ec7n, Vistapro chuy\u00ean cung c\u1ea5p c\u00e1c d\u00f2ng palang x\u00edch m\u1ea1 k\u1ebdm c\u00f3 chi\u1ec1u d\u00e0i t\u1eeb 5 \u0111\u1ebfn 10m, v\u1edbi hai lo\u1ea1i t\u1ea3i tr\u1ecdng ch\u1ee7 y\u1ebfu l\u00e0 1 t\u1ea5n v\u00e0 2 t\u1ea5n. Trong qua tr\u00ecnh ph\u00e1t tri\u1ec3n t\u1edbi nay, Vistapro \u0111\u00e3 \u0111a d\u1ea1ng h\u01a1n c\u00e1c Model v\u00e0 c\u00e1c d\u00f2ng s\u1ea3n ph\u1ea9m kh\u00e1c nhau, nh\u1eb1m \u0111\u00e1p \u1ee9ng \u0111\u01b0\u1ee3c th\u00eam nhi\u1ec1u kh\u00e1ch h\u00e0ng c\u00f3 nhu c\u1ea7u s\u1eed d\u1ee5ng thi\u1ebft b\u1ecb n\u00e2ng h\u1ea1.<br \/>\nB\u00ean c\u1ea1nh \u0111\u00f3, Vistapro c\u0169ng nh\u1eadp kh\u1ea9u v\u00e0 ph\u00e2n ph\u1ed1i c\u00e1c thi\u1ebft b\u1ecb s\u00e2n kh\u1ea5u v\u00e0 s\u1ef1 ki\u1ec7n kh\u00e1c n\u1eefa nh\u01b0 \u00e2m thanh, \u00e1nh s\u00e1ng, c\u00e1c thi\u1ebft b\u1ecb t\u1ea1o hi\u1ec7u \u1ee9ng s\u00e2n kh\u1ea5u. Ch\u00fang t\u00f4i l\u00e0 \u0111\u01a1n v\u1ecb \u0111i \u0111\u1ea7u trong vi\u1ec7c s\u1ea3n xu\u1ea5t c\u00e1c lo\u1ea1i dung d\u1ecbch t\u1ea1o kh\u00f3i s\u1eed d\u1ee5ng tr\u00ean s\u00e2n kh\u1ea5u v\u1edbi 2 d\u00f2ng s\u1ea3n ph\u1ea9m ch\u00ednh l\u00e0 d\u00f9ng d\u1ecbch t\u1ea1o kh\u00f3i Vista g\u1ed1c n\u01b0\u1edbc v\u00e0 d\u1ea7u t\u1ea1o kh\u00f3i Vista Haze g\u1ed1c d\u1ea7u. S\u1ea3n ph\u1ea9m \u0111\u01b0\u1ee3c ki\u1ec3m \u0111\u1ecbnh an to\u00e0n v\u1edbi con ng\u01b0\u1eddi khi ti\u1ebfp x\u00fac v\u00e0 \u0111\u01b0\u1ee3c c\u1ea5p ph\u00e9p s\u1ea3n xu\u1ea5t t\u1ea1i Vi\u1ec7t Nam.<\/p>\n<p>Hi\u1ec7n nay Vistapro \u0111\u00e3 c\u00f3 nh\u1eefng nh\u00e3n hi\u1ec7u \u0111\u1ed9c quy\u1ec1n nh\u01b0:<\/p>\n<ol>\n<li>Vista Lifting: thi\u1ebft b\u1ecb n\u00e2ng h\u1ea1<\/li>\n<li>Vista Lighting: thi\u1ebft b\u1ecb \u00e1nh s\u00e1ng s\u00e2n kh\u1ea5u<\/li>\n<li>Vista Fog Machine: m\u00e1y t\u1ea1o kh\u00f3i v\u00e0 dung d\u1ecbch t\u1ea1o kh\u00f3i, m\u00e1y t\u1ea1o hi\u1ec7u \u1ee9ng s\u00e2n kh\u1ea5u<\/li>\n<\/ol>\n<p>V\u1edbi ti\u00eau ch\u00ed \u0111\u1eb7t s\u1ef1 uy t\u00edn l\u00ean h\u00e0ng \u0111\u1ea7u, ch\u00fang t\u00f4i cam k\u1ebft \u0111em \u0111\u1ebfn cho kh\u00e1ch h\u00e0ng d\u1ecbch v\u1ee5 t\u1ed1t nh\u1ea5t, v\u1edbi nh\u1eefng s\u1ea3n ph\u1ea9m ch\u1ea5t l\u01b0\u1ee3ng cao v\u00e0 gi\u00e1 th\u00e0nh h\u1ee3p l\u00fd nh\u1ea5t. Ch\u00fang t\u00f4i mong mu\u1ed1n \u0111\u01b0\u1ee3c h\u1ee3p t\u00e1c v\u1edbi nhi\u1ec1u \u0111\u1ed1i t\u00e1c tin c\u1eady tr\u00ean c\u1ea3 n\u01b0\u1edbc, v\u1edbi ph\u01b0\u01a1ng ch\u00e2m h\u1ee3p t\u00e1c \u0111\u00f4i b\u00ean c\u00f9ng ph\u00e1t tri\u1ec3n v\u00e0 th\u1ecbnh v\u01b0\u1ee3ng.<\/p>\n<p>C\u1ea3m \u01a1n nh\u1eefng ng\u01b0\u1eddi anh em, nh\u1eefng \u0111\u1ed1i t\u00e1c, \u0111\u1ea1i l\u00fd v\u00e0 kh\u00e1ch h\u00e0ng \u0111\u00e3 lu\u00f4n \u0111\u1ed3ng h\u00e0nh v\u00e0 \u1ee7ng h\u1ed9 Vistapro trong th\u1eddi gian qua. C\u00f9ng ch\u00fac cho t\u1ea5t c\u1ea3 ng\u00e0y c\u00e0ng ph\u00e1t tri\u1ec3n v\u00e0 th\u1ecbnh v\u01b0\u1ee3ng.<\/p>\n<p>Xin ch\u00e2n th\u00e0nh c\u1ea3m \u01a1n!<\/p>\n","protected":false},"excerpt":{"rendered":"<p>N\u0103m 2019, th\u1eddi \u0111i\u1ec3m m\u00e0 \u1edf Vi\u1ec7t Nam ch\u01b0a c\u00f3 nhi\u1ec1u \u0111\u01a1n v\u1ecb ph\u00e2n ph\u1ed1i c\u00e1c lo\u1ea1i palang x\u00edch k\u00e9o tay c\u00f3 chi\u1ec1u d\u00e0i 5m tr\u1edf l\u00ean. \u0110\u00f3 l\u00e0 th\u1eddi \u0111i\u1ec3m m\u00e0 Vistapro ra \u0111\u1eddi. Nh\u1eb1m \u0111\u00e1p \u1ee9ng nhu c\u1ea7u c\u1ee7a kh\u00e1ch h\u00e0ng trong ngh\u1ec1 t\u1ed5 ch\u1ee9c s\u1ef1 ki\u1ec7n, Vistapro chuy\u00ean cung c\u1ea5p c\u00e1c d\u00f2ng [&#8230;]\n","protected":false},"author":1,"featured_media":0,"parent":0,"menu_order":0,"comment_status":"closed","ping_status":"closed","template":"templates\/about.php","meta":{"footnotes":""},"acf":[],"_links":{"self":[{"href":"https:\/\/demo9.thuythu.vn\/vistapro\/wp-json\/wp\/v2\/pages\/289"}],"collection":[{"href":"https:\/\/demo9.thuythu.vn\/vistapro\/wp-json\/wp\/v2\/pages"}],"about":[{"href":"https:\/\/demo9.thuythu.vn\/vistapro\/wp-json\/wp\/v2\/types\/page"}],"author":[{"embeddable":true,"href":"https:\/\/demo9.thuythu.vn\/vistapro\/wp-json\/wp\/v2\/users\/1"}],"replies":[{"embeddable":true,"href":"https:\/\/demo9.thuythu.vn\/vistapro\/wp-json\/wp\/v2\/comments?post=289"}],"version-history":[{"count":9,"href":"https:\/\/demo9.thuythu.vn\/vistapro\/wp-json\/wp\/v2\/pages\/289\/revisions"}],"predecessor-version":[{"id":828,"href":"https:\/\/demo9.thuythu.vn\/vistapro\/wp-json\/wp\/v2\/pages\/289\/revisions\/828"}],"wp:attachment":[{"href":"https:\/\/demo9.thuythu.vn\/vistapro\/wp-json\/wp\/v2\/media?parent=289"}],"curies":[{"name":"wp","href":"https:\/\/api.w.org\/{rel}","templated":true}]}}