{"id":2289,"date":"2024-12-15T03:18:18","date_gmt":"2024-12-14T20:18:18","guid":{"rendered":"https:\/\/demo9.thuythu.vn\/sube\/ch\u01b0a%20ph\u00e2n%20lo\u1ea1i\/nap-tho-su-noi-nau-cham-bear-sube001-nap-tho-su-0-8l\/"},"modified":"2024-12-18T10:21:02","modified_gmt":"2024-12-18T03:21:02","slug":"nap-tho-su-noi-nau-cham-bear-sube001-nap-tho-su-0-8l","status":"publish","type":"product","link":"https:\/\/demo9.thuythu.vn\/sube\/nap-tho-su-noi-nau-cham-bear\/0-8l.html","title":{"rendered":"N\u1eafp th\u1ed1 s\u1ee9 n\u1ed3i n\u1ea5u ch\u1eadm Bear SUBE001 &#8211; N\u1eafp th\u1ed1 s\u1ee9 0.8L"},"content":{"rendered":"<p class=\"_2Y002L\">N\u1ed3i n\u1ea5u ch\u00e1o ch\u1eadm Bear 0,8l, 1.6L b\u1ea3n qu\u1ed1c t\u1ebf \u0111\u01b0\u1ee3c thi\u1ebft k\u1ebf \u0111\u1eb7c bi\u1ec7t cho tr\u1ebb \u0103n d\u1eb7m do v\u1eady h\u1ea7u h\u1ebft c\u00e1c ph\u1ee5 ki\u1ec7n \u0111\u1ec1u l\u00e0m t\u1eeb s\u1ee9 \u0111\u1ec3 \u0111\u1ea3m b\u1ea3o an to\u00e0n cho \u0111\u1ed3 \u0103n c\u1ee7a b\u00e9. Nh\u01b0ng c\u0169ng ch\u00ednh v\u00ec th\u1ebf d\u1ec5 v\u1ee1 h\u1ecfng trong qu\u00e1 tr\u00ecnh s\u1eed d\u1ee5ng.<\/p>\n<p class=\"_2Y002L\">Ngo\u00e0i cung c\u1ea5p n\u1ed3i n\u1ea5u ch\u00e1o ch\u1eadm ch\u00ednh h\u00e3ng Shop c\u0169ng cung c\u1ea5p c\u00e1c ph\u1ee5 ki\u1ec7n thay th\u1ebf cho n\u1ed3i, kh\u00e1ch h\u00e0ng ho\u00e0n to\u00e0n c\u00f3 th\u1ec3 y\u00ean t\u00e2m s\u1eed d\u1ee5ng m\u00e0 kh\u00f4ng lo ph\u1ea3i b\u1ecf n\u1ed3i khi kh\u00f4ng may l\u00e0m v\u1ee1 s\u1ea3n ph\u1ea9m.<\/p>\n<p class=\"_2Y002L\">Hi\u1ec7n shop c\u00f3 s\u1eb5n N\u1ed3i s\u1ee9, vung n\u1ed3i v\u00e0 l\u1ed3ng h\u1ea5p,&#8230;. d\u00f9ng thay th\u1ebf cho n\u1ed3i. S\u1ea3n ph\u1ea9m thay th\u1ebf ho\u00e0n to\u00e0n ph\u00f9 h\u1ee3p v\u1edbi s\u1ea3n ph\u1ea9m c\u00f3 s\u1eb5n c\u1ee7a b\u1ea1n.<\/p>\n<p class=\"_2Y002L\">I. TH\u00d4NG TIN S\u1ea2N PH\u1ea8M<\/p>\n<p class=\"_2Y002L\">\u2714 Nh\u00e0 s\u1ea3n xu\u1ea5t: Bear<\/p>\n<p class=\"_2Y002L\">\u2714 Phi\u00ean ba\u0309n Qu\u00f4\u0301c T\u00ea\u0301<\/p>\n<p class=\"_2Y002L\">\u2714 Ma\u0300n hi\u0300nh \u0111i\u00ea\u0300u khi\u00ea\u0309n ti\u00ea\u0301ng anh.<\/p>\n<p class=\"_2Y002L\">\u2714 Th\u1eddi gian b\u1ea3o h\u00e0nh: 18 th\u00e1ng. L\u00f4\u0303i 1 \u0111\u00f4\u0309i 1 trong 30 nga\u0300y \u0111\u00e2\u0300u.<\/p>\n<p class=\"_2Y002L\">\u2714 V\u1ecf b\u1eb1ng nh\u1ef1a PP c\u00f3 tay c\u1ea7m, n\u1ed3i s\u1ee9 0.8L, l\u1ed3ng h\u1ea5p 1L<\/p>\n<p class=\"_2Y002L\">\u2714 C\u00f4ng su\u1ea5t: 200W<\/p>\n<p class=\"_2Y002L\">\u2714 B\u1ea3o v\u1ec7 ch\u1ed1ng c\u1ea1n<\/p>\n<p class=\"_2Y002L\">\u2714 Ch\u1ea5t li\u1ec7u: v\u1ecf ABS + SUS, que \u0111\u00e1nh b\u1eb1ng inox m\u1ea1 chrome k\u00e9p<\/p>\n<p class=\"_2Y002L\">\u2714 \u0110i\u1ec1u khi\u1ec3n \u0111i\u1ec7n t\u1eed, c\u00f3 6 ch\u1ee9c n\u0103ng l\u1ef1a ch\u1ecdn, m\u00e0n h\u00ecnh LED.<\/p>\n<p class=\"_2Y002L\">\u2714 Ch\u1ee9c n\u0103ng h\u1eb9n tr\u01b0\u1edbc l\u00ean t\u1edbi 9,5 gi\u1edd<\/p>\n<p class=\"_2Y002L\">\u2714 Ch\u1ee9c n\u0103ng gi\u1eef \u1ea5m t\u1ef1 \u0111\u1ed9ng v\u00e0 th\u1ee7 c\u00f4ng.<\/p>\n<p class=\"_2Y002L\">\u2714 Ph\u01b0\u01a1ng ph\u00e1p n\u1ea5u ch\u1eadm b\u1eb1ng ch\u01b0ng c\u00e1ch th\u1ee7y<\/p>\n<p class=\"_2Y002L\">\u2714 \u0110\u1ebf ch\u1ed1ng tr\u01b0\u1ee3t.<\/p>\n","protected":false},"excerpt":{"rendered":"<p>N\u1ed3i n\u1ea5u ch\u00e1o ch\u1eadm Bear 0,8l, 1.6L b\u1ea3n qu\u1ed1c t\u1ebf \u0111\u01b0\u1ee3c thi\u1ebft k\u1ebf \u0111\u1eb7c bi\u1ec7t cho tr\u1ebb \u0103n d\u1eb7m do v\u1eady h\u1ea7u h\u1ebft c\u00e1c ph\u1ee5 ki\u1ec7n \u0111\u1ec1u l\u00e0m t\u1eeb s\u1ee9 \u0111\u1ec3 \u0111\u1ea3m b\u1ea3o an to\u00e0n cho \u0111\u1ed3 \u0103n c\u1ee7a b\u00e9. Nh\u01b0ng c\u0169ng ch\u00ednh v\u00ec th\u1ebf d\u1ec5 v\u1ee1 h\u1ecfng trong qu\u00e1 tr\u00ecnh s\u1eed d\u1ee5ng. Ngo\u00e0i cung [&#8230;]\n","protected":false},"featured_media":2290,"comment_status":"open","ping_status":"closed","template":"","meta":{"_acf_changed":false,"inline_featured_image":false},"product_cat":[235],"product_tag":[],"class_list":{"0":"post-2289","1":"product","2":"type-product","3":"status-publish","4":"has-post-thumbnail","6":"product-brand-bear","7":"product_cat-nap-tho-su-noi-nau-cham-bear","9":"first","10":"instock","11":"purchasable","12":"product-type-variable","13":"has-default-attributes"},"acf":[],"_links":{"self":[{"href":"https:\/\/demo9.thuythu.vn\/sube\/wp-json\/wp\/v2\/product\/2289"}],"collection":[{"href":"https:\/\/demo9.thuythu.vn\/sube\/wp-json\/wp\/v2\/product"}],"about":[{"href":"https:\/\/demo9.thuythu.vn\/sube\/wp-json\/wp\/v2\/types\/product"}],"replies":[{"embeddable":true,"href":"https:\/\/demo9.thuythu.vn\/sube\/wp-json\/wp\/v2\/comments?post=2289"}],"wp:featuredmedia":[{"embeddable":true,"href":"https:\/\/demo9.thuythu.vn\/sube\/wp-json\/wp\/v2\/media\/2290"}],"wp:attachment":[{"href":"https:\/\/demo9.thuythu.vn\/sube\/wp-json\/wp\/v2\/media?parent=2289"}],"wp:term":[{"taxonomy":"product_cat","embeddable":true,"href":"https:\/\/demo9.thuythu.vn\/sube\/wp-json\/wp\/v2\/product_cat?post=2289"},{"taxonomy":"product_tag","embeddable":true,"href":"https:\/\/demo9.thuythu.vn\/sube\/wp-json\/wp\/v2\/product_tag?post=2289"}],"curies":[{"name":"wp","href":"https:\/\/api.w.org\/{rel}","templated":true}]}}