{"id":2085,"date":"2024-12-15T03:18:18","date_gmt":"2024-12-14T20:18:18","guid":{"rendered":"https:\/\/demo9.thuythu.vn\/sube\/ch\u01b0a%20ph\u00e2n%20lo\u1ea1i\/may-xay-nau-da-nang-cach-am-bear-pbj-b06s2\/"},"modified":"2024-12-18T10:06:25","modified_gmt":"2024-12-18T03:06:25","slug":"may-xay-nau-da-nang-cach-am-bear-pbj-b06s2","status":"publish","type":"product","link":"https:\/\/demo9.thuythu.vn\/sube\/may-lam-sua-hat\/bear\/1-5l-pbj-b06s2.html","title":{"rendered":"M\u00e1y xay n\u00e2\u0301u \u0111a n\u0103ng ca\u0301ch \u00e2m Bear PBJ-B06S2"},"content":{"rendered":"<p>V\u1edbi 7 ch\u1ee9c n\u0103ng t\u00edch h\u1ee3p trong 1 s\u1ea3n ph\u1ea9m, m\u00e1y xay n\u1ea5u \u0111a n\u0103ng c\u00e1ch \u00e2m PBJ \u2013 B06S2 gi\u00fap b\u1ea1n n\u1ea5u s\u1eefa h\u1ea1t, xay sinh t\u1ed1 v\u00e0 l\u00e0m c\u00e1c m\u00f3n ch\u00e1o, n\u01b0\u1edbc x\u1ed1t, m\u00f3n s\u00fap th\u01a1m ngon, n\u00f3ng h\u1ed5i. V\u1edbi m\u00e1y l\u00e0m s\u1eefa h\u1ea1t \u2013 M\u00e1y xay n\u1ea5u \u0111a n\u0103ng c\u00e1ch \u00e2m 7 in 1 Bear, b\u1ea1n c\u00f3 th\u1ec3 c\u1ea3i thi\u1ec7n s\u1ee9c kh\u1ecfe gia \u0111\u00ecnh m\u1ed7i ng\u00e0y v\u1edbi nh\u1eefng m\u00f3n \u0103n, th\u1ee9c u\u1ed1ng b\u1ed5 d\u01b0\u1ee1ng, ngon mi\u1ec7ng.<\/p>\n","protected":false},"excerpt":{"rendered":"<p>V\u1edbi 7 ch\u1ee9c n\u0103ng t\u00edch h\u1ee3p trong 1 s\u1ea3n ph\u1ea9m, m\u00e1y xay n\u1ea5u \u0111a n\u0103ng c\u00e1ch \u00e2m PBJ \u2013 B06S2 gi\u00fap b\u1ea1n n\u1ea5u s\u1eefa h\u1ea1t, xay sinh t\u1ed1 v\u00e0 l\u00e0m c\u00e1c m\u00f3n ch\u00e1o, n\u01b0\u1edbc x\u1ed1t, m\u00f3n s\u00fap th\u01a1m ngon, n\u00f3ng h\u1ed5i. V\u1edbi m\u00e1y l\u00e0m s\u1eefa h\u1ea1t \u2013 M\u00e1y xay n\u1ea5u \u0111a n\u0103ng c\u00e1ch \u00e2m 7 [&#8230;]\n","protected":false},"featured_media":2086,"comment_status":"open","ping_status":"closed","template":"","meta":{"_acf_changed":false,"inline_featured_image":false},"product_cat":[226,225],"product_tag":[],"class_list":{"0":"post-2085","1":"product","2":"type-product","3":"status-publish","4":"has-post-thumbnail","6":"product-brand-bear","7":"product_cat-may-lam-sua-hat-bear","8":"product_cat-may-lam-sua-hat","10":"first","11":"instock","12":"sale","13":"purchasable","14":"product-type-variable","15":"has-default-attributes"},"acf":[],"_links":{"self":[{"href":"https:\/\/demo9.thuythu.vn\/sube\/wp-json\/wp\/v2\/product\/2085"}],"collection":[{"href":"https:\/\/demo9.thuythu.vn\/sube\/wp-json\/wp\/v2\/product"}],"about":[{"href":"https:\/\/demo9.thuythu.vn\/sube\/wp-json\/wp\/v2\/types\/product"}],"replies":[{"embeddable":true,"href":"https:\/\/demo9.thuythu.vn\/sube\/wp-json\/wp\/v2\/comments?post=2085"}],"wp:featuredmedia":[{"embeddable":true,"href":"https:\/\/demo9.thuythu.vn\/sube\/wp-json\/wp\/v2\/media\/2086"}],"wp:attachment":[{"href":"https:\/\/demo9.thuythu.vn\/sube\/wp-json\/wp\/v2\/media?parent=2085"}],"wp:term":[{"taxonomy":"product_cat","embeddable":true,"href":"https:\/\/demo9.thuythu.vn\/sube\/wp-json\/wp\/v2\/product_cat?post=2085"},{"taxonomy":"product_tag","embeddable":true,"href":"https:\/\/demo9.thuythu.vn\/sube\/wp-json\/wp\/v2\/product_tag?post=2085"}],"curies":[{"name":"wp","href":"https:\/\/api.w.org\/{rel}","templated":true}]}}