{"id":1838,"date":"2024-12-15T03:15:13","date_gmt":"2024-12-14T20:15:13","guid":{"rendered":"https:\/\/demo9.thuythu.vn\/sube\/ch\u01b0a%20ph\u00e2n%20lo\u1ea1i\/may-nhao-bot-bear-hmj-a70c1\/"},"modified":"2024-12-16T01:46:08","modified_gmt":"2024-12-15T18:46:08","slug":"may-nhao-bot-bear-hmj-a70c1","status":"publish","type":"product","link":"https:\/\/demo9.thuythu.vn\/sube\/do-gia-dung-nha-bep\/do-lam-banh\/may-nhao-bot-bear-hmj-a70c1\/","title":{"rendered":"M\u00e1y nh\u00e0o b\u1ed9t Bear HMJ-A70C1"},"content":{"rendered":"<p>M\u00e1y Tr\u1ed9n B\u1ed9t 7L Bear HMJ-A70C1 v\u1edbi dung t\u00edch 7L, \u0111\u1ed9ng c\u01a1 m\u1ea1nh m\u1ebd gi\u00fap b\u1ea1n nh\u00e0o b\u1ed9t l\u00e0m b\u00e1nh nhanh ch\u00f3ng v\u00e0 th\u1eadt \u0111\u01a1n gi\u1ea3n. Thi\u1ebft k\u1ebf th\u1eddi trang nh\u1ecf g\u1ecdn ph\u00f9 h\u1ee3p v\u1edbi m\u1ecdi c\u0103n b\u1ebfp, c\u00f9ng Bear Vi\u1ec7t Nam\u00a0tr\u1ea3i nghi\u1ec7m ngay\u00a0HMJ-A70C17L nh\u00e9.<\/p>\n<p><img decoding=\"async\" src=\"https:\/\/demo9.thuythu.vn\/sube\/wp-content\/uploads\/2024\/12\/00-cop_1606902862_pf2Tsb.jpeg\" \/><img decoding=\"async\" src=\"https:\/\/demo9.thuythu.vn\/sube\/wp-content\/uploads\/2024\/12\/2-cop_1606902863_C1Dguo.jpeg\" \/><img decoding=\"async\" src=\"https:\/\/demo9.thuythu.vn\/sube\/wp-content\/uploads\/2024\/12\/7-cop_1606902863_Ml7Rmf.jpeg\" \/><img decoding=\"async\" src=\"https:\/\/demo9.thuythu.vn\/sube\/wp-content\/uploads\/2024\/12\/8-9-cop_1606902863_0TYIUN.jpeg\" \/><img decoding=\"async\" src=\"https:\/\/demo9.thuythu.vn\/sube\/wp-content\/uploads\/2024\/12\/10-cop_1606902863_TW9i0o.jpeg\" \/><img decoding=\"async\" src=\"https:\/\/demo9.thuythu.vn\/sube\/wp-content\/uploads\/2024\/12\/11-cop_1606902863_W9Ebjf.jpeg\" \/><img decoding=\"async\" src=\"https:\/\/demo9.thuythu.vn\/sube\/wp-content\/uploads\/2024\/12\/12-13-14-cop_1606902863_2RYRCm.jpeg\" \/><img decoding=\"async\" src=\"https:\/\/demo9.thuythu.vn\/sube\/wp-content\/uploads\/2024\/12\/15-16-17-cop_1606902863_RM0Qbr.jpeg\" \/><img decoding=\"async\" src=\"https:\/\/demo9.thuythu.vn\/sube\/wp-content\/uploads\/2024\/12\/18-19-cop_1606902863_NYQwNX.jpeg\" \/><img decoding=\"async\" src=\"https:\/\/demo9.thuythu.vn\/sube\/wp-content\/uploads\/2024\/12\/20-cop_1606902863_xtilLr.jpeg\" \/><img decoding=\"async\" src=\"https:\/\/demo9.thuythu.vn\/sube\/wp-content\/uploads\/2024\/12\/21-cop_1606902863_F7g7hJ.jpeg\" \/><img decoding=\"async\" src=\"https:\/\/demo9.thuythu.vn\/sube\/wp-content\/uploads\/2024\/12\/22-cop_1606902863_xp2C5p.jpeg\" \/><img decoding=\"async\" src=\"https:\/\/demo9.thuythu.vn\/sube\/wp-content\/uploads\/2024\/12\/31-cop_1606902863_EjEyr6.jpeg\" \/><img decoding=\"async\" src=\"https:\/\/demo9.thuythu.vn\/sube\/wp-content\/uploads\/2024\/12\/41-cop_1606902864_vGvYbU.jpeg\" \/><img decoding=\"async\" src=\"https:\/\/demo9.thuythu.vn\/sube\/wp-content\/uploads\/2024\/12\/51-cop_1606902864_R5v9yw.jpeg\" \/><img decoding=\"async\" src=\"https:\/\/demo9.thuythu.vn\/sube\/wp-content\/uploads\/2024\/12\/111-cop_1606902864_EAG3Io.jpeg\" \/><\/p>\n<p>M\u00e1y Tr\u1ed9n B\u1ed9t 7L Bear HMJ-A70C1 \u0111\u00e3 c\u00f3 m\u1eb7t tr\u00ean to\u00e0n h\u1ec7 th\u1ed1ng Bear Vi\u1ec7t Nam, li\u00ean h\u1ec7 ngay \u0111\u1ec3 \u0111\u1eb7t mua s\u1ea3n ph\u1ea9m v\u00e0 nh\u1eadn b\u00e1o gi\u00e1 t\u1ed1t nh\u1ea5t trong h\u00f4m nay.<\/p>\n","protected":false},"excerpt":{"rendered":"<p>M\u00e1y Tr\u1ed9n B\u1ed9t 7L Bear HMJ-A70C1 v\u1edbi dung t\u00edch 7L, \u0111\u1ed9ng c\u01a1 m\u1ea1nh m\u1ebd gi\u00fap b\u1ea1n nh\u00e0o b\u1ed9t l\u00e0m b\u00e1nh nhanh ch\u00f3ng v\u00e0 th\u1eadt \u0111\u01a1n gi\u1ea3n. Thi\u1ebft k\u1ebf th\u1eddi trang nh\u1ecf g\u1ecdn ph\u00f9 h\u1ee3p v\u1edbi m\u1ecdi c\u0103n b\u1ebfp, c\u00f9ng Bear Vi\u1ec7t Nam\u00a0tr\u1ea3i nghi\u1ec7m ngay\u00a0HMJ-A70C17L nh\u00e9. M\u00e1y Tr\u1ed9n B\u1ed9t 7L Bear HMJ-A70C1 \u0111\u00e3 c\u00f3 m\u1eb7t tr\u00ean [&#8230;]\n","protected":false},"featured_media":1855,"comment_status":"open","ping_status":"open","template":"","meta":{"_acf_changed":false,"inline_featured_image":false},"product_cat":[131,152],"product_tag":[],"class_list":{"0":"post-1838","1":"product","2":"type-product","3":"status-publish","4":"has-post-thumbnail","6":"product-brand-bear","7":"product_cat-do-gia-dung-nha-bep","8":"product_cat-do-lam-banh","10":"first","11":"outofstock","12":"sale","13":"purchasable","14":"product-type-variable"},"acf":[],"_links":{"self":[{"href":"https:\/\/demo9.thuythu.vn\/sube\/wp-json\/wp\/v2\/product\/1838"}],"collection":[{"href":"https:\/\/demo9.thuythu.vn\/sube\/wp-json\/wp\/v2\/product"}],"about":[{"href":"https:\/\/demo9.thuythu.vn\/sube\/wp-json\/wp\/v2\/types\/product"}],"replies":[{"embeddable":true,"href":"https:\/\/demo9.thuythu.vn\/sube\/wp-json\/wp\/v2\/comments?post=1838"}],"wp:featuredmedia":[{"embeddable":true,"href":"https:\/\/demo9.thuythu.vn\/sube\/wp-json\/wp\/v2\/media\/1855"}],"wp:attachment":[{"href":"https:\/\/demo9.thuythu.vn\/sube\/wp-json\/wp\/v2\/media?parent=1838"}],"wp:term":[{"taxonomy":"product_cat","embeddable":true,"href":"https:\/\/demo9.thuythu.vn\/sube\/wp-json\/wp\/v2\/product_cat?post=1838"},{"taxonomy":"product_tag","embeddable":true,"href":"https:\/\/demo9.thuythu.vn\/sube\/wp-json\/wp\/v2\/product_tag?post=1838"}],"curies":[{"name":"wp","href":"https:\/\/api.w.org\/{rel}","templated":true}]}}