{"id":1536,"date":"2024-12-15T03:13:34","date_gmt":"2024-12-14T20:13:34","guid":{"rendered":"https:\/\/demo9.thuythu.vn\/sube\/ch\u01b0a%20ph\u00e2n%20lo\u1ea1i\/bo-may-xay-cam-tay-da-nang-bear-jbq-b50e1\/"},"modified":"2024-12-18T10:39:12","modified_gmt":"2024-12-18T03:39:12","slug":"bo-may-xay-cam-tay-da-nang-bear-jbq-b50e1","status":"publish","type":"product","link":"https:\/\/demo9.thuythu.vn\/sube\/may-xay\/may-xay-an-dam\/jbq-b50e1.html","title":{"rendered":"B\u1ed9 m\u00e1y xay c\u1ea7m tay \u0111a n\u0103ng Bear JBQ-B50E1"},"content":{"rendered":"<p class=\"hrQhmh\">\u2714\ufe0f Ch\u1ea5t li\u1ec7u inox 304 ch\u1ed1ng g\u1ec9<\/p>\n<p class=\"hrQhmh\">\u2714\ufe0f C\u00f4ng su\u1ea5t 500W xay \u0111a n\u0103ng nhi\u1ec1u m\u00f3n<\/p>\n<p class=\"hrQhmh\">\u2714\ufe0f Gi\u1ea3m ti\u1ebfng \u1ed3n t\u1ed1i \u0111a<\/p>\n<p class=\"hrQhmh\">\u2714\ufe0f Thi\u1ebft k\u1ebf th\u00e1o r\u1eddi linh ho\u1ea1t, d\u1ec5 v\u1ec7 sinh<\/p>\n<p class=\"title\">TH\u00d4NG TIN S\u1ea2N PH\u1ea8M<\/p>\n<div class=\"col-inner\">\n<div class=\"col-inner\">\n<p>M\u00e1y xay c\u1ea7m tay \u0111a n\u0103ng Bear JBQ-B50E1 s\u1edf h\u1eefu thi\u1ebft k\u1ebf nh\u1ecf g\u1ecdn ph\u00f9 h\u1ee3p v\u1edbi m\u1ecdi nhu c\u1ea7u s\u1eed d\u1ee5ng c\u1ee7a b\u1ea1n. \u0110\u1eb7c bi\u1ec7t, m\u00e1y xay c\u1ea7m tay \u0111a n\u0103ng Bear JBQ-B50E1\u00a0c\u00f2n c\u00f3 3 c\u1ed1i xay ph\u00f9 h\u1ee3p nhi\u1ec1u m\u1ee5c \u0111\u00edch s\u1eed d\u1ee5ng, kh\u00f4ng ch\u1ee9a ch\u1ea5t \u0111\u1ed9c h\u1ea1i, r\u1ea5t an to\u00e0n v\u1edbi s\u1ee9c kh\u1ecfe ng\u01b0\u1eddi d\u00f9ng.\u00a0<img loading=\"lazy\" decoding=\"async\" class=\"alignnone wp-image-6154 size-full lazyloaded\" src=\"https:\/\/demo9.thuythu.vn\/sube\/wp-content\/uploads\/2024\/12\/2-web-1.jpg\" sizes=\"(max-width: 900px) 100vw, 900px\" srcset=\"https:\/\/demo9.thuythu.vn\/sube\/wp-content\/uploads\/2024\/12\/2-web-1.jpg 900w, https:\/\/demo9.thuythu.vn\/sube\/wp-content\/uploads\/2024\/12\/2-web-1-768x512-1.jpg 768w, https:\/\/demo9.thuythu.vn\/sube\/wp-content\/uploads\/2024\/12\/2-web-1-800x533-1.jpg 800w\" alt=\"\" width=\"900\" height=\"600\" data-ll-status=\"loaded\" \/><img loading=\"lazy\" decoding=\"async\" class=\"alignnone size-full wp-image-6155 lazyloaded\" src=\"https:\/\/demo9.thuythu.vn\/sube\/wp-content\/uploads\/2024\/12\/3-web.jpg\" sizes=\"(max-width: 900px) 100vw, 900px\" srcset=\"https:\/\/demo9.thuythu.vn\/sube\/wp-content\/uploads\/2024\/12\/3-web.jpg 900w, https:\/\/demo9.thuythu.vn\/sube\/wp-content\/uploads\/2024\/12\/3-web-768x512-1.jpg 768w, https:\/\/demo9.thuythu.vn\/sube\/wp-content\/uploads\/2024\/12\/3-web-800x533-1.jpg 800w\" alt=\"\" width=\"900\" height=\"600\" data-ll-status=\"loaded\" \/><img loading=\"lazy\" decoding=\"async\" class=\"alignnone size-full wp-image-6156 lazyloaded\" src=\"https:\/\/demo9.thuythu.vn\/sube\/wp-content\/uploads\/2024\/12\/4-web.jpg\" sizes=\"(max-width: 900px) 100vw, 900px\" srcset=\"https:\/\/demo9.thuythu.vn\/sube\/wp-content\/uploads\/2024\/12\/4-web.jpg 900w, https:\/\/demo9.thuythu.vn\/sube\/wp-content\/uploads\/2024\/12\/4-web-768x512-1.jpg 768w, https:\/\/demo9.thuythu.vn\/sube\/wp-content\/uploads\/2024\/12\/4-web-800x533-1.jpg 800w\" alt=\"\" width=\"900\" height=\"600\" data-ll-status=\"loaded\" \/><img loading=\"lazy\" decoding=\"async\" class=\"alignnone size-full wp-image-6157 lazyloaded\" src=\"https:\/\/demo9.thuythu.vn\/sube\/wp-content\/uploads\/2024\/12\/5-web.jpg\" sizes=\"(max-width: 900px) 100vw, 900px\" srcset=\"https:\/\/demo9.thuythu.vn\/sube\/wp-content\/uploads\/2024\/12\/5-web.jpg 900w, https:\/\/demo9.thuythu.vn\/sube\/wp-content\/uploads\/2024\/12\/5-web-768x512-1.jpg 768w, https:\/\/demo9.thuythu.vn\/sube\/wp-content\/uploads\/2024\/12\/5-web-800x533-1.jpg 800w\" alt=\"\" width=\"900\" height=\"600\" data-ll-status=\"loaded\" \/>\u00a0<img loading=\"lazy\" decoding=\"async\" class=\"alignnone size-medium wp-image-6158 lazyloaded\" src=\"https:\/\/demo9.thuythu.vn\/sube\/wp-content\/uploads\/2024\/12\/6-web.jpg\" sizes=\"(max-width: 900px) 100vw, 900px\" srcset=\"https:\/\/demo9.thuythu.vn\/sube\/wp-content\/uploads\/2024\/12\/6-web.jpg 900w, https:\/\/demo9.thuythu.vn\/sube\/wp-content\/uploads\/2024\/12\/6-web-768x512-1.jpg 768w, https:\/\/demo9.thuythu.vn\/sube\/wp-content\/uploads\/2024\/12\/6-web-800x533-1.jpg 800w\" alt=\"\" width=\"900\" height=\"600\" data-ll-status=\"loaded\" \/>\u00a0<img loading=\"lazy\" decoding=\"async\" class=\"alignnone size-medium wp-image-6159 lazyloaded\" src=\"https:\/\/demo9.thuythu.vn\/sube\/wp-content\/uploads\/2024\/12\/7-web.jpg\" sizes=\"(max-width: 900px) 100vw, 900px\" srcset=\"https:\/\/demo9.thuythu.vn\/sube\/wp-content\/uploads\/2024\/12\/7-web.jpg 900w, https:\/\/demo9.thuythu.vn\/sube\/wp-content\/uploads\/2024\/12\/7-web-768x512-1.jpg 768w, https:\/\/demo9.thuythu.vn\/sube\/wp-content\/uploads\/2024\/12\/7-web-800x533-1.jpg 800w\" alt=\"\" width=\"900\" height=\"600\" data-ll-status=\"loaded\" \/>\u00a0<img loading=\"lazy\" decoding=\"async\" class=\"alignnone size-medium wp-image-6160 lazyloaded\" src=\"https:\/\/demo9.thuythu.vn\/sube\/wp-content\/uploads\/2024\/12\/8-web.jpg\" sizes=\"(max-width: 900px) 100vw, 900px\" srcset=\"https:\/\/demo9.thuythu.vn\/sube\/wp-content\/uploads\/2024\/12\/8-web.jpg 900w, https:\/\/demo9.thuythu.vn\/sube\/wp-content\/uploads\/2024\/12\/8-web-768x512-1.jpg 768w, https:\/\/demo9.thuythu.vn\/sube\/wp-content\/uploads\/2024\/12\/8-web-800x533-1.jpg 800w\" alt=\"\" width=\"900\" height=\"600\" data-ll-status=\"loaded\" \/>\u00a0<img loading=\"lazy\" decoding=\"async\" class=\"alignnone size-medium wp-image-6161 lazyloaded\" src=\"https:\/\/demo9.thuythu.vn\/sube\/wp-content\/uploads\/2024\/12\/9-web.jpg\" sizes=\"(max-width: 900px) 100vw, 900px\" srcset=\"https:\/\/demo9.thuythu.vn\/sube\/wp-content\/uploads\/2024\/12\/9-web.jpg 900w, https:\/\/demo9.thuythu.vn\/sube\/wp-content\/uploads\/2024\/12\/9-web-768x512-1.jpg 768w, https:\/\/demo9.thuythu.vn\/sube\/wp-content\/uploads\/2024\/12\/9-web-800x533-1.jpg 800w\" alt=\"\" width=\"900\" height=\"600\" data-ll-status=\"loaded\" \/>\u00a0<img loading=\"lazy\" decoding=\"async\" class=\"alignnone size-medium wp-image-6162 lazyloaded\" src=\"https:\/\/demo9.thuythu.vn\/sube\/wp-content\/uploads\/2024\/12\/10-web.jpg\" sizes=\"(max-width: 900px) 100vw, 900px\" srcset=\"https:\/\/demo9.thuythu.vn\/sube\/wp-content\/uploads\/2024\/12\/10-web.jpg 900w, https:\/\/demo9.thuythu.vn\/sube\/wp-content\/uploads\/2024\/12\/10-web-768x512-1.jpg 768w, https:\/\/demo9.thuythu.vn\/sube\/wp-content\/uploads\/2024\/12\/10-web-800x533-1.jpg 800w\" alt=\"\" width=\"900\" height=\"600\" data-ll-status=\"loaded\" \/>\u00a0<img loading=\"lazy\" decoding=\"async\" class=\"alignnone size-medium wp-image-6163 lazyloaded\" src=\"https:\/\/demo9.thuythu.vn\/sube\/wp-content\/uploads\/2024\/12\/11-web.jpg\" sizes=\"(max-width: 900px) 100vw, 900px\" srcset=\"https:\/\/demo9.thuythu.vn\/sube\/wp-content\/uploads\/2024\/12\/11-web.jpg 900w, https:\/\/demo9.thuythu.vn\/sube\/wp-content\/uploads\/2024\/12\/11-web-768x512-1.jpg 768w, https:\/\/demo9.thuythu.vn\/sube\/wp-content\/uploads\/2024\/12\/11-web-800x533-1.jpg 800w\" alt=\"\" width=\"900\" height=\"600\" data-ll-status=\"loaded\" \/><\/p>\n<p>H\u01b0\u1edbng d\u1eabn s\u1eed d\u1ee5ng:<\/p>\n<p class=\"hrQhmh\">S\u1ee9c ch\u1ee9a t\u1ed1i \u0111a c\u1ee7a th\u1ecbt m\u1ed7i l\u1ea7n kh\u00f4ng \u0111\u01b0\u1ee3c v\u01b0\u1ee3t qu\u00e1 150gr.<\/p>\n<p class=\"hrQhmh\">M\u1ed7i l\u1ea7n kh\u00f4ng \u0111\u01b0\u1ee3c qu\u00e1 30 gi\u00e2y v\u00e0 ngh\u1ec9 2 ph\u00fat sau m\u1ed7i qu\u00e1 tr\u00ecnh.<\/p>\n<p class=\"hrQhmh\">Ho\u1ea1t \u0111\u1ed9ng v\u1edbi chu k\u1ef3 30 gi\u00e2y ngh\u1ec9 2 ph\u00fat, li\u00ean t\u1ee5c v\u1edbi 3 chu k\u1ef3 ph\u1ea3i c\u00e1ch nhau 30 ph\u00fat, sau khi \u0111\u1ed9ng c\u01a1 ngu\u1ed9i d\u1ea7n, r\u00fat ph\u00edch c\u1eafm \u0111i\u1ec7n khi ho\u00e0n th\u00e0nh xong.<\/p>\n<p class=\"hrQhmh\">C\u1ee5m dao c\u1eaft c\u00f3 th\u1ec3 th\u00e1o r\u1eddi, c\u1ee5m c\u1eafp c\u1ed1i xay kh\u00f4ng th\u00edch h\u1ee3p \u0111\u1ec3 \u0111\u01b0a v\u00e0o m\u00e1y r\u1eeda b\u00e1t. Kh\u00f4ng cho nhi\u1ec1u h\u01a1n 70ml n\u01b0\u1edbc ho\u1eb7c nguy\u00ean li\u1ec7u v\u00e0o c\u1ed1i xay \u0111\u1ec3 tr\u00e1nh bi\u1ebfn d\u1ea1ng nhi\u1ec7t v\u00e0 h\u01b0 h\u1ea1i.<\/p>\n<p class=\"hrQhmh\">*Khuy\u1ebfn c\u00e1o xay th\u1ef1c ph\u1ea9m:<\/p>\n<p class=\"hrQhmh\">Xay th\u1ecbt trong c\u1ed1i v\u1edbi t\u1ed1c \u0111\u1ed9 cao.<\/p>\n<p class=\"hrQhmh\">N\u00ean xay 100-150gr th\u1ecbt m\u1ed9t l\u1ea7n, th\u1eadm ch\u00ed t\u1ed1t h\u01a1n trong 15-30 gi\u00e2y.<\/p>\n<p class=\"hrQhmh\">Khi xay c\u00e0 r\u1ed1t, khoai t\u00e2y, \u1edbt v\u00e0 c\u00e1c th\u1ef1c ph\u1ea9m c\u1ee9ng v\u00e0 dai kh\u00e1c, n\u00ean s\u1eed d\u1ee5ng lo\u1ea1i t\u1ed1c \u0111\u1ed9 \u0111\u1ecbnh v\u1ecb cao, c\u00f4ng su\u1ea5t x\u1eed l\u00fd 100-150gr, th\u1eddi gian 10-15 gi\u00e2y l\u00e0 hi\u1ec7u qu\u1ea3 t\u1ed1t nh\u1ea5t.<\/p>\n<p class=\"hrQhmh\">Ch\u1ebf bi\u1ebfn c\u1ea7n t\u00e2y, b\u1eafp c\u1ea3i, l\u00e0 lo\u1ea1i nguy\u00ean li\u1ec7u kh\u00f4ng d\u1ec5 c\u1eaft, xay, h\u00e3y c\u1ed1 g\u1eafng x\u1eaft th\u00e0nh c\u00e1c \u0111o\u1ea1n nh\u1ecf, \u0111\u1ec3 \u1edf t\u1ed1c \u0111\u1ed9 cao, c\u00f4ng su\u1ea5t x\u1eed l\u00fd kh\u00f4ng d\u01b0\u1edbi 50 gr, th\u1eddi gian 10-20 gi\u00e2y c\u00f3 hi\u1ec7u qu\u1ea3 t\u1ed1t nh\u1ea5t.<\/p>\n<p class=\"hrQhmh\">C\u1ed1i xay nh\u1ecf c\u00e1c lo\u1ea1i th\u1ef1c ph\u1ea9m sau: th\u1ecbt b\u00f2 lo\u1ea1i t\u1ed1t kh\u00f4ng ch\u01b0a gluten, th\u1ecbt l\u1ee3n n\u1ea1c kh\u00f4ng da v\u00e0 m\u1ee1; g\u1eebng v\u00e0 t\u1ecfi t\u1ed1t \u0111\u1ec3 n\u1ea5u \u0103n, \u0111\u01b0\u1ee3c khuy\u00ean d\u00f9ng \u1edf c\u1ed1i xay ch\u1ebf \u0111\u1ed9 th\u1ea5p.<\/p>\n<\/div>\n<\/div>\n","protected":false},"excerpt":{"rendered":"<p>\u2714\ufe0f Ch\u1ea5t li\u1ec7u inox 304 ch\u1ed1ng g\u1ec9 \u2714\ufe0f C\u00f4ng su\u1ea5t 500W xay \u0111a n\u0103ng nhi\u1ec1u m\u00f3n \u2714\ufe0f Gi\u1ea3m ti\u1ebfng \u1ed3n t\u1ed1i \u0111a \u2714\ufe0f Thi\u1ebft k\u1ebf th\u00e1o r\u1eddi linh ho\u1ea1t, d\u1ec5 v\u1ec7 sinh TH\u00d4NG TIN S\u1ea2N PH\u1ea8M M\u00e1y xay c\u1ea7m tay \u0111a n\u0103ng Bear JBQ-B50E1 s\u1edf h\u1eefu thi\u1ebft k\u1ebf nh\u1ecf g\u1ecdn ph\u00f9 h\u1ee3p v\u1edbi m\u1ecdi nhu [&#8230;]\n","protected":false},"featured_media":1567,"comment_status":"open","ping_status":"closed","template":"","meta":{"_acf_changed":false,"inline_featured_image":false},"product_cat":[228,131],"product_tag":[],"class_list":{"0":"post-1536","1":"product","2":"type-product","3":"status-publish","4":"has-post-thumbnail","6":"product-brand-bear","7":"product_cat-may-xay-an-dam","8":"product_cat-do-gia-dung-nha-bep","10":"first","11":"instock","12":"sale","13":"purchasable","14":"product-type-variable","15":"has-default-attributes"},"acf":[],"_links":{"self":[{"href":"https:\/\/demo9.thuythu.vn\/sube\/wp-json\/wp\/v2\/product\/1536"}],"collection":[{"href":"https:\/\/demo9.thuythu.vn\/sube\/wp-json\/wp\/v2\/product"}],"about":[{"href":"https:\/\/demo9.thuythu.vn\/sube\/wp-json\/wp\/v2\/types\/product"}],"replies":[{"embeddable":true,"href":"https:\/\/demo9.thuythu.vn\/sube\/wp-json\/wp\/v2\/comments?post=1536"}],"wp:featuredmedia":[{"embeddable":true,"href":"https:\/\/demo9.thuythu.vn\/sube\/wp-json\/wp\/v2\/media\/1567"}],"wp:attachment":[{"href":"https:\/\/demo9.thuythu.vn\/sube\/wp-json\/wp\/v2\/media?parent=1536"}],"wp:term":[{"taxonomy":"product_cat","embeddable":true,"href":"https:\/\/demo9.thuythu.vn\/sube\/wp-json\/wp\/v2\/product_cat?post=1536"},{"taxonomy":"product_tag","embeddable":true,"href":"https:\/\/demo9.thuythu.vn\/sube\/wp-json\/wp\/v2\/product_tag?post=1536"}],"curies":[{"name":"wp","href":"https:\/\/api.w.org\/{rel}","templated":true}]}}