{"id":1833,"date":"2025-06-30T16:51:45","date_gmt":"2025-06-30T09:51:45","guid":{"rendered":"https:\/\/demo9.thuythu.vn\/sinhthaimoi\/?post_type=product&#038;p=1833"},"modified":"2025-07-28T09:48:14","modified_gmt":"2025-07-28T02:48:14","slug":"phan-bon-la-sinh-hoc-green-soil-humate-mt-humate-03","status":"publish","type":"product","link":"https:\/\/demo9.thuythu.vn\/sinhthaimoi\/san-pham\/dinh-duong-sinh-hoc\/humic-acid\/phan-bon-la-sinh-hoc-green-soil-humate-mt-humate-03\/","title":{"rendered":"Ph\u00e2n b\u00f3n l\u00e1 sinh h\u1ecdc Green Soil Humate (MT HUMATE 03)"},"content":{"rendered":"<h3><strong>\u0110\u1eb7c \u0111i\u1ec3m &amp; T\u00ednh n\u0103ng:<\/strong><\/h3>\n<p>Th\u00e0nh ph\u1ea7n: 60% Acid Humic, \u0110\u1ed9 \u1ea9m: 25%, pH H<sub>2<\/sub>O: 4<br \/>\nT\u00ednh n\u0103ng:<br \/>\n&#8211; B\u1ed5 sung \u0111\u1ea7y \u0111\u1ee7 d\u01b0\u1ee1ng ch\u1ea5t cho c\u00e2y tr\u1ed3ng<br \/>\n&#8211; Gi\u00fap cung c\u1ea5p c\u00e1c kho\u00e1ng ch\u1ea5t cho c\u00e2y tr\u1ed3ng, ra b\u00f4ng \u0111\u1ec1u, tr\u00e1i \u0111\u1eb9p, b\u1ec1n l\u00e2u.<br \/>\n&#8211; Ph\u1ee5c h\u1ed3i nhanh sau thu ho\u1ea1ch, k\u00edch th\u00edch b\u1ed9 r\u1ec5 ph\u00e1t tri\u1ec3n m\u1ea1nh.<br \/>\n&#8211; T\u00e1i t\u1ea1o h\u1ec7 sinh th\u00e1i \u0111\u1ea5t nh\u1edd c\u00e1c t\u1eadp \u0111o\u00e0n vi sinh v\u1eadt h\u1eefu \u00edch, tr\u1ea3 l\u1ea1i \u0111\u1ed9 ph\u00ec nhi\u00eau cho \u0111\u1ea5t sau qu\u00e1 tr\u00ecnh canh t\u00e1c.<br \/>\n&#8211; T\u0103ng kh\u1ea3 n\u0103ng h\u1ea5p thu dinh d\u01b0\u1ee1ng cho c\u00e2y tr\u1ed3ng nh\u1edd kh\u1ea3 n\u0103ng chuy\u1ec3n h\u00f3a c\u00e1c ch\u1ea5t v\u00f4 c\u01a1 t\u1ed3n d\u01b0 trong \u0111\u1ea5t.<br \/>\n&#8211; Cung c\u1ea5p k\u1ecbp th\u1eddi, \u0111\u1ea7y \u0111\u1ee7 d\u01b0\u1ee1ng ch\u1ea5t c\u1ea7n thi\u1ebft cho c\u00e2y tr\u1ed3ng c\u0103n c\u1ee9 tr\u00ean nhu c\u1ea7u c\u00e2n \u0111\u1ed1i, h\u1ee3p l\u00fd ph\u00e2n b\u00f3n nh\u1eb1m n\u00e2ng cao ch\u1ea5t l\u01b0\u1ee3ng n\u00f4ng s\u1ea3n<\/p>\n<h3><strong>H\u01b0\u1edbng d\u1eabn s\u1eed d\u1ee5ng:<\/strong><\/h3>\n<table width=\"754\">\n<tbody>\n<tr>\n<td width=\"125\"><strong>Lo\u1ea1i c\u00e2y tr\u1ed3ng<\/strong><\/td>\n<td width=\"165\"><strong>Li\u1ec1u l\u01b0\u1ee3ng\u00a0<\/strong><\/td>\n<td width=\"464\"><strong>Th\u1eddi \u0111i\u1ec3m v\u00e0 s\u1eed d\u1ee5ng<\/strong><\/td>\n<\/tr>\n<tr>\n<td width=\"125\">C\u00e2y l\u00faa<\/td>\n<td>1 &#8211; 2 Kg\/ha<\/td>\n<td width=\"464\">&#8211; Tr\u1ed9n v\u1edbi ph\u00e2n h\u1eefu c\u01a1 \u0111\u1ec3 b\u00f3n l\u00f3t tr\u01b0\u1edbc khi gieo s\u1ea1<br \/>\n&#8211; B\u00f3n th\u00fac: tr\u1ed9n v\u1edbi ph\u00e2n NPK ho\u1eb7c phun qua l\u00e1 giai \u0111o\u1ea1n 10 &#8211; 15 ng\u00e0y sau s\u1ea1<\/td>\n<\/tr>\n<tr>\n<td width=\"125\">C\u00e2y rau m\u00e0u v\u00e0 hoa<\/td>\n<td>1 &#8211; 2 Kg\/ha<\/td>\n<td width=\"464\">&#8211; Tr\u1ed9n v\u1edbi ph\u00e2n h\u1eefu c\u01a1 \u0111\u1ec3 b\u00f3n l\u00f3t<br \/>\n&#8211; B\u00f3n th\u00fac: ng\u00e2m 0.5 Kg\/ 500 l\u00edt n\u01b0\u1edbc \u0111\u1ec3 t\u01b0\u1edbi g\u1ed1c ho\u1eb7c phun qua l\u00e1 giai \u0111o\u1ea1n t\u1eeb 7 ng\u00e0y sau tr\u1ed3ng<\/td>\n<\/tr>\n<tr>\n<td width=\"125\">C\u00e2y c\u00f4ng nghi\u1ec7p ng\u1eafn ng\u00e0y<\/td>\n<td>1 &#8211; 2 Kg\/ha<\/td>\n<td width=\"464\">&#8211; Tr\u1ed9n v\u1edbi ph\u00e2n h\u1eefu c\u01a1 \u0111\u1ec3 b\u00f3n l\u00f3t<br \/>\n&#8211; B\u00f3n th\u00fac: ng\u00e2m 0.5 Kg\/ 500 l\u00edt n\u01b0\u1edbc \u0111\u1ec3 t\u01b0\u1edbi g\u1ed1c ho\u1eb7c phun qua l\u00e1 giai \u0111o\u1ea1n t\u1eeb 7 ng\u00e0y sau tr\u1ed3ng<\/td>\n<\/tr>\n<tr>\n<td width=\"125\">C\u00e2y c\u00f4ng nghi\u1ec7p d\u00e0i ng\u00e0y<\/td>\n<td>5 &#8211; 10 Kg\/ha<\/td>\n<td width=\"464\">&#8211; Tr\u1ed9n v\u1edbi ph\u00e2n h\u1eefu c\u01a1 \u0111\u1ec3 b\u00f3n ho\u1eb7c t\u01b0\u1edbi g\u1ed1c sau thu ho\u1ea1ch<br \/>\n&#8211; Ng\u00e2m 1 Kg Humic v\u1edbi 500 &#8211; 1.000\u00a0 l\u00edt n\u01b0\u1edbc \u0111\u1ec3 phun l\u00e1<\/td>\n<\/tr>\n<tr>\n<td width=\"125\">C\u00e2y \u0103n qu\u1ea3<\/td>\n<td>5 &#8211; 10 Kg\/ha<\/td>\n<td width=\"464\">&#8211; Tr\u1ed9n v\u1edbi ph\u00e2n h\u1eefu c\u01a1 \u0111\u1ec3 b\u00f3n ho\u1eb7c t\u01b0\u1edbi g\u1ed1c sau thu ho\u1ea1ch<br \/>\n&#8211; Ng\u00e2m 1 Kg Humic v\u1edbi 500 &#8211; 1.000\u00a0 l\u00edt n\u01b0\u1edbc \u0111\u1ec3 phun l\u00e1<\/td>\n<\/tr>\n<\/tbody>\n<\/table>\n<p>&nbsp;<\/p>\n<h3><strong>H\u01b0\u1edbng d\u1eabn an to\u00e0n:<\/strong><\/h3>\n<p>&#8211; \u0110\u1ec3 n\u01a1i kh\u00f4 r\u00e1o, tho\u00e1ng m\u00e1t, tr\u00e1nh \u00e1nh s\u00e1ng tr\u1ef1c ti\u1ebfp, xa t\u1ea7m tay tr\u1ebb em, kh\u00f4ng th\u1eed b\u1eb1ng mi\u1ec7ng<\/p>\n","protected":false},"excerpt":{"rendered":"<p>&#8211; H\u00e0m l\u01b0\u1ee3ng acid humic \u0111\u1eadm \u0111\u1eb7c, tan t\u1ed1t trong n\u01b0\u1edbc<br \/>\n&#8211; C\u1ea3i tao \u0111\u1ea5t, h\u1ea1n ch\u1ebf ng\u1ed9 \u0111\u1ed9c h\u1eefu c\u01a1, ng\u1ed9 \u0111\u1ed9c ph\u00e8n &#8211; m\u1eb7n<br \/>\n&#8211; Gi\u00fap c\u00e2y ra r\u1ec5 m\u1ea1nh, sinh tr\u01b0\u1edfng t\u1ed1t, ph\u1ee5c h\u1ed3i sau thu ho\u1ea1ch<br \/>\n&#8211; T\u0103ng c\u01b0\u1eddng kh\u1ea3 n\u0103ng h\u1ea5p thu dinh d\u01b0\u1ee1ng, ti\u1ebft ki\u1ec7m ph\u00e2n b\u00f3n<br \/>\nQuy c\u00e1ch: bao 10 Kg<\/p>\n","protected":false},"featured_media":1834,"template":"","meta":[],"product_brand":[],"product_cat":[29,160],"product_tag":[],"class_list":{"0":"post-1833","1":"product","2":"type-product","3":"status-publish","4":"has-post-thumbnail","6":"product_cat-dinh-duong-sinh-hoc","7":"product_cat-humic-acid","9":"first","10":"instock","11":"featured","12":"shipping-taxable","13":"purchasable","14":"product-type-variable"},"_links":{"self":[{"href":"https:\/\/demo9.thuythu.vn\/sinhthaimoi\/wp-json\/wp\/v2\/product\/1833","targetHints":{"allow":["GET"]}}],"collection":[{"href":"https:\/\/demo9.thuythu.vn\/sinhthaimoi\/wp-json\/wp\/v2\/product"}],"about":[{"href":"https:\/\/demo9.thuythu.vn\/sinhthaimoi\/wp-json\/wp\/v2\/types\/product"}],"wp:featuredmedia":[{"embeddable":true,"href":"https:\/\/demo9.thuythu.vn\/sinhthaimoi\/wp-json\/wp\/v2\/media\/1834"}],"wp:attachment":[{"href":"https:\/\/demo9.thuythu.vn\/sinhthaimoi\/wp-json\/wp\/v2\/media?parent=1833"}],"wp:term":[{"taxonomy":"product_brand","embeddable":true,"href":"https:\/\/demo9.thuythu.vn\/sinhthaimoi\/wp-json\/wp\/v2\/product_brand?post=1833"},{"taxonomy":"product_cat","embeddable":true,"href":"https:\/\/demo9.thuythu.vn\/sinhthaimoi\/wp-json\/wp\/v2\/product_cat?post=1833"},{"taxonomy":"product_tag","embeddable":true,"href":"https:\/\/demo9.thuythu.vn\/sinhthaimoi\/wp-json\/wp\/v2\/product_tag?post=1833"}],"curies":[{"name":"wp","href":"https:\/\/api.w.org\/{rel}","templated":true}]}}