{"id":557,"date":"2025-11-19T13:43:50","date_gmt":"2025-11-19T06:43:50","guid":{"rendered":"https:\/\/demo9.thuythu.vn\/shopbeheo\/?post_type=product&#038;p=557"},"modified":"2025-11-19T13:48:22","modified_gmt":"2025-11-19T06:48:22","slug":"ban-phim-co-hw108-3-mode-ket-noi-led-rgb-doi-mau-da-can-stab-antin-ghosting-full-phim","status":"publish","type":"product","link":"https:\/\/demo9.thuythu.vn\/shopbeheo\/ban-phim-co-hw108-3-mode-ket-noi-led-rgb-doi-mau-da-can-stab-antin-ghosting-full-phim\/","title":{"rendered":"B\u00e0n Ph\u00edm C\u01a1 HW108 &#8211; 3 Mode K\u1ebft N\u1ed1i &#8211; LED RGB \u0110\u1ed5i M\u00e0u &#8211; \u0110\u00e3 C\u00e2n Stab &#8211; Antin Ghosting Full Ph\u00edm"},"content":{"rendered":"<p>*** L\u01afU \u00dd :<br \/>\nKH\u00d4NG D\u00d9NG TR\u1ef0C TI\u1ebeP V\u1edaI \u0110I\u1ec6N THO\u1ea0I \u0110\u01af\u1ee2C M\u00c0 C\u1ea6N C\u00d3 C\u1ed4NG OTG CHUY\u1ec2N \u0110\u1ed4I \u0110T SANG C\u1ed4NG USB M\u1edaI C\u00d3 TH\u1ec2 D\u00d9NG .<\/p>\n<p><img loading=\"lazy\" decoding=\"async\" class=\"aligncenter wp-image-253 size-full\" src=\"https:\/\/demo9.thuythu.vn\/shopbeheo\/wp-content\/uploads\/2025\/11\/vn-11134208-7ra0g-m8vsiu2d32b276@resize_w1750_nl.webp\" alt=\"\" width=\"1024\" height=\"1024\" srcset=\"https:\/\/demo9.thuythu.vn\/shopbeheo\/wp-content\/uploads\/2025\/11\/vn-11134208-7ra0g-m8vsiu2d32b276@resize_w1750_nl.webp 1024w, https:\/\/demo9.thuythu.vn\/shopbeheo\/wp-content\/uploads\/2025\/11\/vn-11134208-7ra0g-m8vsiu2d32b276@resize_w1750_nl-400x400.webp 400w, https:\/\/demo9.thuythu.vn\/shopbeheo\/wp-content\/uploads\/2025\/11\/vn-11134208-7ra0g-m8vsiu2d32b276@resize_w1750_nl-800x800.webp 800w, https:\/\/demo9.thuythu.vn\/shopbeheo\/wp-content\/uploads\/2025\/11\/vn-11134208-7ra0g-m8vsiu2d32b276@resize_w1750_nl-300x300.webp 300w, https:\/\/demo9.thuythu.vn\/shopbeheo\/wp-content\/uploads\/2025\/11\/vn-11134208-7ra0g-m8vsiu2d32b276@resize_w1750_nl-768x768.webp 768w, https:\/\/demo9.thuythu.vn\/shopbeheo\/wp-content\/uploads\/2025\/11\/vn-11134208-7ra0g-m8vsiu2d32b276@resize_w1750_nl-600x600.webp 600w, https:\/\/demo9.thuythu.vn\/shopbeheo\/wp-content\/uploads\/2025\/11\/vn-11134208-7ra0g-m8vsiu2d32b276@resize_w1750_nl-100x100.webp 100w\" sizes=\"auto, (max-width: 1024px) 100vw, 1024px\" \/><\/p>\n<p>***** L\u01afU \u00dd : ch\u1ec9 s\u1eed d\u1ee5ng \u0111\u01b0\u1ee3c Led khi c\u1eafm tr\u1ef1c ti\u1ebfp v\u00e0o m\u00e1y t\u00ednh , n\u1ebfu c\u1eafm qua hub ho\u1eb7c OTG chuy\u1ec3n \u0111\u1ed5i ,Tivi, \u0111i\u1ec7n tho\u1ea1i ( c\u1ea7n OTG chuy\u1ec3n \u0111\u1ed5i ) , Macbook ( c\u1ea7n OTG chuy\u1ec3n \u0111\u1ed5i ) kh\u00f4ng s\u1eed d\u1ee5ng \u0111\u01b0\u1ee3c \u0111\u00e8n LED.<br \/>\n\u2022 B\u1eadt \/ T\u1eaft \u0111\u00e8n LED: B\u1ea5m ph\u00edm Scroll Lock tr\u00ean b\u00e0n ph\u00edm<br \/>\n\u2022 \u0110\u00e8n LED b\u00e0n ph\u00edm KH\u00d4NG nh\u1ea5p nh\u00e1y, ch\u1ec9 c\u00f3 ch\u1ebf \u0111\u1ed9 b\u1eadt LED ho\u1eb7c kh\u00f4ng LED.<br \/>\n\u2022 Chu\u1ed9t LED \u0111\u1ed5i m\u00e0u, kh\u00f4ng t\u1eaft \u0111\u01b0\u1ee3c \u0111\u00e8n LED chu\u1ed9t.<\/p>\n<p><img loading=\"lazy\" decoding=\"async\" class=\"aligncenter wp-image-255 size-full\" src=\"https:\/\/demo9.thuythu.vn\/shopbeheo\/wp-content\/uploads\/2025\/11\/vn-11134208-7ras8-m0jx2y6h3zzh68@resize_w1750_nl.webp\" alt=\"\" width=\"1696\" height=\"1696\" srcset=\"https:\/\/demo9.thuythu.vn\/shopbeheo\/wp-content\/uploads\/2025\/11\/vn-11134208-7ras8-m0jx2y6h3zzh68@resize_w1750_nl.webp 1696w, https:\/\/demo9.thuythu.vn\/shopbeheo\/wp-content\/uploads\/2025\/11\/vn-11134208-7ras8-m0jx2y6h3zzh68@resize_w1750_nl-400x400.webp 400w, https:\/\/demo9.thuythu.vn\/shopbeheo\/wp-content\/uploads\/2025\/11\/vn-11134208-7ras8-m0jx2y6h3zzh68@resize_w1750_nl-800x800.webp 800w, https:\/\/demo9.thuythu.vn\/shopbeheo\/wp-content\/uploads\/2025\/11\/vn-11134208-7ras8-m0jx2y6h3zzh68@resize_w1750_nl-300x300.webp 300w, https:\/\/demo9.thuythu.vn\/shopbeheo\/wp-content\/uploads\/2025\/11\/vn-11134208-7ras8-m0jx2y6h3zzh68@resize_w1750_nl-768x768.webp 768w, https:\/\/demo9.thuythu.vn\/shopbeheo\/wp-content\/uploads\/2025\/11\/vn-11134208-7ras8-m0jx2y6h3zzh68@resize_w1750_nl-1536x1536.webp 1536w, https:\/\/demo9.thuythu.vn\/shopbeheo\/wp-content\/uploads\/2025\/11\/vn-11134208-7ras8-m0jx2y6h3zzh68@resize_w1750_nl-600x600.webp 600w, https:\/\/demo9.thuythu.vn\/shopbeheo\/wp-content\/uploads\/2025\/11\/vn-11134208-7ras8-m0jx2y6h3zzh68@resize_w1750_nl-100x100.webp 100w\" sizes=\"auto, (max-width: 1696px) 100vw, 1696px\" \/><\/p>\n<p>\u272a \u0110\u1eb6C \u0110I\u1ec2M N\u1ed4I B\u1eacT:<br \/>\n&#8212;<br \/>\n\u2022 Ph\u00edm nh\u1ea1y v\u00e0 r\u1ea5t d\u1ec5 s\u1eed d\u1ee5ng<br \/>\n\u2022 Thi\u1ebft k\u1ebf hi\u1ec7n \u0111\u1ea1i, ki\u1ec3u d\u00e1ng th\u1eddi trang.<br \/>\n\u2022 C\u00f3 LED nhi\u1ec1u m\u00e0u \u1ea5n t\u01b0\u1ee3ng, ban \u0111\u00eam t\u1eaft \u0111i\u1ec7n v\u1eabn s\u1eed d\u1ee5ng b\u00e0n ph\u00edm b\u00ecnh th\u01b0\u1eddng.<br \/>\n\u2022 Chu\u1ed9t c\u1ea7m v\u1eeba tay ch\u1ed1ng m\u1ecfi, c\u00f3 \u0111\u1ed9 nh\u1ea1y cao, c\u00f3 th\u1ec3 t\u1ef1 \u0111\u1ed9ng \u0111\u1ed5i led<br \/>\n\u2022 C\u1ed5ng k\u1ebft n\u1ed1i: USB<br \/>\n\u2022 Lo\u1ea1i k\u1ebft n\u1ed1i: C\u00f3 d\u00e2y<br \/>\n\u2022 Ch\u1ea5t li\u1ec7u v\u1ecf: Nh\u1ef1a ABS b\u1ec1n<br \/>\n\u2022 K\u00edch th\u01b0\u1edbc b\u00e0n ph\u00edm: 44 x 12.7 x 3 (cm)<br \/>\n\u2022 K\u00edch th\u01b0\u1edbc chu\u1ed9t: 12.6 x 7 x 3.4 (cm)<br \/>\n\u272a B\u1ed8 S\u1ea2N PH\u1ea8M G\u1ed2M: Ph\u00edm v\u00e0 Chu\u1ed9t<br \/>\n#banphimled#banphim#phimchuot#chuotjcoday#chuot#led#chuotgaming<\/p>\n","protected":false},"excerpt":{"rendered":"<p>*** L\u01afU \u00dd : KH\u00d4NG D\u00d9NG TR\u1ef0C TI\u1ebeP V\u1edaI \u0110I\u1ec6N THO\u1ea0I \u0110\u01af\u1ee2C M\u00c0 C\u1ea6N C\u00d3 C\u1ed4NG OTG CHUY\u1ec2N \u0110\u1ed4I \u0110T SANG C\u1ed4NG USB M\u1edaI C\u00d3 TH\u1ec2 D\u00d9NG . ***** L\u01afU \u00dd : ch\u1ec9 s\u1eed d\u1ee5ng \u0111\u01b0\u1ee3c Led khi c\u1eafm tr\u1ef1c ti\u1ebfp v\u00e0o m\u00e1y t\u00ednh , n\u1ebfu c\u1eafm qua hub ho\u1eb7c OTG chuy\u1ec3n \u0111\u1ed5i ,Tivi, \u0111i\u1ec7n [&#8230;]\n","protected":false},"featured_media":560,"comment_status":"open","ping_status":"closed","template":"","meta":{"_acf_changed":false,"inline_featured_image":false},"product_brand":[65],"product_cat":[16,75,77,83,96],"product_tag":[],"class_list":{"0":"post-557","1":"product","2":"type-product","3":"status-publish","4":"has-post-thumbnail","6":"product_brand-oem","7":"product_cat-may-tinh-laptop","8":"product_cat-phu-kien-may-tinh","9":"product_cat-ban-phim-may-tinh","10":"product_cat-thiet-bi-dien-tu","11":"product_cat-thiet-bi-gia-dung","13":"first","14":"instock","15":"shipping-taxable","16":"purchasable","17":"product-type-simple"},"acf":[],"lang":"vi","translations":{"vi":557},"pll_sync_post":[],"_links":{"self":[{"href":"https:\/\/demo9.thuythu.vn\/shopbeheo\/wp-json\/wp\/v2\/product\/557","targetHints":{"allow":["GET"]}}],"collection":[{"href":"https:\/\/demo9.thuythu.vn\/shopbeheo\/wp-json\/wp\/v2\/product"}],"about":[{"href":"https:\/\/demo9.thuythu.vn\/shopbeheo\/wp-json\/wp\/v2\/types\/product"}],"replies":[{"embeddable":true,"href":"https:\/\/demo9.thuythu.vn\/shopbeheo\/wp-json\/wp\/v2\/comments?post=557"}],"wp:featuredmedia":[{"embeddable":true,"href":"https:\/\/demo9.thuythu.vn\/shopbeheo\/wp-json\/wp\/v2\/media\/560"}],"wp:attachment":[{"href":"https:\/\/demo9.thuythu.vn\/shopbeheo\/wp-json\/wp\/v2\/media?parent=557"}],"wp:term":[{"taxonomy":"product_brand","embeddable":true,"href":"https:\/\/demo9.thuythu.vn\/shopbeheo\/wp-json\/wp\/v2\/product_brand?post=557"},{"taxonomy":"product_cat","embeddable":true,"href":"https:\/\/demo9.thuythu.vn\/shopbeheo\/wp-json\/wp\/v2\/product_cat?post=557"},{"taxonomy":"product_tag","embeddable":true,"href":"https:\/\/demo9.thuythu.vn\/shopbeheo\/wp-json\/wp\/v2\/product_tag?post=557"}],"curies":[{"name":"wp","href":"https:\/\/api.w.org\/{rel}","templated":true}]}}