{"id":2249,"date":"2023-11-15T12:43:16","date_gmt":"2023-11-15T12:43:16","guid":{"rendered":"https:\/\/demo9.thuythu.vn\/sgc\/?page_id=1383"},"modified":"2023-11-27T15:32:52","modified_gmt":"2023-11-27T15:32:52","slug":"what-is-tooth-scaling-when-should-you-scale-your-teeth","status":"publish","type":"page","link":"https:\/\/demo9.thuythu.vn\/sgc\/en\/what-is-tooth-scaling-when-should-you-scale-your-teeth\/","title":{"rendered":"What is Tooth Scaling? When Should You Scale Your Teeth?"},"content":{"rendered":"<p>M\u1ed9t trong nh\u1eefng nguy\u00ean nh\u00e2n ch\u00ednh g\u00e2y ra nhi\u1ec1u b\u1ec7nh l\u00fd r\u0103ng mi\u1ec7ng nh\u01b0: vi\u00eam n\u01b0\u1edbu, vi\u00eam nha chu\u2026ch\u00ednh l\u00e0 v\u00f4i r\u0103ng. V\u1eady v\u00f4i r\u0103ng l\u00e0 g\u00ec? ch\u00fang ta c\u00f9ng t\u00ecm hi\u1ec3u nh\u00e9<\/p>\n<h2>1. V\u00d4I R\u0102NG L\u00c0 G\u00cc?<\/h2>\n<p>V\u00f4i r\u0103ng h\u00ecnh th\u00e0nh t\u1eeb nh\u1eefng m\u1ea3ng v\u1ee5n th\u1ee9c \u0103n c\u00f2n d\u01b0 th\u1eeba v\u00e0 ch\u01b0a \u0111\u01b0\u1ee3c l\u00e0m s\u1ea1ch tr\u00ean b\u1ec1 m\u1eb7t r\u0103ng ho\u1eb7c gi\u1eefa r\u0103ng v\u1edbi n\u01b0\u1edbu. Sau m\u1ed9t th\u1eddi gian, nh\u1eefng m\u1ea3ng b\u00e1m n\u00e0y s\u1ebd b\u1ecb v\u00f4i ho\u00e1 do kho\u00e1ng ch\u1ea5t c\u00f3 trong n\u01b0\u1edbc b\u1ecdt v\u00e0 tr\u1edf n\u00ean c\u1ee9ng h\u01a1n, kh\u00f4ng th\u1ec3 l\u00e0m s\u1ea1ch b\u1eb1ng b\u00e0n ch\u1ea3i b\u00ecnh th\u01b0\u1eddng.<\/p>\n<p>V\u00f4i r\u0103ng t\u1ea1o \u0111i\u1ec1u ki\u1ec7n thu\u1eadn l\u1ee3i cho c\u00e1c lo\u1ea1i vi khu\u1ea9n c\u00f3 h\u1ea1i cho r\u0103ng ph\u00e1t tri\u1ec3n, t\u1eeb \u0111\u00f3 g\u00e2y ra c\u00e1c b\u1ec7nh nh\u01b0: vi\u00eam n\u01b0\u1edbu, vi\u00eam nha chu\u2026 \u1ea3nh h\u01b0\u1edfng l\u1edbn \u0111\u1ebfn s\u1ee9c kh\u1ecfe r\u0103ng mi\u1ec7ng.<\/p>\n<p><img decoding=\"async\" loading=\"lazy\" class=\"alignnone size-full wp-image-1386\" src=\"https:\/\/demo9.thuythu.vn\/sgc\/wp-content\/uploads\/2023\/11\/voi-rang-la-gi.jpg\" alt=\"\" width=\"900\" height=\"600\" \/><\/p>\n<p style=\"text-align: center;\">V\u00f4i r\u0103ng l\u00e0 g\u00ec?<\/p>\n<h2>2. KHI N\u00c0O N\u00caN C\u1ea0O V\u00d4I R\u0102NG<\/h2>\n<ul>\n<li>\u0110\u1ed1i v\u1edbi kh\u00e1ch h\u00e0ng c\u00f3 s\u1ee9c kh\u1ecfe r\u0103ng mi\u1ec7ng t\u1ed1t, v\u00f4i r\u0103ng \u00edt n\u00ean \u0111\u1ebfn nha khoa \u0111\u1ec3 l\u1ea5y v\u00f4i r\u0103ng kho\u1ea3ng 6 th\u00e1ng\/l\u1ea7n.<\/li>\n<li>\u0110\u1ed1i v\u1edbi kh\u00e1ch h\u00e0ng c\u00f3 men r\u0103ng s\u1ea7n s\u00f9i, t\u00edch t\u1ee5 nhi\u1ec1u m\u1ea3ng b\u00e1m th\u1ee9c \u0103n d\u01b0 th\u1eeba do th\u01b0\u1eddng xuy\u00ean u\u1ed1ng tr\u00e0, c\u00e0 ph\u00ea, h\u00fat thu\u1ed1c\u2026 n\u00ean l\u1ea5y cao r\u0103ng 3-4 th\u00e1ng\/l\u1ea7n.<\/li>\n<\/ul>\n<p>N\u1ebfu \u0111\u1ec3 l\u00e2u ng\u00e0y kh\u00f4ng l\u1ea5y v\u00f4i r\u0103ng th\u00ec c\u00f3 th\u1ec3 g\u00e2y vi\u00eam n\u01b0\u1edbu, n\u1eb7ng h\u01a1n l\u00e0 vi\u00eam nha chu. V\u00f4i r\u0103ng c\u0169ng l\u00e0 th\u1ee7 ph\u1ea1m khi\u1ebfn cho h\u01a1i th\u1edf c\u1ee7a b\u1ea1n n\u1eb7ng m\u00f9i.<\/p>\n<p>Th\u01b0\u1eddng xuy\u00ean th\u0103m kh\u00e1m \u0111\u1ecbnh k\u1ef3 3 ho\u1eb7c 6 th\u00e1ng\/ l\u1ea7n c\u00f2n gi\u00fap cho kh\u00e1ch h\u00e0ng bi\u1ebft \u0111\u01b0\u1ee3c t\u00ecnh tr\u1ea1ng r\u0103ng mi\u1ec7ng hi\u1ec7n t\u1ea1i, s\u1edbm ph\u00e1t hi\u1ec7n c\u00e1c b\u1ec7nh l\u00fd v\u00e0 \u0111\u01b0\u1ee3c b\u00e1c \u0111i\u1ec1u tr\u1ecb k\u1ecbp th\u1eddi.<\/p>\n<h2><span data-sheets-value=\"{&quot;1&quot;:2,&quot;2&quot;:&quot;c\u1ea1o v\u00f4i r\u0103ng c\u00f3 t\u00e1c d\u1ee5ng g\u00ec&quot;}\" data-sheets-userformat=\"{&quot;2&quot;:15233,&quot;3&quot;:{&quot;1&quot;:0},&quot;10&quot;:2,&quot;11&quot;:0,&quot;12&quot;:0,&quot;14&quot;:{&quot;1&quot;:2,&quot;2&quot;:0},&quot;15&quot;:&quot;Calibri, sans-serif&quot;,&quot;16&quot;:11}\">3. C\u1ea0O V\u00d4I R\u0102NG C\u00d3 T\u00c1C D\u1ee4NG G\u00cc?<\/span><\/h2>\n<p><strong>L\u1ea5y cao v\u00f4i r\u0103ng<\/strong>\u00a0hay\u00a0<strong>c\u1ea1o v\u00f4i r\u0103ng<\/strong>\u00a0l\u00e0 quy tr\u00ecnh v\u1ec7 sinh s\u1ea1ch c\u00e1c v\u00f4i r\u0103ng, m\u1ea3ng b\u00e1m tr\u00ean n\u01b0\u1edbu b\u1eb1ng c\u00e1ch d\u00f9ng thi\u1ebft b\u1ecb c\u00f3 \u0111\u1ed9 rung s\u00f3ng si\u00eau \u00e2m \u0111\u1ec3 khi\u1ebfn ch\u00fang r\u1edbt ra. B\u1ea1n c\u00f3 th\u1ec3 m\u1eafc b\u1ec7nh vi\u00eam n\u01b0\u1edbu r\u0103ng n\u1ebfu kh\u00f4ng \u0111\u1ecbnh k\u1ef3 c\u1ea1o v\u00f4i r\u0103ng. \u0110\u00e2y l\u00e0 n\u1ec1n m\u00f3ng d\u1eabn \u0111\u1ebfn ph\u00e1t tri\u1ec3n vi\u00eam nha chu, c\u00f3 th\u1ec3 kh\u1ecfi b\u1ec7nh n\u1ebfu ti\u1ebfn h\u00e0nh \u0111i\u1ec1u tr\u1ecb s\u1edbm. Ng\u01b0\u1ee3c l\u1ea1i, c\u0103n b\u1ec7nh n\u00e0y c\u00f3 th\u1ec3 g\u00e2y m\u1ee7, ph\u00e2n h\u1ee7y c\u00e1c m\u00f4, lung lay r\u0103ng v\u00e0 g\u00e2y r\u1ee5ng r\u0103ng n\u1ebfu \u0111\u1ec3 t\u00ecnh tr\u1ea1ng vi\u00eam n\u01b0\u1edbu k\u00e9o d\u00e0i.<\/p>\n<h2>4. QUY TR\u00ccNH C\u1ea0O V\u00d4I R\u0102NG TI\u00caU CHU\u1ea8N<\/h2>\n<h3>4.1 Th\u0103m kh\u00e1m t\u1ed5ng qu\u00e1t<\/h3>\n<p>Tr\u01b0\u1edbc khi b\u1eaft \u0111\u1ea7u th\u1ef1c hi\u1ec7n b\u1ea5t k\u00ec k\u1ef9 thu\u1eadt nha khoa n\u00e0o d\u00f9 l\u00e0 \u0111\u01a1n gi\u1ea3n nh\u1ea5t, b\u00e1c s\u0129 c\u0169ng s\u1ebd ti\u1ebfn h\u00e0nh th\u0103m kh\u00e1m t\u1ed5ng qu\u00e1t t\u00ecnh h\u00ecnh s\u1ee9c kh\u1ecfe r\u0103ng mi\u1ec7ng c\u1ee7a kh\u00e1ch h\u00e0ng.<\/p>\n<h3>4.2 V\u1ec7 sinh khoang mi\u1ec7ng<\/h3>\n<p>Tr\u01b0\u1edbc khi ti\u1ebfn h\u00e0nh l\u1ea5y v\u00f4i r\u0103ng, kh\u00e1ch h\u00e0ng s\u1ebd \u0111\u01b0\u1ee3c v\u1ec7 sinh khoang mi\u1ec7ng s\u1ea1ch s\u1ebd b\u1eb1ng dung d\u1ecbch s\u00e1t khu\u1ea9n chuy\u00ean d\u1ee5ng. \u0110\u00e2y l\u00e0 b\u01b0\u1edbc c\u01a1 b\u1ea3n nh\u01b0ng l\u1ea1i v\u00f4 c\u00f9ng quan tr\u1ecdng nh\u1eb1m b\u1ea3o \u0111\u1ea3m khoang mi\u1ec7ng v\u00f4 khu\u1ea9n, ng\u0103n ch\u1eb7n t\u00ecnh tr\u1ea1ng vi\u00eam nhi\u1ec5m v\u00e0 tr\u00e1nh g\u1eb7p ph\u1ea3i c\u00e1c bi\u1ebfn ch\u1ee9ng kh\u00f4ng mong mu\u1ed1n.<\/p>\n<h3>4.3 C\u1ea1o v\u00f4i r\u0103ng<\/h3>\n<p>Tr\u01b0\u1edbc ti\u00ean, b\u00e1c s\u0129 s\u1ebd l\u00e0m s\u1ea1ch c\u00e1c m\u1ea3ng b\u00e1m d\u00ednh ch\u1eb7t tr\u00ean th\u00e2n r\u0103ng v\u00e0 c\u1ed5 r\u0103ng nh\u1eb1m lo\u1ea1i b\u1ecf ph\u1ea7n cao r\u0103ng n\u1eb1m s\u00e2u \u1edf b\u00ean d\u01b0\u1edbi n\u01b0\u1edbu, n\u01a1i m\u00e0 m\u1eaft th\u01b0\u1eddng kh\u00f4ng th\u1ea5y \u0111\u01b0\u1ee3c.<\/p>\n<p>B\u00e1c s\u0129 ti\u1ebfn h\u00e0nh l\u1ea5y cao r\u0103ng b\u1eb1ng c\u00f4ng ngh\u1ec7 si\u00eau \u00e2m kh\u00f4ng \u0111au v\u1edbi chuy\u1ec3n \u0111\u1ed9ng rung c\u1ee7a c\u00e1c b\u01b0\u1edbc s\u00f3ng l\u00ean to\u00e0n b\u1ed9 b\u1ec1 m\u1eb7t c\u00f3 m\u1ea3ng b\u00e1m th\u1ee9c \u0103n v\u00e0 vi khu\u1ea9n s\u1ebd \u0111\u01b0\u1ee3c lo\u1ea1i b\u1ecf s\u1ea1ch s\u1ebd ra kh\u1ecfi r\u0103ng v\u00e0 n\u01b0\u1edbu m\u1ed9t c\u00e1ch nhanh ch\u00f3ng, ngay c\u1ea3 khi ch\u00fang n\u1eb1m s\u00e2u d\u01b0\u1edbi n\u01b0\u1edbu hay trong c\u00e1c k\u1ebd r\u0103ng.<\/p>\n<h3>4.4 \u0110\u00e1nh b\u00f3ng r\u0103ng<\/h3>\n<p>\u1ede b\u01b0\u1edbc cu\u1ed1i c\u00f9ng trong quy tr\u00ecnh\u00a0<strong>c\u1ea1o v\u00f4i r\u0103ng<\/strong>, b\u00e1c s\u0129 s\u1ebd th\u1ef1c hi\u1ec7n lo\u1ea1i b\u1ecf s\u1ea1ch s\u1ebd nh\u1eefng v\u1ee5n cao r\u0103ng li ti c\u00f2n s\u00f3t l\u1ea1i v\u00e0 \u0111\u00e1nh b\u00f3ng b\u1ec1 m\u1eb7t r\u0103ng v\u1edbi ch\u1ed5i v\u00e0 thu\u1ed1c \u0111\u00e1nh b\u00f3ng chuy\u00ean d\u1ee5ng, gi\u00fap b\u1ec1 m\u1eb7t r\u0103ng tr\u1edf n\u00ean tr\u1eafng s\u00e1ng v\u00e0 nh\u1eb5n m\u1ecbn h\u01a1n. \u0110\u1ed3ng th\u1eddi tr\u00e1nh s\u1ef1 t\u00edch t\u1ee5 c\u1ee7a c\u1eb7n b\u00e3 th\u1ee9c \u0103n v\u00e0 vi khu\u1ea9n tr\u00ean r\u0103ng.<\/p>\n<p><img decoding=\"async\" loading=\"lazy\" class=\"alignnone size-full wp-image-1387\" src=\"https:\/\/demo9.thuythu.vn\/sgc\/wp-content\/uploads\/2023\/11\/quy-trinh-cao-voi-rang.jpg\" alt=\"\" width=\"900\" height=\"600\" \/><\/p>\n<p style=\"text-align: center;\">Quy tr\u00ecnh c\u1ea1o v\u00f4i r\u0103ng ti\u00eau chu\u1ea9n<\/p>\n<h2>5. NH\u1eeeNG L\u01afU \u00dd SAU KHI C\u1ea0O V\u00d4I R\u0102NG M\u00c0 B\u1ea0N N\u00caN BI\u1ebeT<\/h2>\n<p>Vi\u1ec7c \u0111\u00e1nh r\u0103ng h\u00e0ng ng\u00e0y ch\u1ec9 c\u00f3 th\u1ec3 l\u00e0m s\u1ea1ch khoang mi\u1ec7ng nh\u01b0ng kh\u00f4ng th\u1ec3 lo\u1ea1i b\u1ecf h\u1ebft nh\u1eefng m\u1ea3ng b\u00e1m c\u00f2n s\u00f3t l\u1ea1i. V\u00ec v\u1eady, sau khi\u00a0<strong>c\u1ea1o v\u00f4i r\u0103ng<\/strong>\u00a0theo \u0111\u1ecbnh k\u1ef3, kh\u00e1ch h\u00e0ng n\u00ean l\u01b0u \u00fd nh\u1eefng \u0111i\u1ec1u sau \u0111\u00e2y:<\/p>\n<ul>\n<li>\u0110\u00e1nh r\u0103ng th\u01b0\u1eddng xuy\u00ean sau m\u1ed7i b\u1eefa \u0103n.<\/li>\n<li>S\u1eed d\u1ee5ng ch\u1ec9 nha khoa, b\u00e0n ch\u1ea3i k\u1ebd r\u0103ng, n\u01b0\u1edbc s\u00fac mi\u1ec7ng\u2026 \u0111\u1ec3 lo\u1ea1i b\u1ecf s\u1ea1ch c\u00e1c m\u1ea3ng b\u00e1m th\u1ee9c \u0103n v\u00e0 ng\u0103n cao r\u0103ng h\u00ecnh th\u00e0nh.<\/li>\n<li>H\u1ea1n ch\u1ebf \u0111\u1ed3 \u0103n c\u00f3 nhi\u1ec1u \u0111\u01b0\u1eddng, \u0111\u1ed3 \u0103n v\u1eb7t. \u0110\u1ed3ng th\u1eddi u\u1ed1ng nhi\u1ec1u n\u01b0\u1edbc trong v\u00e0 sau b\u1eefa \u0103n \u0111\u1ec3 tr\u00e1nh t\u1ea1o m\u1ea3ng b\u00e1m cho r\u0103ng.<\/li>\n<li>Nghi\u00ean c\u1ee9u cho th\u1ea5y ng\u01b0\u1eddi h\u00fat thu\u1ed1c l\u00e1 r\u1ea5t d\u1ec5 h\u00ecnh th\u00e0nh v\u00f4i r\u0103ng, v\u00ec v\u1eady ph\u1ea3i h\u1ea1n ch\u1ebf t\u1ed1i \u0111a vi\u1ec7c h\u00fat thu\u1ed1c l\u00e1.<\/li>\n<\/ul>\n<p><img decoding=\"async\" loading=\"lazy\" class=\"alignnone size-full wp-image-1388\" src=\"https:\/\/demo9.thuythu.vn\/sgc\/wp-content\/uploads\/2023\/11\/nc-suc-mieng-chi-tam-nc.jpg\" alt=\"\" width=\"900\" height=\"600\" \/><\/p>\n<p style=\"text-align: center;\">\u0110\u00e1nh r\u0103ng th\u01b0\u1eddng xuy\u00ean sau m\u1ed7i b\u1eefa \u0103n<\/p>\n<h2>6. L\u1ea4Y V\u00d4I R\u0102NG NHI\u1ec0U C\u00d3 T\u1ed0T KH\u00d4NG?<\/h2>\n<p>L\u1ea5y v\u00f4i r\u0103ng s\u1ebd ph\u00e1t huy hi\u1ec7u q\u1ee7a n\u1ebfu th\u1ef1c hi\u1ec7n \u0111\u00fang nh\u01b0 ch\u1ec9 \u0111\u1ecbnh c\u1ee7a c\u00e1c b\u00e1c s\u0129, l\u00e0 ch\u1ec9 n\u00ean l\u1ea5y v\u00f4i r\u0103ng theo \u0111\u1ecbnh k\u1ef3 kho\u1ea3ng 3 \u0111\u1ebfn 6 th\u00e1ng\/1 l\u1ea7n. Kh\u00f4ng n\u00ean l\u1ea1m d\u1ee5ng \u0111\u1ec3 l\u1ea5y v\u00f4i r\u0103ng qu\u00e1 th\u01b0\u1eddng xuy\u00ean, \u0111\u1ec3 tr\u00e1nh \u1ea3nh h\u01b0\u1edfng \u0111\u1ebfn men r\u0103ng.<\/p>\n<h2>7. CHI PH\u00cd C\u1ea0O V\u00d4I R\u0102NG T\u1ea0I NHA KHOA I-DENT<\/h2>\n<table>\n<tbody>\n<tr class=\"caption\">\n<td style=\"text-align: center;\" colspan=\"2\"><strong>C\u1ea0O V\u00d4I R\u0102NG<\/strong><\/td>\n<\/tr>\n<tr>\n<td data-sheets-value=\"{&quot;1&quot;:2,&quot;2&quot;:&quot;C\u1ea1o v\u00f4i r\u0103ng v\u00e0 \u0111\u00e1nh b\u00f3ng 2 h\u00e0m (V\u00f4i r\u0103ng \u00edt)&quot;}\">C\u1ea1o v\u00f4i r\u0103ng v\u00e0 \u0111\u00e1nh b\u00f3ng 2 h\u00e0m (V\u00f4i r\u0103ng \u00edt)<\/td>\n<td data-sheets-value=\"{&quot;1&quot;:2,&quot;2&quot;:&quot;200.000 VN\u0110\/L\u1ea7n&quot;}\">200.000 VN\u0110\/L\u1ea7n<\/td>\n<\/tr>\n<tr>\n<td data-sheets-value=\"{&quot;1&quot;:2,&quot;2&quot;:&quot;C\u1ea1o v\u00f4i r\u0103ng v\u00e0 \u0111\u00e1nh b\u00f3ng 2 h\u00e0m (V\u00f4i r\u0103ng nhi\u1ec1u)&quot;}\">C\u1ea1o v\u00f4i r\u0103ng v\u00e0 \u0111\u00e1nh b\u00f3ng 2 h\u00e0m (V\u00f4i r\u0103ng nhi\u1ec1u)<\/td>\n<td data-sheets-value=\"{&quot;1&quot;:2,&quot;2&quot;:&quot;300.000 VN\u0110\/L\u1ea7n&quot;}\">300.000 VN\u0110\/L\u1ea7n<\/td>\n<\/tr>\n<tr>\n<td data-sheets-value=\"{&quot;1&quot;:2,&quot;2&quot;:&quot;C\u1ea1o v\u00f4i r\u0103ng v\u00e0 \u0111\u00e1nh b\u00f3ng 2 h\u00e0m (V\u00f4i r\u0103ng r\u1ea5t nhi\u1ec1u)&quot;}\">C\u1ea1o v\u00f4i r\u0103ng v\u00e0 \u0111\u00e1nh b\u00f3ng 2 h\u00e0m (V\u00f4i r\u0103ng r\u1ea5t nhi\u1ec1u)<\/td>\n<td data-sheets-value=\"{&quot;1&quot;:2,&quot;2&quot;:&quot;400.000 VN\u0110\/ 1-2 L\u1ea7n \u0111i\u1ec1u tr\u1ecb&quot;}\">400.000 VN\u0110\/ 1-2 L\u1ea7n \u0111i\u1ec1u tr\u1ecb<\/td>\n<\/tr>\n<\/tbody>\n<\/table>\n<h2>8. L\u00dd DO NHI\u1ec0U NG\u01af\u1edcI CH\u1eccN L\u1ea4Y V\u00d4I R\u0102NG T\u1ea0I NHA KHOA I- DENT<\/h2>\n<p>Nha khoa I-DENT t\u1ef1 h\u00e0o l\u00e0 m\u1ed9t trong nh\u1eefng \u0111\u1ecba ch\u1ec9 nha khoa uy t\u00edn v\u00e0 ch\u1ea5t l\u01b0\u1ee3ng h\u00e0ng \u0111\u1ea7u t\u1ea1i TP HCM, \u0111\u01b0\u1ee3c nhi\u1ec1u kh\u00e1ch h\u00e0ng trong v\u00e0 ngo\u00e0i n\u01b0\u1edbc bi\u1ebft \u0111\u1ebfn. V\u1eady, v\u00ec sao I-DENT l\u1ea1i x\u1ee9ng \u0111\u00e1ng l\u00e0 n\u01a1i \u0111\u1ec3 c\u00e1c kh\u00e1ch h\u00e0ng \u201cch\u1ecdn m\u1eb7t g\u1eedi v\u00e0ng?<\/p>\n<ul>\n<li>\u0110\u1ed9i ng\u0169 b\u00e1c s\u0129 v\u00e0 nh\u00e2n vi\u00ean lu\u00f4n l\u1ea5y ch\u1eef \u201cT\u00c2M\u201d l\u00e0m \u0111\u1ea7u. \u0110\u1ec1 cao Y \u0111\u1ee9c v\u00e0 lu\u00f4n t\u1eadn t\u00e2m \u0111\u1ec3 mang l\u1ea1i s\u1ef1 h\u00e0i l\u00f2ng tuy\u1ec7t \u0111\u1ed1i cho t\u1eebng kh\u00e1ch h\u00e0ng. Ch\u00ednh v\u00ec v\u1eady, m\u00e0 t\u1ea5t c\u1ea3 c\u00e1c thao t\u00e1c trong khi \u0111i\u1ec1u tr\u1ecb lu\u00f4n \u0111\u01b0\u1ee3c th\u1ef1c hi\u1ec7n r\u1ea5t kh\u00e9o l\u00e9o v\u00e0 nh\u1eb9 nh\u00e0ng, t\u1ea1o c\u1ea3m gi\u00e1c tho\u1ea3i m\u00e1i nh\u1ea5t cho kh\u00e1ch h\u00e0ng.<\/li>\n<li>Trang thi\u1ebft b\u1ecb hi\u1ec7n \u0111\u1ea1i \u0111\u01b0\u1ee3c nh\u1eadp kh\u1ea9u tr\u1ef1c ti\u1ebfp t\u1eeb ch\u00e2u \u00c2u.<\/li>\n<li>Khi th\u1ef1c hi\u1ec7n\u00a0<strong>c\u1ea1o v\u00f4i r\u0103ng<\/strong>\u00a0t\u1ea1i Nha khoa I-DENT, kh\u00e1ch h\u00e0ng s\u1ebd \u0111\u01b0\u1ee3c tr\u1ea3i nghi\u1ec7m kh\u00f4ng gian hi\u1ec7n \u0111\u1ea1i v\u00e0 ch\u1ea5t l\u01b0\u1ee3ng d\u1ecbch v\u1ee5 5 sao, \u0111\u01b0\u1ee3c ch\u0103m s\u00f3c v\u00e0 ph\u1ee5c v\u1ee5 t\u1ed1t nh\u1ea5t trong c\u1ea3 quy tr\u00ecnh \u0111i\u1ec1u tr\u1ecb.<\/li>\n<li>H\u1ec7 th\u1ed1ng ph\u00f2ng kh\u00e1m v\u00e0 \u0111i\u1ec1u tr\u1ecb t\u1ea1i Nha khoa I-DENT \u0111\u1ec1u v\u00f4 tr\u00f9ng theo \u0111\u00fang quy tr\u00ecnh c\u1ee7a B\u1ed9 Y T\u1ebf quy \u0111\u1ecbnh.<\/li>\n<li>Th\u00f4ng tin \u0111i\u1ec1u tr\u1ecb v\u00e0 chi ph\u00ed th\u1ef1c hi\u1ec7n \u0111\u1ec1u minh b\u1ea1ch, r\u00f5 r\u00e0ng \u0111\u1ec3 kh\u00e1ch h\u00e0ng an t\u00e2m th\u1ef1c hi\u1ec7n.<\/li>\n<li>Ch\u0103m s\u00f3c r\u0103ng nhanh ch\u00f3ng v\u00e0 an to\u00e0n v\u1edbi c\u00e1c b\u00e1c s\u0129 chuy\u00ean khoa<\/li>\n<\/ul>\n<div class=\"a-outstand\"> <div><a href=\"#\">Tr\u00e1m r\u0103ng th\u1ea9m m\u1ef9 <\/a>l\u00e0 g\u00ec? Nh\u1eefng tr\u01b0\u1eddng h\u1ee3p n\u00ean tr\u00e1m r\u0103ng<\/div> <\/div>\n","protected":false},"excerpt":{"rendered":"<p>M\u1ed9t trong nh\u1eefng nguy\u00ean nh\u00e2n ch\u00ednh g\u00e2y ra nhi\u1ec1u b\u1ec7nh l\u00fd r\u0103ng mi\u1ec7ng nh\u01b0: vi\u00eam n\u01b0\u1edbu, vi\u00eam nha chu\u2026ch\u00ednh l\u00e0 v\u00f4i r\u0103ng. V\u1eady v\u00f4i r\u0103ng l\u00e0 g\u00ec? ch\u00fang ta c\u00f9ng t\u00ecm hi\u1ec3u nh\u00e9 1. V\u00d4I R\u0102NG L\u00c0 G\u00cc? V\u00f4i r\u0103ng h\u00ecnh th\u00e0nh t\u1eeb nh\u1eefng m\u1ea3ng v\u1ee5n th\u1ee9c \u0103n c\u00f2n d\u01b0 th\u1eeba v\u00e0 ch\u01b0a \u0111\u01b0\u1ee3c l\u00e0m [&#8230;]\n","protected":false},"author":1,"featured_media":0,"parent":0,"menu_order":0,"comment_status":"closed","ping_status":"closed","template":"","meta":{"inline_featured_image":false,"footnotes":""},"acf":[],"lang":"en","translations":{"en":2249,"vi":1383},"pll_sync_post":[],"_links":{"self":[{"href":"https:\/\/demo9.thuythu.vn\/sgc\/wp-json\/wp\/v2\/pages\/2249"}],"collection":[{"href":"https:\/\/demo9.thuythu.vn\/sgc\/wp-json\/wp\/v2\/pages"}],"about":[{"href":"https:\/\/demo9.thuythu.vn\/sgc\/wp-json\/wp\/v2\/types\/page"}],"author":[{"embeddable":true,"href":"https:\/\/demo9.thuythu.vn\/sgc\/wp-json\/wp\/v2\/users\/1"}],"replies":[{"embeddable":true,"href":"https:\/\/demo9.thuythu.vn\/sgc\/wp-json\/wp\/v2\/comments?post=2249"}],"version-history":[{"count":1,"href":"https:\/\/demo9.thuythu.vn\/sgc\/wp-json\/wp\/v2\/pages\/2249\/revisions"}],"predecessor-version":[{"id":2267,"href":"https:\/\/demo9.thuythu.vn\/sgc\/wp-json\/wp\/v2\/pages\/2249\/revisions\/2267"}],"wp:attachment":[{"href":"https:\/\/demo9.thuythu.vn\/sgc\/wp-json\/wp\/v2\/media?parent=2249"}],"curies":[{"name":"wp","href":"https:\/\/api.w.org\/{rel}","templated":true}]}}