





{"id":641,"date":"2024-11-12T08:14:30","date_gmt":"2024-11-12T01:14:30","guid":{"rendered":"https:\/\/demo9.thuythu.vn\/remchenangmroto\/?post_type=product&#038;p=641"},"modified":"2024-11-30T08:16:11","modified_gmt":"2024-11-30T01:16:11","slug":"rem-che-nang-nam-cham-o-to-vinfast-fadil-cao-cap-4","status":"publish","type":"product","link":"https:\/\/demo9.thuythu.vn\/remchenangmroto\/san-pham\/rem-che-nang-nam-cham-o-to-vinfast-fadil-cao-cap-4\/","title":{"rendered":"R\u00e8m Che N\u1eafng Nam Ch\u00e2m \u00d4 T\u00f4 Vinfast Fadil Cao C\u1ea5p"},"content":{"rendered":"<h2>R\u00e8m Che N\u1eafng Nam Ch\u00e2m \u00d4 T\u00f4 Vinfast Fadil Cao C\u1ea5p TH\u01af\u01a0NG HI\u1ec6U MR \u00d4 T\u00d4<\/h2>\n<p><strong>Gi\u1edd \u0110\u00e2y Anh Em L\u00e1i Xe &amp; Ng\u01b0\u1eddi Th\u00e2n Kh\u00f4ng C\u00f2n Lo N\u1eafng Gay G\u1eaft, \u0110en Da &amp; B\u1ecb Tia Uv, Tia C\u1ef1c T\u00edm G\u00e2y Nguy H\u1ea1i S\u1ee9c Kho\u1ebb Sau Khi L\u1eafp R\u00e8m Che N\u1eafng \u00d4 T\u00f4 Thi\u1ebft K\u1ebf Theo Xe<\/strong><\/p>\n<p><iframe loading=\"lazy\" title=\"Su\u031b\u0323 Kha\u0301c Nhau Re\u0300m Loa\u0323i 1 MR O\u0302 To\u0302 Va\u0300 Re\u0300m Loa\u0323i 2\" width=\"1020\" height=\"574\" src=\"https:\/\/www.youtube.com\/embed\/3nGIxy9Ymi4?feature=oembed\" frameborder=\"0\" allow=\"accelerometer; autoplay; clipboard-write; encrypted-media; gyroscope; picture-in-picture; web-share\" referrerpolicy=\"strict-origin-when-cross-origin\" allowfullscreen><\/iframe><\/p>\n<p>Xe \u0110\u00e3 D\u00e1n Film X\u1ecbn Hay \u0110\u01b0\u1ee3c H\u00e3ng Xe D\u00e1n Film Khuy\u1ebfn M\u00e3i 100% \u0110\u1ec1u C\u0169ng Ph\u1ea3i G\u1eafn Th\u00eam R\u00e8m.<br \/>\nChe N\u1eafng Hi\u1ec7u Qu\u1ea3 \u0110\u1ebfn 90%, Gi\u1ea3m 85% Tia C\u1ef1c T\u00edm, Tia UV G\u00e2y H\u1ea1i Da &amp; M\u1eaft.<br \/>\nKhi G\u1eafn R\u00e8m L\u00ean Xe, R\u00e8m M\u00e0u \u0110en N\u00ean Th\u00eam 1 L\u1edbp Film C\u00e1ch Nhi\u1ec7t Gi\u00fap K\u00ednh Xe T\u1ed1i H\u01a1n, M\u00e1t H\u01a1n R\u1ea5t Nhi\u1ec1u.<br \/>\nKhung R\u00e8m V\u1eeba Kh\u00edt Khung C\u1eeda. Kh\u00e1ch H\u00e0ng D\u1ec3 D\u00e0ng T\u1ef1 M\u00ecnh L\u1eafp \u0110\u1eb7t Kh\u00f4ng Qu\u00e1 1 Ph\u00fat L\u00e0 Xong.<br \/>\nShip Cod To\u00e0n Qu\u1ed1c. \u0110\u01b0\u1ee3c Ki\u1ec3m Tra H\u00e0ng Tr\u01b0\u1edbc Khi Thanh To\u00e1n<\/p>\n<p><img loading=\"lazy\" decoding=\"async\" class=\"size-full wp-image-428 aligncenter\" src=\"https:\/\/demo9.thuythu.vn\/remchenangmroto\/wp-content\/uploads\/2024\/11\/image-37.jpg\" alt=\"\" width=\"956\" height=\"538\" srcset=\"https:\/\/demo9.thuythu.vn\/remchenangmroto\/wp-content\/uploads\/2024\/11\/image-37.jpg 956w, https:\/\/demo9.thuythu.vn\/remchenangmroto\/wp-content\/uploads\/2024\/11\/image-37-711x400.jpg 711w, https:\/\/demo9.thuythu.vn\/remchenangmroto\/wp-content\/uploads\/2024\/11\/image-37-768x432.jpg 768w, https:\/\/demo9.thuythu.vn\/remchenangmroto\/wp-content\/uploads\/2024\/11\/image-37-510x287.jpg 510w\" sizes=\"(max-width: 956px) 100vw, 956px\" \/><\/p>\n<p><img loading=\"lazy\" decoding=\"async\" class=\"size-full wp-image-429 aligncenter\" src=\"https:\/\/demo9.thuythu.vn\/remchenangmroto\/wp-content\/uploads\/2024\/11\/image-38.jpg\" alt=\"\" width=\"956\" height=\"538\" srcset=\"https:\/\/demo9.thuythu.vn\/remchenangmroto\/wp-content\/uploads\/2024\/11\/image-38.jpg 956w, https:\/\/demo9.thuythu.vn\/remchenangmroto\/wp-content\/uploads\/2024\/11\/image-38-711x400.jpg 711w, https:\/\/demo9.thuythu.vn\/remchenangmroto\/wp-content\/uploads\/2024\/11\/image-38-768x432.jpg 768w, https:\/\/demo9.thuythu.vn\/remchenangmroto\/wp-content\/uploads\/2024\/11\/image-38-510x287.jpg 510w\" sizes=\"(max-width: 956px) 100vw, 956px\" \/><\/p>\n<p><strong>H\u01a1n 17.537 Kh\u00e1ch H\u00e0ng \u0110\u00e3 S\u1eed D\u1ee5ng,Tin D\u00f9ng &amp; \u0110\u00e1nh Gi\u00e1 Hi\u1ec7u Qu\u1ea3 Nh\u01b0 Sau:<\/strong><\/p>\n<ul>\n<li>Xe \u0110\u00e3 D\u00e1n Film X\u1ecbn Hay \u0110\u01b0\u1ee3c H\u00e3ng Xe D\u00e1n Film Khuy\u1ebfn M\u00e3i 100% \u0110\u1ec1u C\u0169ng Ph\u1ea3i G\u1eafn Th\u00eam R\u00e8m.<\/li>\n<li>Che N\u1eafng Hi\u1ec7u Qu\u1ea3 \u0110\u1ebfn 90%, Gi\u1ea3m 85% Tia C\u1ef1c T\u00edm, Tia UV G\u00e2y H\u1ea1i Da &amp; M\u1eaft.<\/li>\n<li>Khi G\u1eafn R\u00e8m L\u00ean Xe, R\u00e8m M\u00e0u \u0110en N\u00ean Th\u00eam 1 L\u1edbp Film C\u00e1ch Nhi\u1ec7t Gi\u00fap K\u00ednh Xe T\u1ed1i H\u01a1n, M\u00e1t H\u01a1n R\u1ea5t Nhi\u1ec1u.<\/li>\n<li>Khung R\u00e8m V\u1eeba Kh\u00edt Khung C\u1eeda. Kh\u00e1ch H\u00e0ng D\u1ec3 D\u00e0ng T\u1ef1 M\u00ecnh L\u1eafp \u0110\u1eb7t Kh\u00f4ng Qu\u00e1 1 Ph\u00fat L\u00e0 Xong.<\/li>\n<li>L\u00ean K\u00ednh Hay H\u1ea1 K\u00ednh. R\u00e8m V\u1eabn Che \u0110\u01b0\u1ee3c N\u1eafng. L\u00fac H\u1ea1 K\u00ednh : Gi\u00f3 V\u1eabn V\u00e0o M\u00e0 C\u00f4n Tr\u00f9ng Kh\u00f4ng Bay V\u00e0o<\/li>\n<\/ul>\n<p>Ship Cod To\u00e0n Qu\u1ed1c. \u0110\u01b0\u1ee3c Ki\u1ec3m Tra H\u00e0ng Tr\u01b0\u1edbc Khi Thanh To\u00e1n<br \/>\n<strong>C\u1ea3nh B\u00e1o:<\/strong> R\u00e8m Lo\u1ea1i 1 C\u00f3 Ch\u1eef Mr \u00d4 T\u00f4 &amp; SDT 0977.33.43.53 Tr\u00ean R\u00e8m \u0110\u1ec3 Ph\u00e2n Bi\u1ec7t &amp; Li\u00ean H\u1ec7 B\u1ea3o H\u00e0nh 2 N\u0103m.<\/p>\n<p>\u0110\u1eb7t h\u00e0ng qua website ho\u1eb7c li\u00ean h\u1ec7 mua h\u00e0ng :<br \/>\n<strong>Hotline:<\/strong> Zalo + Facebook: Mr \u00d4 T\u00f4\u00a00968.794.686<br \/>\n<strong>Website:<\/strong> \u00a0mroto.vn<br \/>\n<strong>Chi nh\u00e1nh H\u00e0 N\u1ed9i:<\/strong> 376 Kh\u01b0\u01a1ng \u0110\u00ecnh &#8211; Thanh Xu\u00e2n &#8211; H\u00e0 N\u1ed9i<br \/>\n<strong>Chi nh\u00e1nh \u0110\u00e0 N\u1eb5ng:<\/strong> 04 Nguy\u1ec5n Khuy\u1ebfn &#8211; Li\u00ean Chi\u1ec3u &#8211; \u0110\u00e0 N\u1eb5ng<\/p>\n","protected":false},"excerpt":{"rendered":"<p>B\u1ed9 r\u00e8m che n\u1eafng \u00f4 t\u00f4 bao g\u1ed3m 4 t\u1ea5m che n\u1eafng nam ch\u00e2m \u0111\u01b0\u1ee3c thi\u1ebft k\u1ebf theo khung c\u00e1nh c\u1eeda. C\u00f3 t\u00edch h\u1ee3p s\u1eb5n nam ch\u00e2m \u1edf khung c\u1ee7a r\u00e8m che n\u1eafng.<\/p>\n","protected":false},"featured_media":430,"comment_status":"open","ping_status":"closed","template":"","meta":{"_acf_changed":false,"rank_math_lock_modified_date":false,"inline_featured_image":false},"product_cat":[138],"product_tag":[],"class_list":{"0":"post-641","1":"product","2":"type-product","3":"status-publish","4":"has-post-thumbnail","6":"thuong-hieu-mr-o-to","7":"dong-xe-vinfast","8":"product_cat-rem-che-nang-kinh-lai","10":"first","11":"instock","12":"shipping-taxable","13":"purchasable","14":"product-type-simple"},"acf":[],"lang":"vi","translations":{"vi":641},"pll_sync_post":[],"_links":{"self":[{"href":"https:\/\/demo9.thuythu.vn\/remchenangmroto\/wp-json\/wp\/v2\/product\/641"}],"collection":[{"href":"https:\/\/demo9.thuythu.vn\/remchenangmroto\/wp-json\/wp\/v2\/product"}],"about":[{"href":"https:\/\/demo9.thuythu.vn\/remchenangmroto\/wp-json\/wp\/v2\/types\/product"}],"replies":[{"embeddable":true,"href":"https:\/\/demo9.thuythu.vn\/remchenangmroto\/wp-json\/wp\/v2\/comments?post=641"}],"wp:featuredmedia":[{"embeddable":true,"href":"https:\/\/demo9.thuythu.vn\/remchenangmroto\/wp-json\/wp\/v2\/media\/430"}],"wp:attachment":[{"href":"https:\/\/demo9.thuythu.vn\/remchenangmroto\/wp-json\/wp\/v2\/media?parent=641"}],"wp:term":[{"taxonomy":"product_cat","embeddable":true,"href":"https:\/\/demo9.thuythu.vn\/remchenangmroto\/wp-json\/wp\/v2\/product_cat?post=641"},{"taxonomy":"product_tag","embeddable":true,"href":"https:\/\/demo9.thuythu.vn\/remchenangmroto\/wp-json\/wp\/v2\/product_tag?post=641"}],"curies":[{"name":"wp","href":"https:\/\/api.w.org\/{rel}","templated":true}]}}