{"id":3436,"date":"2024-01-25T15:15:51","date_gmt":"2024-01-25T08:15:51","guid":{"rendered":"https:\/\/demo9.thuythu.vn\/reeco\/?post_type=product&#038;p=3436"},"modified":"2024-01-25T15:18:11","modified_gmt":"2024-01-25T08:18:11","slug":"epic-epic-1000-series","status":"publish","type":"product","link":"https:\/\/demo9.thuythu.vn\/reeco\/san-pham\/epic-epic-1000-series\/","title":{"rendered":"EPIC \/ EPIC 1000 Series"},"content":{"rendered":"","protected":false},"excerpt":{"rendered":"<ul>\n<li>Model: EPIC \/ EPIC 1000 Series<\/li>\n<li>Manufacturer: Hiden Analytical<\/li>\n<\/ul>\n<p data-sourcepos=\"1:1-1:121\">H\u1ec7 th\u1ed1ng Hiden EPIC \u0111\u01b0\u1ee3c thi\u1ebft k\u1ebf \u0111\u1ec3 ph\u00e2n t\u00edch c\u00e1c nguy\u00ean t\u1eed trung h\u00f2a, g\u1ed1c t\u1ef1 do v\u00e0 ion. D\u1ef1a tr\u00ean h\u1ec7 th\u1ed1ng \u0111i\u1ec1u khi\u1ec3n PC c\u1ee7a giao di\u1ec7n RC7 Plasma\/SIMS, \u0111\u1ea7u ph\u00e2n t\u00edch EPIC l\u00e0 \u0111\u01a1n v\u1ecb kh\u1edfi \u0111\u1ea7u cho d\u00f2ng Plasma\/SIMS \u1ee9ng d\u1ee5ng khoa h\u1ecdc.<\/p>\n<p data-sourcepos=\"3:1-3:13\"><strong>\u1ee8ng d\u1ee5ng:<\/strong><\/p>\n<ul data-sourcepos=\"5:1-9:12\">\n<li data-sourcepos=\"5:1-5:17\">Khoa h\u1ecdc b\u1ec1 m\u1eb7t<\/li>\n<li data-sourcepos=\"6:1-6:30\">K\u1ef9 thu\u1eadt m\u00e0ng m\u1ecfng v\u00e0 b\u1ec1 m\u1eb7t<\/li>\n<li data-sourcepos=\"7:1-7:9\">X\u00fac t\u00e1c<\/li>\n<li data-sourcepos=\"8:1-8:25\">Nghi\u00ean c\u1ee9u ch\u00f9m ph\u00e2n t\u1eed<\/li>\n<li data-sourcepos=\"9:1-9:12\">Nghi\u00ean c\u1ee9u c\u1ee5m<\/li>\n<\/ul>\n","protected":false},"featured_media":3439,"comment_status":"open","ping_status":"closed","template":"","meta":[],"product_cat":[15],"product_tag":[],"acf":[],"lang":"vi","translations":{"vi":3436,"en":3441},"pll_sync_post":[],"_links":{"self":[{"href":"https:\/\/demo9.thuythu.vn\/reeco\/wp-json\/wp\/v2\/product\/3436"}],"collection":[{"href":"https:\/\/demo9.thuythu.vn\/reeco\/wp-json\/wp\/v2\/product"}],"about":[{"href":"https:\/\/demo9.thuythu.vn\/reeco\/wp-json\/wp\/v2\/types\/product"}],"replies":[{"embeddable":true,"href":"https:\/\/demo9.thuythu.vn\/reeco\/wp-json\/wp\/v2\/comments?post=3436"}],"wp:featuredmedia":[{"embeddable":true,"href":"https:\/\/demo9.thuythu.vn\/reeco\/wp-json\/wp\/v2\/media\/3439"}],"wp:attachment":[{"href":"https:\/\/demo9.thuythu.vn\/reeco\/wp-json\/wp\/v2\/media?parent=3436"}],"wp:term":[{"taxonomy":"product_cat","embeddable":true,"href":"https:\/\/demo9.thuythu.vn\/reeco\/wp-json\/wp\/v2\/product_cat?post=3436"},{"taxonomy":"product_tag","embeddable":true,"href":"https:\/\/demo9.thuythu.vn\/reeco\/wp-json\/wp\/v2\/product_tag?post=3436"}],"curies":[{"name":"wp","href":"https:\/\/api.w.org\/{rel}","templated":true}]}}