{"id":3426,"date":"2024-01-25T14:23:11","date_gmt":"2024-01-25T07:23:11","guid":{"rendered":"https:\/\/demo9.thuythu.vn\/reeco\/?post_type=product&#038;p=3426"},"modified":"2024-01-25T14:25:17","modified_gmt":"2024-01-25T07:25:17","slug":"imp-epd","status":"publish","type":"product","link":"https:\/\/demo9.thuythu.vn\/reeco\/san-pham\/imp-epd\/","title":{"rendered":"IMP-EPD"},"content":{"rendered":"","protected":false},"excerpt":{"rendered":"<ul>\n<li>Model: IMP-EPD<\/li>\n<li>Manufacturer: Hiden Analytical<\/li>\n<\/ul>\n<div>C\u1ea3m bi\u1ebfn \u0111\u1ea7u d\u00f2 ion milling HAL IMP-EPD c\u00f3 th\u1ec3 \u0111\u01b0\u1ee3c c\u1ea5u h\u00ecnh \u0111\u1ec3 ph\u00e1t hi\u1ec7n \u0111i\u1ec3m k\u1ebft th\u00fac th\u1ee7 c\u00f4ng ho\u1eb7c t\u1ef1 \u0111\u1ed9ng. H\u1ec7 th\u1ed1ng IMP-EPD l\u00e0 m\u00e1y ph\u00e2n t\u00edch kh\u1ed1i l\u01b0\u1ee3ng t\u1ee9 c\u1ef1c v\u1edbi quang h\u1ecdc ion v\u00e0 b\u1ed9 l\u1ecdc n\u0103ng l\u01b0\u1ee3ng t\u00edch h\u1ee3p \u0111\u1ec3 ph\u00e2n t\u00edch tr\u1ef1c ti\u1ebfp c\u00e1c ion th\u1ee9 c\u1ea5p t\u1eeb qu\u00e1 tr\u00ecnh kh\u1eafc. C\u00e1c ion th\u1ee9 c\u1ea5p cung c\u1ea5p th\u00f4ng tin ch\u00ednh x\u00e1c v\u1ec1 th\u00e0nh ph\u1ea7n l\u1edbp b\u1ec1 m\u1eb7t c\u1ee7a wafer theo th\u1eddi gian th\u1ef1c trong su\u1ed1t qu\u00e1 tr\u00ecnh kh\u1eafc.<\/div>\n<div><\/div>\n<div><strong>\u1ee8ng d\u1ee5ng:<\/strong><\/div>\n<ul>\n<li>Ph\u00e2n t\u00edch \u0111i\u1ec3m k\u1ebft th\u00fac<\/li>\n<li>X\u00e1c \u0111\u1ecbnh t\u1ea1p ch\u1ea5t m\u1ee5c ti\u00eau<\/li>\n<li>Ki\u1ec3m so\u00e1t ch\u1ea5t l\u01b0\u1ee3ng \/ SPC<\/li>\n<li>Ph\u00e2n t\u00edch kh\u00ed d\u01b0<\/li>\n<li>Ph\u00e1t hi\u1ec7n r\u00f2 r\u1ec9<\/li>\n<\/ul>\n","protected":false},"featured_media":3427,"comment_status":"open","ping_status":"closed","template":"","meta":[],"product_cat":[15],"product_tag":[],"acf":[],"lang":"vi","translations":{"vi":3426,"en":3429},"pll_sync_post":[],"_links":{"self":[{"href":"https:\/\/demo9.thuythu.vn\/reeco\/wp-json\/wp\/v2\/product\/3426"}],"collection":[{"href":"https:\/\/demo9.thuythu.vn\/reeco\/wp-json\/wp\/v2\/product"}],"about":[{"href":"https:\/\/demo9.thuythu.vn\/reeco\/wp-json\/wp\/v2\/types\/product"}],"replies":[{"embeddable":true,"href":"https:\/\/demo9.thuythu.vn\/reeco\/wp-json\/wp\/v2\/comments?post=3426"}],"wp:featuredmedia":[{"embeddable":true,"href":"https:\/\/demo9.thuythu.vn\/reeco\/wp-json\/wp\/v2\/media\/3427"}],"wp:attachment":[{"href":"https:\/\/demo9.thuythu.vn\/reeco\/wp-json\/wp\/v2\/media?parent=3426"}],"wp:term":[{"taxonomy":"product_cat","embeddable":true,"href":"https:\/\/demo9.thuythu.vn\/reeco\/wp-json\/wp\/v2\/product_cat?post=3426"},{"taxonomy":"product_tag","embeddable":true,"href":"https:\/\/demo9.thuythu.vn\/reeco\/wp-json\/wp\/v2\/product_tag?post=3426"}],"curies":[{"name":"wp","href":"https:\/\/api.w.org\/{rel}","templated":true}]}}