{"id":3383,"date":"2024-01-25T10:04:10","date_gmt":"2024-01-25T03:04:10","guid":{"rendered":"https:\/\/demo9.thuythu.vn\/reeco\/?post_type=product&#038;p=3383"},"modified":"2024-01-25T10:06:22","modified_gmt":"2024-01-25T03:06:22","slug":"hal-101x-rc","status":"publish","type":"product","link":"https:\/\/demo9.thuythu.vn\/reeco\/san-pham\/hal-101x-rc\/","title":{"rendered":"HAL 101X RC"},"content":{"rendered":"","protected":false},"excerpt":{"rendered":"<ul>\n<li>Model: HAL 101X RC<\/li>\n<li>Manufacturer: Hiden Analytical<\/li>\n<\/ul>\n<p data-sourcepos=\"1:1-1:384\">C\u00e1c h\u1ec7 th\u1ed1ng Hiden RGA \u0111\u01b0\u1ee3c thi\u1ebft k\u1ebf cho c\u00e1c \u1ee9ng d\u1ee5ng ph\u00e2n t\u00edch kh\u00ed d\u01b0, ph\u00e2n t\u00edch kh\u00ed v\u00e0 gi\u00e1m s\u00e1t qu\u00e1 tr\u00ecnh bao g\u1ed3m ph\u00e1t hi\u1ec7n r\u00f2 r\u1ec9, ph\u00e2n t\u00edch xu h\u01b0\u1edbng v\u00e0 kh\u1ea3o s\u00e1t ch\u00e2n kh\u00f4ng. HAL 101X RC l\u00e0 m\u1ed9t m\u00e1y ph\u00e2n t\u00edch chuy\u00ean d\u1ee5ng v\u1edbi c\u00e1c t\u00ednh n\u0103ng b\u1ed5 sung \u0111\u1ec3 ph\u00e2n t\u00edch \u0111\u1ecbnh l\u01b0\u1ee3ng th\u1eddi gian th\u1ef1c c\u00e1c h\u1ed7n h\u1ee3p kh\u00ed v\u00e0 h\u01a1i ph\u1ee9c t\u1ea1p trong c\u00e1c \u1ee9ng d\u1ee5ng nhi\u1ec7t h\u1ea1ch v\u00e0 m\u00f4i tr\u01b0\u1eddng ho\u1ea1t \u0111\u1ed9ng kh\u1eafc nghi\u1ec7t.<\/p>\n<p data-sourcepos=\"3:1-3:13\"><strong>\u1ee8ng d\u1ee5ng:<\/strong><\/p>\n<ul data-sourcepos=\"5:1-13:0\">\n<li data-sourcepos=\"5:1-5:23\">Nghi\u00ean c\u1ee9u nhi\u1ec7t h\u1ea1ch<\/li>\n<li data-sourcepos=\"6:1-6:18\">Ph\u00e2n t\u00edch kh\u00ed d\u01b0<\/li>\n<li data-sourcepos=\"7:1-7:17\">Ph\u00e1t hi\u1ec7n r\u00f2 r\u1ec9<\/li>\n<li data-sourcepos=\"8:1-8:9\">H\u1ea5p ph\u1ee5<\/li>\n<li data-sourcepos=\"9:1-9:22\">Nghi\u00ean c\u1ee9u tho\u00e1t kh\u00ed<\/li>\n<li data-sourcepos=\"10:1-10:16\">Chu tr\u00ecnh nung<\/li>\n<li data-sourcepos=\"11:1-11:15\">Hi\u1ec7u su\u1ea5t b\u01a1m<\/li>\n<li data-sourcepos=\"12:1-13:0\">Ch\u1ea5t g\u00e2y \u00f4 nhi\u1ec5m kh\u00ed trong qu\u00e1 tr\u00ecnh<\/li>\n<\/ul>\n","protected":false},"featured_media":3385,"comment_status":"open","ping_status":"closed","template":"","meta":[],"product_cat":[15],"product_tag":[],"acf":[],"lang":"vi","translations":{"vi":3383,"en":3386},"pll_sync_post":[],"_links":{"self":[{"href":"https:\/\/demo9.thuythu.vn\/reeco\/wp-json\/wp\/v2\/product\/3383"}],"collection":[{"href":"https:\/\/demo9.thuythu.vn\/reeco\/wp-json\/wp\/v2\/product"}],"about":[{"href":"https:\/\/demo9.thuythu.vn\/reeco\/wp-json\/wp\/v2\/types\/product"}],"replies":[{"embeddable":true,"href":"https:\/\/demo9.thuythu.vn\/reeco\/wp-json\/wp\/v2\/comments?post=3383"}],"wp:featuredmedia":[{"embeddable":true,"href":"https:\/\/demo9.thuythu.vn\/reeco\/wp-json\/wp\/v2\/media\/3385"}],"wp:attachment":[{"href":"https:\/\/demo9.thuythu.vn\/reeco\/wp-json\/wp\/v2\/media?parent=3383"}],"wp:term":[{"taxonomy":"product_cat","embeddable":true,"href":"https:\/\/demo9.thuythu.vn\/reeco\/wp-json\/wp\/v2\/product_cat?post=3383"},{"taxonomy":"product_tag","embeddable":true,"href":"https:\/\/demo9.thuythu.vn\/reeco\/wp-json\/wp\/v2\/product_tag?post=3383"}],"curies":[{"name":"wp","href":"https:\/\/api.w.org\/{rel}","templated":true}]}}