{"id":3364,"date":"2024-01-25T08:50:41","date_gmt":"2024-01-25T01:50:41","guid":{"rendered":"https:\/\/demo9.thuythu.vn\/reeco\/?post_type=product&#038;p=3364"},"modified":"2024-01-25T09:06:14","modified_gmt":"2024-01-25T02:06:14","slug":"tof-qsims-workstation","status":"publish","type":"product","link":"https:\/\/demo9.thuythu.vn\/reeco\/san-pham\/tof-qsims-workstation\/","title":{"rendered":"ToF-qSIMS Workstation"},"content":{"rendered":"","protected":false},"excerpt":{"rendered":"<ul>\n<li>Model: ToF-qSIMS<\/li>\n<li>Manufacturer: Hiden Analytical<\/li>\n<\/ul>\n<p data-sourcepos=\"1:1-1:13\"><strong>T\u00ednh n\u0103ng:<\/strong><\/p>\n<ul data-sourcepos=\"3:1-12:0\">\n<li data-sourcepos=\"3:1-3:20\">K\u00edch th\u01b0\u1edbc nh\u1ecf g\u1ecdn<\/li>\n<li data-sourcepos=\"4:1-4:31\">B\u1ed1 c\u1ee5c th\u00e2n thi\u1ec7n, d\u1ec5 s\u1eed d\u1ee5ng<\/li>\n<li data-sourcepos=\"5:1-5:17\">C\u1ea5u h\u00ecnh \u0111\u1ed9 s\u00e2u<\/li>\n<li data-sourcepos=\"6:1-6:39\">Ch\u1ec9 c\u1ea7n ngu\u1ed3n \u0111i\u1ec7n m\u1ed9t pha (d\u01b0\u1edbi 10A)<\/li>\n<li data-sourcepos=\"7:1-7:37\">K\u1ebft qu\u1ea3 d\u01b0\u01a1ng t\u00ednh v\u1edbi SIMS v\u00e0 SNMS<\/li>\n<li data-sourcepos=\"8:1-8:21\">Thi\u1ebft k\u1ebf xe di \u0111\u1ed9ng<\/li>\n<li data-sourcepos=\"9:1-9:26\">\u0110\u1eb7c tr\u01b0ng v\u00e0 h\u00ecnh \u1ea3nh 3D<\/li>\n<li data-sourcepos=\"10:1-10:10\">Ph\u1ed5 kh\u1ed1i<\/li>\n<li data-sourcepos=\"11:1-12:0\">Ph\u00e2n t\u00edch \u0111\u1ed3ng v\u1ecb<\/li>\n<\/ul>\n<p data-sourcepos=\"13:1-13:12\"><strong>\u1ee8ng d\u1ee5ng:<\/strong><\/p>\n<ul data-sourcepos=\"15:1-20:0\">\n<li data-sourcepos=\"15:1-15:62\">Ph\u00e2n t\u00edch c\u1ee5 th\u1ec3 l\u1edbp \u0111\u01a1n ph\u00e2n t\u1eed tr\u00ean c\u00f9ng c\u1ee7a nhi\u1ec5m silicon<\/li>\n<li data-sourcepos=\"16:1-16:100\">Stent ph\u1eabu thu\u1eadt: h\u00ecnh \u1ea3nh, c\u1ea5u h\u00ecnh \u0111\u1ed9 s\u00e2u v\u00e0 ph\u00e2n t\u00edch b\u1ec1 m\u1eb7t c\u1ee5 th\u1ec3 \u0111\u1ec3 \u0111\u1eb7c tr\u01b0ng cho b\u1ec1 m\u1eb7t g\u1ea7n<\/li>\n<li data-sourcepos=\"17:1-17:89\">Nhi\u1ec5m b\u1ea9n: h\u00ecnh \u1ea3nh v\u00e0 ph\u1ed5 kh\u1ed1i \u0111\u1ec3 x\u00e1c \u0111\u1ecbnh v\u1ecb tr\u00ed v\u00e0 nh\u1eadn d\u1ea1ng ch\u1ea5t g\u00e2y \u00f4 nhi\u1ec5m b\u1ec1 m\u1eb7t<\/li>\n<li data-sourcepos=\"18:1-18:91\">V\u1eadt li\u1ec7u h\u1ea1t nh\u00e2n: x\u00e1c \u0111\u1ecbnh c\u00e1c v\u1eadt li\u1ec7u gi\u00e0u \u0111\u1ed3ng v\u1ecb b\u1eb1ng ph\u1ed5 kh\u1ed1i th\u00e0nh ph\u1ea7n kh\u1ed1i l\u01b0\u1ee3ng<\/li>\n<li data-sourcepos=\"19:1-20:0\">D\u01b0\u1ee3c ph\u1ea9m: x\u00e1c \u0111\u1ecbnh t\u00edn hi\u1ec7u ph\u00e2n t\u1eed b\u1eb1ng SIMS t\u0129nh tr\u00ean b\u1ed9t<\/li>\n<\/ul>\n<p>&nbsp;<\/p>\n<p data-sourcepos=\"1:1-1:274\">\n","protected":false},"featured_media":3368,"comment_status":"open","ping_status":"closed","template":"","meta":[],"product_cat":[15],"product_tag":[],"acf":[],"lang":"vi","translations":{"vi":3364,"en":3365},"pll_sync_post":[],"_links":{"self":[{"href":"https:\/\/demo9.thuythu.vn\/reeco\/wp-json\/wp\/v2\/product\/3364"}],"collection":[{"href":"https:\/\/demo9.thuythu.vn\/reeco\/wp-json\/wp\/v2\/product"}],"about":[{"href":"https:\/\/demo9.thuythu.vn\/reeco\/wp-json\/wp\/v2\/types\/product"}],"replies":[{"embeddable":true,"href":"https:\/\/demo9.thuythu.vn\/reeco\/wp-json\/wp\/v2\/comments?post=3364"}],"wp:featuredmedia":[{"embeddable":true,"href":"https:\/\/demo9.thuythu.vn\/reeco\/wp-json\/wp\/v2\/media\/3368"}],"wp:attachment":[{"href":"https:\/\/demo9.thuythu.vn\/reeco\/wp-json\/wp\/v2\/media?parent=3364"}],"wp:term":[{"taxonomy":"product_cat","embeddable":true,"href":"https:\/\/demo9.thuythu.vn\/reeco\/wp-json\/wp\/v2\/product_cat?post=3364"},{"taxonomy":"product_tag","embeddable":true,"href":"https:\/\/demo9.thuythu.vn\/reeco\/wp-json\/wp\/v2\/product_tag?post=3364"}],"curies":[{"name":"wp","href":"https:\/\/api.w.org\/{rel}","templated":true}]}}