{"id":3302,"date":"2024-01-24T14:13:37","date_gmt":"2024-01-24T07:13:37","guid":{"rendered":"https:\/\/demo9.thuythu.vn\/reeco\/?post_type=product&#038;p=3302"},"modified":"2024-01-24T14:18:15","modified_gmt":"2024-01-24T07:18:15","slug":"he-thong-phan-tich-khi-di-dong-pqa","status":"publish","type":"product","link":"https:\/\/demo9.thuythu.vn\/reeco\/san-pham\/he-thong-phan-tich-khi-di-dong-pqa\/","title":{"rendered":"H\u1ec7 th\u1ed1ng ph\u00e2n t\u00edch kh\u00ed di \u0111\u1ed9ng pQA"},"content":{"rendered":"","protected":false},"excerpt":{"rendered":"<ul>\n<li>Model: pQA<\/li>\n<li>Manufacturer: Hiden Analytical<\/li>\n<\/ul>\n<p data-sourcepos=\"1:1-1:513\">H\u1ec7 th\u1ed1ng ph\u00e2n t\u00edch kh\u00ed x\u00e1ch tay Hiden pQA l\u00e0 m\u1ed9t m\u00e1y ph\u1ed5 kh\u1ed1i linh ho\u1ea1t \u0111\u01b0\u1ee3c cung c\u1ea5p v\u1edbi m\u1ed9t lo\u1ea1t c\u00e1c \u0111\u1ea7u v\u00e0o l\u1ea5y m\u1eabu c\u00f3 th\u1ec3 ho\u00e1n \u0111\u1ed5i \u0111\u1ec3 ph\u00f9 h\u1ee3p v\u1edbi nhi\u1ec1u \u1ee9ng d\u1ee5ng kh\u00e1c nhau. \u0110\u1ea7u v\u00e0o MIMS \u0111\u01b0\u1ee3c cung c\u1ea5p \u0111\u1ec3 ph\u00e2n t\u00edch c\u00e1c th\u00e0nh ph\u1ea7n h\u00f2a tan trong n\u01b0\u1edbc ng\u1ea7m, tr\u1ea7m t\u00edch, m\u00f4i tr\u01b0\u1eddng l\u00ean men, m\u1eabu \u0111\u1ea5t v\u00e0 c\u00e1c \u1ee9ng d\u1ee5ng chung kh\u00e1c khi c\u1ea7n ph\u00e2n t\u00edch c\u00e1c th\u00e0nh ph\u1ea7n h\u00f2a tan trong m\u1eabu l\u1ecfng. H\u1ec7 th\u1ed1ng ph\u00f9 h\u1ee3p v\u1edbi c\u00e1c \u1ee9ng d\u1ee5ng ph\u00e2n t\u00edch kh\u00ed, n\u01a1i kh\u1ed1i l\u01b0\u1ee3ng m\u1eabu nh\u1ecf v\u00e0 c\u00e1c \u1ee9ng d\u1ee5ng m\u00f4i tr\u01b0\u1eddng y\u00eau c\u1ea7u ph\u00e1t hi\u1ec7n m\u1ee9c n\u1ed3ng \u0111\u1ed9 th\u1ea5p.<\/p>\n<p data-sourcepos=\"3:1-3:13\"><strong>\u1ee8ng d\u1ee5ng:<\/strong><\/p>\n<ul data-sourcepos=\"5:1-14:0\">\n<li data-sourcepos=\"5:1-5:30\">Ph\u00e2n t\u00edch th\u00e0nh ph\u1ea7n h\u00f2a tan<\/li>\n<li data-sourcepos=\"6:1-6:12\">Hydro xanh<\/li>\n<li data-sourcepos=\"7:1-7:21\">Gi\u00e1m s\u00e1t m\u00f4i tr\u01b0\u1eddng<\/li>\n<li data-sourcepos=\"8:1-8:16\">Pin nhi\u00ean li\u1ec7u<\/li>\n<li data-sourcepos=\"9:1-9:42\">Ph\u00e2n t\u00edch kh\u00ed n\u00fai l\u1eeda, n\u01b0\u1edbc v\u00e0 tr\u1ea7m t\u00edch<\/li>\n<li data-sourcepos=\"10:1-10:14\">Kh\u00ed sinh h\u1ecdc<\/li>\n<li data-sourcepos=\"11:1-11:21\">Nghi\u00ean c\u1ee9u kh\u1eed nit\u01a1<\/li>\n<li data-sourcepos=\"12:1-12:22\">Nghi\u00ean c\u1ee9u n\u01b0\u1edbc ng\u1ea7m<\/li>\n<li data-sourcepos=\"13:1-14:0\">Ph\u00e2n t\u00edch n\u01b0\u1edbc th\u1ea3i &amp; b\u00f9n<\/li>\n<\/ul>\n","protected":false},"featured_media":3305,"comment_status":"open","ping_status":"closed","template":"","meta":[],"product_cat":[15],"product_tag":[],"acf":[],"lang":"vi","translations":{"vi":3302,"en":3306},"pll_sync_post":[],"_links":{"self":[{"href":"https:\/\/demo9.thuythu.vn\/reeco\/wp-json\/wp\/v2\/product\/3302"}],"collection":[{"href":"https:\/\/demo9.thuythu.vn\/reeco\/wp-json\/wp\/v2\/product"}],"about":[{"href":"https:\/\/demo9.thuythu.vn\/reeco\/wp-json\/wp\/v2\/types\/product"}],"replies":[{"embeddable":true,"href":"https:\/\/demo9.thuythu.vn\/reeco\/wp-json\/wp\/v2\/comments?post=3302"}],"wp:featuredmedia":[{"embeddable":true,"href":"https:\/\/demo9.thuythu.vn\/reeco\/wp-json\/wp\/v2\/media\/3305"}],"wp:attachment":[{"href":"https:\/\/demo9.thuythu.vn\/reeco\/wp-json\/wp\/v2\/media?parent=3302"}],"wp:term":[{"taxonomy":"product_cat","embeddable":true,"href":"https:\/\/demo9.thuythu.vn\/reeco\/wp-json\/wp\/v2\/product_cat?post=3302"},{"taxonomy":"product_tag","embeddable":true,"href":"https:\/\/demo9.thuythu.vn\/reeco\/wp-json\/wp\/v2\/product_tag?post=3302"}],"curies":[{"name":"wp","href":"https:\/\/api.w.org\/{rel}","templated":true}]}}