{"id":3278,"date":"2024-01-24T10:52:19","date_gmt":"2024-01-24T03:52:19","guid":{"rendered":"https:\/\/demo9.thuythu.vn\/reeco\/?post_type=product&#038;p=3278"},"modified":"2024-01-24T10:54:22","modified_gmt":"2024-01-24T03:54:22","slug":"hpr-70","status":"publish","type":"product","link":"https:\/\/demo9.thuythu.vn\/reeco\/san-pham\/hpr-70\/","title":{"rendered":"HPR-70"},"content":{"rendered":"","protected":false},"excerpt":{"rendered":"<ul>\n<li>Model: HPR 70<\/li>\n<li>Manufacturer: Hiden Analytical<\/li>\n<\/ul>\n<p data-sourcepos=\"1:1-1:100\">H\u1ec7 th\u1ed1ng HPR-70 l\u00e0 m\u1ed9t h\u1ec7 th\u1ed1ng ph\u00e2n t\u00edch kh\u00ed tr\u00ean b\u00e0n nh\u1ecf g\u1ecdn \u0111\u1ec3 ph\u00e2n t\u00edch c\u00e1c m\u1eabu kh\u00ed r\u1eddi r\u1ea1c.<\/p>\n<p data-sourcepos=\"3:1-3:12\"><strong>\u1ee8ng d\u1ee5ng<\/strong><\/p>\n<ul data-sourcepos=\"5:1-10:0\">\n<li data-sourcepos=\"5:1-5:25\">Nghi\u00ean c\u1ee9u th\u1ec3 t\u00edch k\u00edn<\/li>\n<li data-sourcepos=\"6:1-6:23\">Ph\u00e2n t\u00edch m\u1eabu r\u1eddi r\u1ea1c<\/li>\n<li data-sourcepos=\"7:1-7:21\">X\u00e1c \u0111\u1ecbnh \u0111\u1ecbnh l\u01b0\u1ee3ng<\/li>\n<li data-sourcepos=\"8:1-8:20\">Thu th\u1eadp m\u1eabu t\u1eeb xa<\/li>\n<li data-sourcepos=\"9:1-10:0\">Ph\u00e2n t\u00edch t\u1ea1i ch\u1ed7<\/li>\n<\/ul>\n","protected":false},"featured_media":3280,"comment_status":"open","ping_status":"closed","template":"","meta":[],"product_cat":[15],"product_tag":[],"acf":[],"lang":"vi","translations":{"vi":3278,"en":3281},"pll_sync_post":[],"_links":{"self":[{"href":"https:\/\/demo9.thuythu.vn\/reeco\/wp-json\/wp\/v2\/product\/3278"}],"collection":[{"href":"https:\/\/demo9.thuythu.vn\/reeco\/wp-json\/wp\/v2\/product"}],"about":[{"href":"https:\/\/demo9.thuythu.vn\/reeco\/wp-json\/wp\/v2\/types\/product"}],"replies":[{"embeddable":true,"href":"https:\/\/demo9.thuythu.vn\/reeco\/wp-json\/wp\/v2\/comments?post=3278"}],"wp:featuredmedia":[{"embeddable":true,"href":"https:\/\/demo9.thuythu.vn\/reeco\/wp-json\/wp\/v2\/media\/3280"}],"wp:attachment":[{"href":"https:\/\/demo9.thuythu.vn\/reeco\/wp-json\/wp\/v2\/media?parent=3278"}],"wp:term":[{"taxonomy":"product_cat","embeddable":true,"href":"https:\/\/demo9.thuythu.vn\/reeco\/wp-json\/wp\/v2\/product_cat?post=3278"},{"taxonomy":"product_tag","embeddable":true,"href":"https:\/\/demo9.thuythu.vn\/reeco\/wp-json\/wp\/v2\/product_tag?post=3278"}],"curies":[{"name":"wp","href":"https:\/\/api.w.org\/{rel}","templated":true}]}}