{"id":3269,"date":"2024-01-23T15:22:06","date_gmt":"2024-01-23T08:22:06","guid":{"rendered":"https:\/\/demo9.thuythu.vn\/reeco\/?post_type=product&#038;p=3269"},"modified":"2024-01-23T15:24:51","modified_gmt":"2024-01-23T08:24:51","slug":"hpr-40-dems","status":"publish","type":"product","link":"https:\/\/demo9.thuythu.vn\/reeco\/san-pham\/hpr-40-dems\/","title":{"rendered":"HPR-40 DEMS"},"content":{"rendered":"","protected":false},"excerpt":{"rendered":"<ul>\n<li>Model: HPR-40 DEMS<\/li>\n<li>Manufacturer: Hiden Analytical<\/li>\n<\/ul>\n<p data-sourcepos=\"5:1-5:238\">Hiden HPR-40 DEMS l\u00e0 m\u1ed9t thi\u1ebft b\u1ecb ph\u00e2n t\u00edch c\u00e1c th\u00e0nh ph\u1ea7n h\u00f2a tan trong \u0111i\u1ec7n h\u00f3a d\u1ea1ng t\u1ee7 \u0111\u1ee9ng ho\u1eb7c d\u1ea1ng xe di \u0111\u1ed9ng. H\u1ec7 th\u1ed1ng n\u00e0y c\u00f3 c\u1ea5u tr\u00fac m\u00f4-\u0111un v\u00e0 linh ho\u1ea1t, bao g\u1ed3m hai \u0111\u1ea7u v\u00e0o &#8216;DEMS&#8217; (Ph\u1ee5 ph\u1ed5 kh\u1ed1i l\u01b0\u1ee3ng \u0111i\u1ec7n h\u00f3a vi sai) ri\u00eang bi\u1ec7t:<\/p>\n<ul data-sourcepos=\"7:1-9:0\">\n<li data-sourcepos=\"7:1-7:50\">C\u1ee5 lo\u1ea1i A: D\u00e0nh cho nghi\u00ean c\u1ee9u v\u1eadt li\u1ec7u\/x\u00fac t\u00e1c.<\/li>\n<li data-sourcepos=\"8:1-9:0\">C\u1ee5 lo\u1ea1i B: D\u00e0nh cho nghi\u00ean c\u1ee9u ph\u1ea3n \u1ee9ng \u0111i\u1ec7n h\u00f3a.<\/li>\n<\/ul>\n<p data-sourcepos=\"10:1-10:13\"><strong>\u1ee8ng d\u1ee5ng:<\/strong><\/p>\n<ul data-sourcepos=\"12:1-19:0\">\n<li data-sourcepos=\"12:1-12:43\">DEMS (Ph\u1ee5 ph\u1ed5 kh\u1ed1i l\u01b0\u1ee3ng \u0111i\u1ec7n h\u00f3a vi sai)<\/li>\n<li data-sourcepos=\"13:1-13:9\">Kh\u1eed CO2<\/li>\n<li data-sourcepos=\"14:1-14:11\">\u0110i\u1ec7n ph\u00e2n<\/li>\n<li data-sourcepos=\"15:1-15:20\">Nghi\u00ean c\u1ee9u Cathode<\/li>\n<li data-sourcepos=\"16:1-16:28\">Ph\u00e1t tri\u1ec3n pin Lithium Ion<\/li>\n<li data-sourcepos=\"17:1-17:27\">Nghi\u00ean c\u1ee9u Pin nhi\u00ean li\u1ec7u<\/li>\n<li data-sourcepos=\"18:1-19:0\">Nghi\u00ean c\u1ee9u x\u00fac t\u00e1c \u0111i\u1ec7n h\u00f3a<\/li>\n<\/ul>\n","protected":false},"featured_media":3271,"comment_status":"open","ping_status":"closed","template":"","meta":[],"product_cat":[15],"product_tag":[],"acf":[],"lang":"vi","translations":{"vi":3269,"en":3272},"pll_sync_post":[],"_links":{"self":[{"href":"https:\/\/demo9.thuythu.vn\/reeco\/wp-json\/wp\/v2\/product\/3269"}],"collection":[{"href":"https:\/\/demo9.thuythu.vn\/reeco\/wp-json\/wp\/v2\/product"}],"about":[{"href":"https:\/\/demo9.thuythu.vn\/reeco\/wp-json\/wp\/v2\/types\/product"}],"replies":[{"embeddable":true,"href":"https:\/\/demo9.thuythu.vn\/reeco\/wp-json\/wp\/v2\/comments?post=3269"}],"wp:featuredmedia":[{"embeddable":true,"href":"https:\/\/demo9.thuythu.vn\/reeco\/wp-json\/wp\/v2\/media\/3271"}],"wp:attachment":[{"href":"https:\/\/demo9.thuythu.vn\/reeco\/wp-json\/wp\/v2\/media?parent=3269"}],"wp:term":[{"taxonomy":"product_cat","embeddable":true,"href":"https:\/\/demo9.thuythu.vn\/reeco\/wp-json\/wp\/v2\/product_cat?post=3269"},{"taxonomy":"product_tag","embeddable":true,"href":"https:\/\/demo9.thuythu.vn\/reeco\/wp-json\/wp\/v2\/product_tag?post=3269"}],"curies":[{"name":"wp","href":"https:\/\/api.w.org\/{rel}","templated":true}]}}