{"id":3191,"date":"2024-01-23T08:40:06","date_gmt":"2024-01-23T01:40:06","guid":{"rendered":"https:\/\/demo9.thuythu.vn\/reeco\/?post_type=product&#038;p=3191"},"modified":"2024-01-23T09:56:10","modified_gmt":"2024-01-23T02:56:10","slug":"may-phan-tich-hap-thu-hoi-dong-igasorp-accessories","status":"publish","type":"product","link":"https:\/\/demo9.thuythu.vn\/reeco\/san-pham\/may-phan-tich-hap-thu-hoi-dong-igasorp-accessories\/","title":{"rendered":"M\u00e1y ph\u00e2n t\u00edch h\u1ea5p th\u1ee5 h\u01a1i \u0111\u1ed9ng IGAsorp Accessories"},"content":{"rendered":"","protected":false},"excerpt":{"rendered":"<div>Model: IGAsorp Accessories<\/div>\n<div>Manufacturer: Hiden Isochema<\/div>\n<div><\/div>\n<div>\n<p><strong>C\u00f3 s\u1eb5n v\u1edbi nhi\u1ec1u t\u00f9y ch\u1ecdn v\u00e0 ph\u1ee5 ki\u1ec7n bao g\u1ed3m:<\/strong><\/p>\n<ul>\n<li style=\"font-weight: 400;\" aria-level=\"1\"><span style=\"font-weight: 400;\">K\u00ednh hi\u1ec3n vi video \u0111\u1ec3 ch\u1ee5p \u1ea3nh trong situ c\u00f3 \u0111\u1ed9 ph\u00e2n gi\u1ea3i cao<\/span><\/li>\n<li style=\"font-weight: 400;\" aria-level=\"1\"><span style=\"font-weight: 400;\">\u00d4 \u0111o t\u1ed1c \u0111\u1ed9 truy\u1ec1n h\u01a1i \u1ea9m (MVTR)<\/span><\/li>\n<li style=\"font-weight: 400;\" aria-level=\"1\"><span style=\"font-weight: 400;\">K\u1ebft h\u1ee3p k\u1ef9 thu\u1eadt v\u1edbi nhi\u1ec1u c\u00f4ng c\u1ee5 \u0111\u1eb7c tr\u01b0ng b\u1ed5 sung<\/span><\/li>\n<li style=\"font-weight: 400;\" aria-level=\"1\"><span style=\"font-weight: 400;\">Kh\u1ea3 n\u0103ng \u0111o l\u01b0\u1eddng h\u01a1i h\u1eefu c\u01a1<\/span><\/li>\n<li style=\"font-weight: 400;\" aria-level=\"1\"><span style=\"font-weight: 400;\">T\u00f9y ch\u1ecdn desorption nhi\u1ec7t t\u00edch h\u1ee3p cho TGA l\u00ean \u0111\u1ebfn 350 \u00b0C cho ph\u00e9p \u0111o h\u1ea5p ph\u1ee5 h\u01a1i \u2013 TGA li\u00ean ti\u1ebfp, t\u1ef1 \u0111\u1ed9ng<\/span><\/li>\n<li style=\"font-weight: 400;\" aria-level=\"1\"><span style=\"font-weight: 400;\">Ph\u1ea7n m\u1ec1m ti\u00ean ti\u1ebfn v\u1edbi giao di\u1ec7n ng\u01b0\u1eddi d\u00f9ng tr\u1ef1c quan v\u00e0 \u0111\u1ed3 h\u1ecda \u0111\u1ed9 ph\u00e2n gi\u1ea3i cao.<\/span><\/li>\n<li style=\"font-weight: 400;\" aria-level=\"1\"><span style=\"font-weight: 400;\">T\u00f9y ch\u1ecdn ph\u1ea7n m\u1ec1m tu\u00e2n th\u1ee7 21 CFR Ph\u1ea7n 11 b\u1ea3o m\u1eadt cao, v\u1edbi 3 c\u1ea5p \u0111\u1eb7c quy\u1ec1n ng\u01b0\u1eddi d\u00f9ng<\/span><\/li>\n<\/ul>\n<\/div>\n","protected":false},"featured_media":3205,"comment_status":"open","ping_status":"closed","template":"","meta":[],"product_cat":[15],"product_tag":[],"acf":[],"lang":"vi","translations":{"vi":3191,"en":3192},"pll_sync_post":[],"_links":{"self":[{"href":"https:\/\/demo9.thuythu.vn\/reeco\/wp-json\/wp\/v2\/product\/3191"}],"collection":[{"href":"https:\/\/demo9.thuythu.vn\/reeco\/wp-json\/wp\/v2\/product"}],"about":[{"href":"https:\/\/demo9.thuythu.vn\/reeco\/wp-json\/wp\/v2\/types\/product"}],"replies":[{"embeddable":true,"href":"https:\/\/demo9.thuythu.vn\/reeco\/wp-json\/wp\/v2\/comments?post=3191"}],"wp:featuredmedia":[{"embeddable":true,"href":"https:\/\/demo9.thuythu.vn\/reeco\/wp-json\/wp\/v2\/media\/3205"}],"wp:attachment":[{"href":"https:\/\/demo9.thuythu.vn\/reeco\/wp-json\/wp\/v2\/media?parent=3191"}],"wp:term":[{"taxonomy":"product_cat","embeddable":true,"href":"https:\/\/demo9.thuythu.vn\/reeco\/wp-json\/wp\/v2\/product_cat?post=3191"},{"taxonomy":"product_tag","embeddable":true,"href":"https:\/\/demo9.thuythu.vn\/reeco\/wp-json\/wp\/v2\/product_tag?post=3191"}],"curies":[{"name":"wp","href":"https:\/\/api.w.org\/{rel}","templated":true}]}}