{"id":3165,"date":"2024-01-22T15:24:20","date_gmt":"2024-01-22T08:24:20","guid":{"rendered":"https:\/\/demo9.thuythu.vn\/reeco\/?post_type=product&#038;p=3165"},"modified":"2024-01-22T15:35:39","modified_gmt":"2024-01-22T08:35:39","slug":"may-phan-tich-hap-phu-hoi-trong-luong-iga-002","status":"publish","type":"product","link":"https:\/\/demo9.thuythu.vn\/reeco\/san-pham\/may-phan-tich-hap-phu-hoi-trong-luong-iga-002\/","title":{"rendered":"M\u00e1y ph\u00e2n t\u00edch h\u1ea5p ph\u1ee5 h\u01a1i tr\u1ecdng l\u01b0\u1ee3ng IGA-002"},"content":{"rendered":"","protected":false},"excerpt":{"rendered":"<div>Model: IGA \u2013 002<\/div>\n<div>Manufacturer: Hiden Isochema<\/div>\n<div>\n<p data-sourcepos=\"1:1-1:18\">T\u00cdNH N\u0102NG CH\u00cdNH<\/p>\n<ul data-sourcepos=\"3:1-9:0\">\n<li data-sourcepos=\"3:1-3:83\">Th\u00edch h\u1ee3p s\u1eed d\u1ee5ng v\u1edbi nhi\u1ec1u lo\u1ea1i kh\u00ed, h\u01a1i, v\u1eadt li\u1ec7u v\u00e0 ph\u01b0\u01a1ng ph\u00e1p kh\u00e1c nhau.<\/li>\n<li data-sourcepos=\"4:1-4:51\">\u0110i\u1ec1u ch\u1ec9nh \u00e1p su\u1ea5t h\u01a1i ch\u1ee7 \u0111\u1ed9ng t\u1eeb 10-3 mbar.<\/li>\n<li data-sourcepos=\"5:1-5:48\">T\u00edch h\u1ee3p kh\u1ea3 n\u0103ng ch\u1ed1ng ng\u01b0ng t\u1ee5 \u0111\u1ebfn 50\u00b0C.<\/li>\n<li data-sourcepos=\"6:1-6:57\">\u0110\u1ed9 \u1ed5n \u0111\u1ecbnh nhi\u1ec7t \u0111\u1ed9 m\u1eabu cao v\u1edbi sai s\u1ed1 ch\u1ec9 \u00b10,02\u00b0C.<\/li>\n<li data-sourcepos=\"7:1-7:62\">\u0110\u1ed9 \u1ed5n \u0111\u1ecbnh l\u00e2u d\u00e0i v\u01b0\u1ee3t tr\u1ed9i v\u00e0 \u0111o tr\u1ecdng l\u01b0\u1ee3ng li\u00ean t\u1ee5c.<\/li>\n<li data-sourcepos=\"8:1-9:0\">Ph\u00e2n t\u00edch \u0111\u1ed9ng h\u1ecdc ti\u00ean ti\u1ebfn \u0111\u1ec3 x\u00e1c \u0111\u1ecbnh t\u1ed1c \u0111\u1ed9 h\u1ea5p ph\u1ee5 v\u00e0 h\u1ec7 s\u1ed1 khu\u1ebfch t\u00e1n.<\/li>\n<\/ul>\n<\/div>\n","protected":false},"featured_media":3162,"comment_status":"open","ping_status":"closed","template":"","meta":[],"product_cat":[15],"product_tag":[],"acf":[],"lang":"vi","translations":{"vi":3165,"en":3166},"pll_sync_post":[],"_links":{"self":[{"href":"https:\/\/demo9.thuythu.vn\/reeco\/wp-json\/wp\/v2\/product\/3165"}],"collection":[{"href":"https:\/\/demo9.thuythu.vn\/reeco\/wp-json\/wp\/v2\/product"}],"about":[{"href":"https:\/\/demo9.thuythu.vn\/reeco\/wp-json\/wp\/v2\/types\/product"}],"replies":[{"embeddable":true,"href":"https:\/\/demo9.thuythu.vn\/reeco\/wp-json\/wp\/v2\/comments?post=3165"}],"wp:featuredmedia":[{"embeddable":true,"href":"https:\/\/demo9.thuythu.vn\/reeco\/wp-json\/wp\/v2\/media\/3162"}],"wp:attachment":[{"href":"https:\/\/demo9.thuythu.vn\/reeco\/wp-json\/wp\/v2\/media?parent=3165"}],"wp:term":[{"taxonomy":"product_cat","embeddable":true,"href":"https:\/\/demo9.thuythu.vn\/reeco\/wp-json\/wp\/v2\/product_cat?post=3165"},{"taxonomy":"product_tag","embeddable":true,"href":"https:\/\/demo9.thuythu.vn\/reeco\/wp-json\/wp\/v2\/product_tag?post=3165"}],"curies":[{"name":"wp","href":"https:\/\/api.w.org\/{rel}","templated":true}]}}