{"id":3102,"date":"2024-01-22T10:04:53","date_gmt":"2024-01-22T03:04:53","guid":{"rendered":"https:\/\/demo9.thuythu.vn\/reeco\/?post_type=product&#038;p=3102"},"modified":"2024-01-22T10:07:48","modified_gmt":"2024-01-22T03:07:48","slug":"cam-bien-do-do-am-va-nhiet-do-hmp155","status":"publish","type":"product","link":"https:\/\/demo9.thuythu.vn\/reeco\/san-pham\/cam-bien-do-do-am-va-nhiet-do-hmp155\/","title":{"rendered":"C\u1ea3m bi\u1ebfn \u0111o \u0111\u1ed9 \u1ea9m v\u00e0 nhi\u1ec7t \u0111\u1ed9 HMP155"},"content":{"rendered":"","protected":false},"excerpt":{"rendered":"<p>Model: HMP155<br \/>\nH\u00e3ng SX: Vaisala \u2013 Ph\u1ea7n Lan<\/p>\n<h2 data-sourcepos=\"1:1-1:13\">T\u00ednh n\u0103ng:<\/h2>\n<ul data-sourcepos=\"3:1-13:0\">\n<li data-sourcepos=\"3:1-3:61\">C\u1ea3m bi\u1ebfn Vaisala HUMICAP\u00ae180R: \u0111\u1ed9 \u1ed5n \u0111\u1ecbnh v\u01b0\u1ee3t tr\u1ed9i l\u00e2u d\u00e0i<\/li>\n<li data-sourcepos=\"4:1-4:56\">T\u00f9y ch\u1ecdn \u0111\u1ea7u d\u00f2 \u0111\u1ed9 \u1ea9m \u0111\u01b0\u1ee3c l\u00e0m \u1ea5m v\u00e0 thanh l\u1ecdc h\u00f3a h\u1ecdc<\/li>\n<li data-sourcepos=\"5:1-5:13\">C\u1eafm l\u00e0 ch\u1ea1y<\/li>\n<li data-sourcepos=\"6:1-6:34\">K\u1ebft n\u1ed1i USB cho m\u1ee5c \u0111\u00edch d\u1ecbch v\u1ee5<\/li>\n<li data-sourcepos=\"7:1-7:67\">S\u1eed d\u1ee5ng v\u1edbi m\u00e0n ch\u1eafn b\u1ee9c x\u1ea1 DTR13 v\u00e0 DTR503 v\u00e0 m\u00e0n ch\u1eafn Stevenson<\/li>\n<li data-sourcepos=\"8:1-8:25\">V\u1ecf ch\u1ed1ng th\u1eddi ti\u1ebft IP66<\/li>\n<li data-sourcepos=\"9:1-9:33\">T\u00f9y ch\u1ecdn, \u0111\u1ea7u d\u00f2 nhi\u1ec7t \u0111\u1ed9 nhanh<\/li>\n<li data-sourcepos=\"10:1-10:67\">Kh\u1ea3 n\u0103ng xu\u1ea5t t\u00edn hi\u1ec7u kh\u00e1c nhau: \u0111i\u1ec7n \u00e1p, RS-485, Pt100 \u0111i\u1ec7n tr\u1edf<\/li>\n<li data-sourcepos=\"10:1-10:67\">\u1ee8ng d\u1ee5ng: kh\u00ed t\u01b0\u1ee3ng, h\u00e0ng kh\u00f4ng v\u00e0 th\u1eddi ti\u1ebft \u0111\u01b0\u1eddng b\u1ed9, thi\u1ebft b\u1ecb \u0111o \u0111\u1ea1c<\/li>\n<\/ul>\n","protected":false},"featured_media":3107,"comment_status":"open","ping_status":"closed","template":"","meta":[],"product_cat":[15],"product_tag":[],"acf":[],"lang":"vi","translations":{"vi":3102,"en":3111},"pll_sync_post":[],"_links":{"self":[{"href":"https:\/\/demo9.thuythu.vn\/reeco\/wp-json\/wp\/v2\/product\/3102"}],"collection":[{"href":"https:\/\/demo9.thuythu.vn\/reeco\/wp-json\/wp\/v2\/product"}],"about":[{"href":"https:\/\/demo9.thuythu.vn\/reeco\/wp-json\/wp\/v2\/types\/product"}],"replies":[{"embeddable":true,"href":"https:\/\/demo9.thuythu.vn\/reeco\/wp-json\/wp\/v2\/comments?post=3102"}],"wp:featuredmedia":[{"embeddable":true,"href":"https:\/\/demo9.thuythu.vn\/reeco\/wp-json\/wp\/v2\/media\/3107"}],"wp:attachment":[{"href":"https:\/\/demo9.thuythu.vn\/reeco\/wp-json\/wp\/v2\/media?parent=3102"}],"wp:term":[{"taxonomy":"product_cat","embeddable":true,"href":"https:\/\/demo9.thuythu.vn\/reeco\/wp-json\/wp\/v2\/product_cat?post=3102"},{"taxonomy":"product_tag","embeddable":true,"href":"https:\/\/demo9.thuythu.vn\/reeco\/wp-json\/wp\/v2\/product_tag?post=3102"}],"curies":[{"name":"wp","href":"https:\/\/api.w.org\/{rel}","templated":true}]}}