{"id":3094,"date":"2024-01-22T09:36:48","date_gmt":"2024-01-22T02:36:48","guid":{"rendered":"https:\/\/demo9.thuythu.vn\/reeco\/?post_type=product&#038;p=3094"},"modified":"2024-01-22T09:38:54","modified_gmt":"2024-01-22T02:38:54","slug":"bo-do-gio-wa15","status":"publish","type":"product","link":"https:\/\/demo9.thuythu.vn\/reeco\/san-pham\/bo-do-gio-wa15\/","title":{"rendered":"B\u1ed9 \u0111o gi\u00f3 WA15"},"content":{"rendered":"","protected":false},"excerpt":{"rendered":"<p>Model: WA15<br \/>\nH\u00e3ng SX: Vaisala \u2013 Ph\u1ea7n Lan<\/p>\n<div><strong>T\u00ednh n\u0103ng<\/strong><\/div>\n<ul>\n<li>H\u1ec7 th\u1ed1ng \u0111\u01b0\u1ee3c thi\u1ebft k\u1ebf t\u1ed1i \u01b0u \u0111\u1ec3 c\u00f3 \u0111\u1ed9 ch\u00ednh x\u00e1c v\u00e0 \u0111\u1ed9 tin c\u1eady cao trong vi\u1ec7c \u0111o gi\u00f3<\/li>\n<li>\u0110o t\u1ed1c \u0111\u1ed9 v\u00e0 h\u01b0\u1edbng gi\u00f3 ch\u00ednh x\u00e1c<\/li>\n<li>Ng\u01b0\u1ee1ng b\u1eaft \u0111\u1ea7u \u0111o gi\u00f3 th\u1ea5p<\/li>\n<li>Thi\u1ebft k\u1ebf h\u00ecnh n\u00f3n c\u1ee7a c\u00e1c c\u1ed1c \u0111o mang l\u1ea1i \u0111\u1ed9 ch\u00ednh x\u00e1c cao v\u00e0 gi\u1ea3m thi\u1ec3u sai s\u1ed1 do gi\u00f3 xo\u00e1y<\/li>\n<\/ul>\n","protected":false},"featured_media":3096,"comment_status":"open","ping_status":"closed","template":"","meta":[],"product_cat":[15],"product_tag":[],"acf":[],"lang":"vi","translations":{"vi":3094,"en":3097},"pll_sync_post":[],"_links":{"self":[{"href":"https:\/\/demo9.thuythu.vn\/reeco\/wp-json\/wp\/v2\/product\/3094"}],"collection":[{"href":"https:\/\/demo9.thuythu.vn\/reeco\/wp-json\/wp\/v2\/product"}],"about":[{"href":"https:\/\/demo9.thuythu.vn\/reeco\/wp-json\/wp\/v2\/types\/product"}],"replies":[{"embeddable":true,"href":"https:\/\/demo9.thuythu.vn\/reeco\/wp-json\/wp\/v2\/comments?post=3094"}],"wp:featuredmedia":[{"embeddable":true,"href":"https:\/\/demo9.thuythu.vn\/reeco\/wp-json\/wp\/v2\/media\/3096"}],"wp:attachment":[{"href":"https:\/\/demo9.thuythu.vn\/reeco\/wp-json\/wp\/v2\/media?parent=3094"}],"wp:term":[{"taxonomy":"product_cat","embeddable":true,"href":"https:\/\/demo9.thuythu.vn\/reeco\/wp-json\/wp\/v2\/product_cat?post=3094"},{"taxonomy":"product_tag","embeddable":true,"href":"https:\/\/demo9.thuythu.vn\/reeco\/wp-json\/wp\/v2\/product_tag?post=3094"}],"curies":[{"name":"wp","href":"https:\/\/api.w.org\/{rel}","templated":true}]}}