{"id":3090,"date":"2024-01-22T09:25:40","date_gmt":"2024-01-22T02:25:40","guid":{"rendered":"https:\/\/demo9.thuythu.vn\/reeco\/?post_type=product&#038;p=3090"},"modified":"2024-01-22T09:28:01","modified_gmt":"2024-01-22T02:28:01","slug":"cam-bien-gio-wm30","status":"publish","type":"product","link":"https:\/\/demo9.thuythu.vn\/reeco\/san-pham\/cam-bien-gio-wm30\/","title":{"rendered":"C\u1ea3m bi\u1ebfn gi\u00f3 WM30"},"content":{"rendered":"","protected":false},"excerpt":{"rendered":"<p>Model: WM30<br \/>\nH\u00e3ng SX: Vaisala \u2013 Ph\u1ea7n Lan<\/p>\n<p data-sourcepos=\"3:1-3:14\"><strong>T\u00ednh n\u0103ng:<\/strong><\/p>\n<ul data-sourcepos=\"5:1-10:0\">\n<li data-sourcepos=\"5:1-5:63\">C\u1ea3m bi\u1ebfn gi\u00f3 \u0111a n\u0103ng \u0111o c\u1ea3 t\u1ed1c \u0111\u1ed9 v\u00e0 h\u01b0\u1edbng gi\u00f3, gi\u00e1 c\u1ea3 h\u1ee3p l\u00fd<\/li>\n<li data-sourcepos=\"6:1-6:60\">Thi\u1ebft k\u1ebf nh\u1ecf g\u1ecdn v\u00e0 nh\u1eb9, l\u00fd t\u01b0\u1edfng cho c\u00e1c \u1ee9ng d\u1ee5ng di \u0111\u1ed9ng<\/li>\n<li data-sourcepos=\"7:1-7:25\">Ti\u00eau th\u1ee5 \u0111i\u1ec7n n\u0103ng th\u1ea5p<\/li>\n<li data-sourcepos=\"8:1-8:38\">Ph\u1ea3n h\u1ed3i nhanh v\u00e0 tuy\u1ebfn t\u00ednh v\u1edbi gi\u00f3<\/li>\n<li data-sourcepos=\"9:1-10:0\">L\u1ef1a ch\u1ecdn m\u00f4 h\u00ecnh chi\u1ebft \u00e1p m\u1ed9t \u0111i\u1ec3m ho\u1eb7c hai \u0111i\u1ec3m<\/li>\n<\/ul>\n","protected":false},"featured_media":3092,"comment_status":"open","ping_status":"closed","template":"","meta":[],"product_cat":[15],"product_tag":[],"acf":[],"lang":"vi","translations":{"vi":3090,"en":3093},"pll_sync_post":[],"_links":{"self":[{"href":"https:\/\/demo9.thuythu.vn\/reeco\/wp-json\/wp\/v2\/product\/3090"}],"collection":[{"href":"https:\/\/demo9.thuythu.vn\/reeco\/wp-json\/wp\/v2\/product"}],"about":[{"href":"https:\/\/demo9.thuythu.vn\/reeco\/wp-json\/wp\/v2\/types\/product"}],"replies":[{"embeddable":true,"href":"https:\/\/demo9.thuythu.vn\/reeco\/wp-json\/wp\/v2\/comments?post=3090"}],"wp:featuredmedia":[{"embeddable":true,"href":"https:\/\/demo9.thuythu.vn\/reeco\/wp-json\/wp\/v2\/media\/3092"}],"wp:attachment":[{"href":"https:\/\/demo9.thuythu.vn\/reeco\/wp-json\/wp\/v2\/media?parent=3090"}],"wp:term":[{"taxonomy":"product_cat","embeddable":true,"href":"https:\/\/demo9.thuythu.vn\/reeco\/wp-json\/wp\/v2\/product_cat?post=3090"},{"taxonomy":"product_tag","embeddable":true,"href":"https:\/\/demo9.thuythu.vn\/reeco\/wp-json\/wp\/v2\/product_tag?post=3090"}],"curies":[{"name":"wp","href":"https:\/\/api.w.org\/{rel}","templated":true}]}}