{"id":3011,"date":"2024-01-19T08:19:55","date_gmt":"2024-01-19T01:19:55","guid":{"rendered":"https:\/\/demo9.thuythu.vn\/reeco\/?post_type=product&#038;p=3011"},"modified":"2024-01-22T11:58:41","modified_gmt":"2024-01-22T04:58:41","slug":"cam-bien-tam-nhin-xa-fs11","status":"publish","type":"product","link":"https:\/\/demo9.thuythu.vn\/reeco\/san-pham\/cam-bien-tam-nhin-xa-fs11\/","title":{"rendered":"C\u1ea3m bi\u1ebfn t\u1ea7m nh\u00ecn xa FS11"},"content":{"rendered":"","protected":false},"excerpt":{"rendered":"<p>Model: FS11<br \/>\nH\u00e3ng SX: Vaisala \u2013 Ph\u1ea7n Lan<\/p>\n<p><b>T\u00ednh n\u0103ng ch\u00ednh<\/b><\/p>\n<ul>\n<li style=\"font-weight: 400;\" aria-level=\"1\"><span style=\"font-weight: 400;\">Hi\u1ec7u ch\u1ec9nh b\u00e1m b\u1ea9n tr\u00ean c\u1eeda s\u1ed5 gi\u00fap ph\u00e9p \u0111o \u0111\u01b0\u1ee3c ch\u00ednh x\u00e1c h\u01a1n<\/span><\/li>\n<li style=\"font-weight: 400;\" aria-level=\"1\"><span style=\"font-weight: 400;\">\u0110o t\u00e1n x\u1ea1 thu\u1eadn ch\u00ednh x\u00e1c v\u00e0 c\u00f3 th\u1ec3 theo d\u00f5i<\/span><\/li>\n<li style=\"font-weight: 400;\" aria-level=\"1\"><span style=\"font-weight: 400;\">Thi\u1ebft k\u1ebf k\u1ef9 thu\u1eadt v\u00e0 h\u1ec7 th\u1ed1ng s\u01b0\u1edfi c\u00f4ng su\u1ea5t l\u1edbn tu\u00e2n theo quy \u0111\u1ecbnh c\u1ee7a FAA<\/span><\/li>\n<li style=\"font-weight: 400;\" aria-level=\"1\"><span style=\"font-weight: 400;\">C\u00f3 th\u1ec3 n\u00e2ng c\u1ea5p \u0111\u1ec3 c\u1ea3m bi\u1ebfn th\u1eddi ti\u1ebft hi\u1ec7n t\u1ea1i. <\/span><\/li>\n<\/ul>\n","protected":false},"featured_media":3014,"comment_status":"open","ping_status":"closed","template":"","meta":[],"product_cat":[15],"product_tag":[],"acf":[],"lang":"vi","translations":{"vi":3011,"en":3015},"pll_sync_post":[],"_links":{"self":[{"href":"https:\/\/demo9.thuythu.vn\/reeco\/wp-json\/wp\/v2\/product\/3011"}],"collection":[{"href":"https:\/\/demo9.thuythu.vn\/reeco\/wp-json\/wp\/v2\/product"}],"about":[{"href":"https:\/\/demo9.thuythu.vn\/reeco\/wp-json\/wp\/v2\/types\/product"}],"replies":[{"embeddable":true,"href":"https:\/\/demo9.thuythu.vn\/reeco\/wp-json\/wp\/v2\/comments?post=3011"}],"wp:featuredmedia":[{"embeddable":true,"href":"https:\/\/demo9.thuythu.vn\/reeco\/wp-json\/wp\/v2\/media\/3014"}],"wp:attachment":[{"href":"https:\/\/demo9.thuythu.vn\/reeco\/wp-json\/wp\/v2\/media?parent=3011"}],"wp:term":[{"taxonomy":"product_cat","embeddable":true,"href":"https:\/\/demo9.thuythu.vn\/reeco\/wp-json\/wp\/v2\/product_cat?post=3011"},{"taxonomy":"product_tag","embeddable":true,"href":"https:\/\/demo9.thuythu.vn\/reeco\/wp-json\/wp\/v2\/product_tag?post=3011"}],"curies":[{"name":"wp","href":"https:\/\/api.w.org\/{rel}","templated":true}]}}