{"id":2956,"date":"2024-01-17T15:29:48","date_gmt":"2024-01-17T08:29:48","guid":{"rendered":"https:\/\/demo9.thuythu.vn\/reeco\/?post_type=product&#038;p=2956"},"modified":"2024-01-17T15:34:20","modified_gmt":"2024-01-17T08:34:20","slug":"thiet-bi-chuyen-doi-ap-suat-khi-quyen-co-ban-ptb330ts","status":"publish","type":"product","link":"https:\/\/demo9.thuythu.vn\/reeco\/san-pham\/thiet-bi-chuyen-doi-ap-suat-khi-quyen-co-ban-ptb330ts\/","title":{"rendered":"Thi\u1ebft b\u1ecb chuy\u1ec3n \u0111\u1ed5i \u00e1p su\u1ea5t kh\u00ed quy\u1ec3n c\u01a1 b\u1ea3n PTB330TS"},"content":{"rendered":"","protected":false},"excerpt":{"rendered":"<p><i><span style=\"font-weight: 400;\">Model: PTB330TS<\/span><\/i><\/p>\n<p><i><span style=\"font-weight: 400;\">H\u00e3ng SX: Vaisala \u2013 Ph\u1ea7n Lan<\/span><\/i><\/p>\n<p><span style=\"font-weight: 400;\">Ti\u00eau chu\u1ea9n truy\u1ec1n \u00e1p su\u1ea5t kh\u00ed quy\u1ec3n PTB330TS k\u1ebft h\u1ee3p k\u1ef9 thu\u1eadt s\u1ed1 PTB330 kh\u00ed \u00e1p k\u1ebf v\u1edbi ch\u1ec9 b\u00e1o MI70 c\u1ea7m tay th\u00e0nh m\u1ed9t thi\u1ebft b\u1ecb di \u0111\u1ed9ng c\u00f3 th\u1ec3 \u0111\u01b0\u1ee3c s\u1eed d\u1ee5ng nh\u01b0 m\u1ed9t thi\u1ebft b\u1ecb chuy\u1ec3n \u0111\u1ed5i c\u01a1 b\u1ea3n.<\/span><\/p>\n<p><span style=\"font-weight: 400;\">PTB330TS gi\u00fap vi\u1ec7c ki\u1ec3m tra hi\u1ec7n tr\u01b0\u1eddng tr\u1edf n\u00ean ch\u00ednh x\u00e1c v\u00e0 d\u1ec5 d\u00e0ng. N\u00f3 k\u1ebft h\u1ee3p m\u1ed9t phong v\u0169 bi\u1ec3u k\u1ef9 thu\u1eadt s\u1ed1 PTB330 v\u1edbi m\u1ed9t ch\u1ec9 b\u00e1o MI70 c\u1ea7m tay trong m\u1ed9t thi\u1ebft b\u1ecb di \u0111\u1ed9ng ho\u1ea1t \u0111\u1ed9ng nh\u01b0 m\u1ed9t ti\u00eau chu\u1ea9n truy\u1ec1n t\u1ea3i. PTB330TS \u0111i k\u00e8m trong m\u1ed9t h\u1ed9p v\u1eadn chuy\u1ec3n b\u1ec1n v\u00e0 ch\u1ecbu \u0111\u01b0\u1ee3c th\u1eddi ti\u1ebft, c\u00f3 th\u1ec3 d\u1ec5 d\u00e0ng mang theo v\u00e0 v\u1eadn chuy\u1ec3n.<\/span><\/p>\n","protected":false},"featured_media":2959,"comment_status":"open","ping_status":"closed","template":"","meta":[],"product_cat":[15],"product_tag":[],"acf":[],"lang":"vi","translations":{"vi":2956,"en":2960},"pll_sync_post":[],"_links":{"self":[{"href":"https:\/\/demo9.thuythu.vn\/reeco\/wp-json\/wp\/v2\/product\/2956"}],"collection":[{"href":"https:\/\/demo9.thuythu.vn\/reeco\/wp-json\/wp\/v2\/product"}],"about":[{"href":"https:\/\/demo9.thuythu.vn\/reeco\/wp-json\/wp\/v2\/types\/product"}],"replies":[{"embeddable":true,"href":"https:\/\/demo9.thuythu.vn\/reeco\/wp-json\/wp\/v2\/comments?post=2956"}],"wp:featuredmedia":[{"embeddable":true,"href":"https:\/\/demo9.thuythu.vn\/reeco\/wp-json\/wp\/v2\/media\/2959"}],"wp:attachment":[{"href":"https:\/\/demo9.thuythu.vn\/reeco\/wp-json\/wp\/v2\/media?parent=2956"}],"wp:term":[{"taxonomy":"product_cat","embeddable":true,"href":"https:\/\/demo9.thuythu.vn\/reeco\/wp-json\/wp\/v2\/product_cat?post=2956"},{"taxonomy":"product_tag","embeddable":true,"href":"https:\/\/demo9.thuythu.vn\/reeco\/wp-json\/wp\/v2\/product_tag?post=2956"}],"curies":[{"name":"wp","href":"https:\/\/api.w.org\/{rel}","templated":true}]}}