{"id":2736,"date":"2024-01-16T02:45:34","date_gmt":"2024-01-16T02:45:34","guid":{"rendered":"https:\/\/demo9.thuythu.vn\/reeco\/?post_type=product&#038;p=2736"},"modified":"2024-01-17T06:35:57","modified_gmt":"2024-01-17T06:35:57","slug":"cam-bien-exo-nitraled-uv-nitrate","status":"publish","type":"product","link":"https:\/\/demo9.thuythu.vn\/reeco\/san-pham\/cam-bien-exo-nitraled-uv-nitrate\/","title":{"rendered":"C\u1ea3m bi\u1ebfn EXO NitraLED UV Nitrate"},"content":{"rendered":"","protected":false},"excerpt":{"rendered":"<div>\n<ul>\n<li>SKU: 608090<\/li>\n<li>H\u00e3ng s\u1ea3n xu\u1ea5t: YSI<\/li>\n<li>Xu\u1ea5t x\u1ee9: M\u1ef9<\/li>\n<\/ul>\n<\/div>\n<div>EXO NitraLED l\u00e0 c\u1ea3m bi\u1ebfn Nitrat UV s\u1eed d\u1ee5ng c\u00f4ng ngh\u1ec7 LED ti\u00ean ti\u1ebfn nh\u1ea5t. V\u1edbi kh\u1ea3 n\u0103ng t\u00edch h\u1ee3p li\u1ec1n m\u1ea1ch v\u1edbi b\u1ea5t k\u1ef3 \u0111\u1ea7u d\u00f2 EXO n\u00e0o, c\u1ea3m bi\u1ebfn n\u00e0y gi\u00fap \u0111\u01a1n gi\u1ea3n h\u00f3a v\u00e0 gi\u1ea3m chi ph\u00ed gi\u00e1m s\u00e1t Nitrat kh\u00f4ng ng\u01b0\u1eddi \u0111i\u1ec1u khi\u1ec3n cho \u00f4 nhi\u1ec5m ngu\u1ed3n \u0111i\u1ec3m v\u00e0 ngu\u1ed3n kh\u00f4ng \u0111i\u1ec3m trong m\u00f4i tr\u01b0\u1eddng n\u01b0\u1edbc ng\u1ecdt.<\/div>\n<h3><strong>T\u00ednh n\u0103ng s\u1ea3n ph\u1ea9m<\/strong><\/h3>\n<ul>\n<li>N\u00e2ng cao kh\u1ea3 n\u0103ng gi\u00e1m s\u00e1t: M\u1edf r\u1ed9ng v\u00e0 c\u1ea3i thi\u1ec7n ch\u01b0\u01a1ng tr\u00ecnh gi\u00e1m s\u00e1t ch\u1ea5t l\u01b0\u1ee3ng n\u01b0\u1edbc c\u1ee7a b\u1ea1n v\u1edbi UV Nitrat \u0111\u1ec3 \u0111\u01b0a ra quy\u1ebft \u0111\u1ecbnh s\u00e1ng su\u1ed1t h\u01a1n.<\/li>\n<li>Ti\u1ebft ki\u1ec7m chi ph\u00ed: Gi\u1ea3i ph\u00e1p gi\u00e1m s\u00e1t Nitrat ti\u1ebft ki\u1ec7m nh\u1ea5t tr\u00ean th\u1ebf gi\u1edbi, ch\u1ec9 b\u1eb1ng m\u1ed9t ph\u1ea7n nh\u1ecf chi ph\u00ed so v\u1edbi c\u00e1c m\u00e1y gi\u00e1m s\u00e1t d\u00f9ng \u0111\u00e8n.<\/li>\n<li>Thi\u1ebft k\u1ebf nh\u1ecf g\u1ecdn: K\u00edch th\u01b0\u1edbc v\u1eeba l\u00f2ng b\u00e0n tay v\u00e0 t\u00edch h\u1ee3p tr\u1ef1c ti\u1ebfp v\u00e0o b\u1ea5t k\u1ef3 \u0111\u1ea7u d\u00f2 EXO n\u00e0o. Kh\u00f4ng c\u1ea7n ph\u1ea7n c\u1ee9ng b\u00ean ngo\u00e0i<\/li>\n<\/ul>\n","protected":false},"featured_media":2741,"comment_status":"open","ping_status":"closed","template":"","meta":[],"product_cat":[15],"product_tag":[788],"acf":[],"lang":"vi","translations":{"vi":2736,"en":2743},"pll_sync_post":[],"_links":{"self":[{"href":"https:\/\/demo9.thuythu.vn\/reeco\/wp-json\/wp\/v2\/product\/2736"}],"collection":[{"href":"https:\/\/demo9.thuythu.vn\/reeco\/wp-json\/wp\/v2\/product"}],"about":[{"href":"https:\/\/demo9.thuythu.vn\/reeco\/wp-json\/wp\/v2\/types\/product"}],"replies":[{"embeddable":true,"href":"https:\/\/demo9.thuythu.vn\/reeco\/wp-json\/wp\/v2\/comments?post=2736"}],"wp:featuredmedia":[{"embeddable":true,"href":"https:\/\/demo9.thuythu.vn\/reeco\/wp-json\/wp\/v2\/media\/2741"}],"wp:attachment":[{"href":"https:\/\/demo9.thuythu.vn\/reeco\/wp-json\/wp\/v2\/media?parent=2736"}],"wp:term":[{"taxonomy":"product_cat","embeddable":true,"href":"https:\/\/demo9.thuythu.vn\/reeco\/wp-json\/wp\/v2\/product_cat?post=2736"},{"taxonomy":"product_tag","embeddable":true,"href":"https:\/\/demo9.thuythu.vn\/reeco\/wp-json\/wp\/v2\/product_tag?post=2736"}],"curies":[{"name":"wp","href":"https:\/\/api.w.org\/{rel}","templated":true}]}}