{"id":2697,"date":"2024-01-17T14:02:34","date_gmt":"2024-01-17T07:02:34","guid":{"rendered":"https:\/\/demo9.thuythu.vn\/reeco\/?post_type=product&#038;p=2697"},"modified":"2024-01-17T14:28:31","modified_gmt":"2024-01-17T07:28:31","slug":"he-thong-giam-sat-chat-luong-nuoc-da-thong-so-exo2s","status":"publish","type":"product","link":"https:\/\/demo9.thuythu.vn\/reeco\/san-pham\/he-thong-giam-sat-chat-luong-nuoc-da-thong-so-exo2s\/","title":{"rendered":"H\u1ec7 th\u1ed1ng gi\u00e1m s\u00e1t ch\u1ea5t l\u01b0\u1ee3ng n\u01b0\u1edbc \u0111a th\u00f4ng s\u1ed1 EXO2s"},"content":{"rendered":"","protected":false},"excerpt":{"rendered":"<ul data-sourcepos=\"3:1-8:0\">\n<li data-sourcepos=\"3:1-3:143\"><strong>C\u1ea3m bi\u1ebfn \u0111\u1ed9 ch\u00ednh x\u00e1c cao v\u1edbi b\u1ed9 nh\u1edb tr\u00ean bo m\u1ea1ch:<\/strong>\u00a0\u0110\u1ea3m b\u1ea3o thu th\u1eadp d\u1eef li\u1ec7u \u0111\u00e1ng tin c\u1eady v\u00e0 chi ti\u1ebft, l\u01b0u tr\u1eef an to\u00e0n ngay tr\u00ean thi\u1ebft b\u1ecb.<\/li>\n<li data-sourcepos=\"4:1-4:130\"><strong>K\u1ebft n\u1ed1i kh\u00f4ng d\u00e2y:<\/strong>\u00a0Truy\u1ec1n d\u1eef li\u1ec7u nhanh ch\u00f3ng v\u00e0 ti\u1ec7n l\u1ee3i, lo\u1ea1i b\u1ecf d\u00e2y n\u1ed1i r\u01b0\u1eddm r\u00e0, th\u00edch h\u1ee3p s\u1eed d\u1ee5ng trong m\u00f4i tr\u01b0\u1eddng n\u01b0\u1edbc.<\/li>\n<li data-sourcepos=\"5:1-5:166\"><strong>T\u00edch h\u1ee3p li\u1ec1n m\u1ea1ch v\u00e0o c\u00e1c h\u1ec7 th\u1ed1ng gi\u00e1m s\u00e1t \u0111a d\u1ea1ng:<\/strong>\u00a0Kh\u1ea3 n\u0103ng t\u01b0\u01a1ng th\u00edch cao v\u1edbi c\u00e1c h\u1ec7 th\u1ed1ng theo d\u00f5i ch\u1ea5t l\u01b0\u1ee3ng n\u01b0\u1edbc bi\u1ec3n, c\u1eeda s\u00f4ng, n\u01b0\u1edbc ng\u1ecdt v\u00e0 n\u01b0\u1edbc ng\u1ea7m.<\/li>\n<li data-sourcepos=\"6:1-6:175\"><strong>Th\u00edch h\u1ee3p \u0111o theo chi\u1ec1u ngang \u1edf nh\u1eefng v\u1ecb tr\u00ed c\u1ea7n tr\u1ecdng l\u01b0\u1ee3ng nh\u1eb9:<\/strong>\u00a0Thi\u1ebft k\u1ebf nh\u1ecf g\u1ecdn, nh\u1eb9 nh\u00e0ng, l\u00fd t\u01b0\u1edfng cho c\u00e1c \u1ee9ng d\u1ee5ng nghi\u00ean c\u1ee9u di \u0111\u1ed9ng ho\u1eb7c gi\u00e1m s\u00e1t v\u00f9ng n\u01b0\u1edbc r\u1ed9ng.<\/li>\n<li data-sourcepos=\"7:1-8:0\"><strong>Sonde th\u00f4ng minh v\u00e0 C\u1ea3m bi\u1ebfn \u0111a d\u1ea1ng:<\/strong>\u00a0Cung c\u1ea5p t\u00ednh linh ho\u1ea1t, cho ph\u00e9p ng\u01b0\u1eddi d\u00f9ng t\u1ef1 \u0111\u1ed9ng c\u1ea5u h\u00ecnh c\u1ea3m bi\u1ebfn ph\u00f9 h\u1ee3p v\u1edbi t\u1eebng \u1ee9ng d\u1ee5ng kh\u00e1c nhau ch\u1ec9 trong v\u00e0i ph\u00fat.<\/li>\n<\/ul>\n<h3 data-sourcepos=\"9:1-9:33\"><strong>C\u00e1c lo\u1ea1i C\u1ea3m bi\u1ebfn th\u00f4ng minh<\/strong><\/h3>\n<ul data-sourcepos=\"11:1-20:0\">\n<li data-sourcepos=\"11:1-11:49\">D\u1eabn \u0111i\u1ec7n\/Nhi\u1ec7t \u0111\u1ed9 (c\u00f3 c\u1ea7n g\u1ea1t v\u00e0 kh\u00f4ng c\u1ea7n g\u1ea1t)<\/li>\n<li data-sourcepos=\"12:1-12:13\">Oxy h\u00f2a tan<\/li>\n<li data-sourcepos=\"13:1-13:28\">fDOM (hu\u1ef3nh quang h\u00f2a tan)<\/li>\n<li data-sourcepos=\"14:1-14:57\">ISE (\u0111i\u1ec7n c\u1ef1c ion ch\u1ecdn l\u1ecdc) cho Amoni, Clorua v\u00e0 Nitrat<\/li>\n<li data-sourcepos=\"15:1-15:32\">pH (c\u00f3 b\u1ea3o v\u1ec7 v\u00e0 kh\u00f4ng b\u1ea3o v\u1ec7)<\/li>\n<li data-sourcepos=\"16:1-16:42\">pH &amp; ORP (c\u00f3 b\u1ea3o v\u1ec7 v\u00e0 kh\u00f4ng b\u1ea3o v\u1ec7)<\/li>\n<li data-sourcepos=\"17:1-17:37\">Rhodamine (thu\u1ed1c nhu\u1ed9m hu\u1ef3nh quang)<\/li>\n<li data-sourcepos=\"18:1-18:55\">T\u1ed5ng t\u1ea3o (Chlorophyll + Phycocyanin v\u00e0 Phycoerythrin)<\/li>\n<li data-sourcepos=\"19:1-20:0\">\u0110\u1ed9 \u0111\u1ee5c<\/li>\n<\/ul>\n<h3 data-sourcepos=\"21:1-21:29\"><strong>C\u00e1c th\u00f4ng s\u1ed1 \u0111o kh\u00e1c<\/strong><\/h3>\n<ul data-sourcepos=\"23:1-36:0\">\n<li data-sourcepos=\"23:1-23:19\">\u00c1p su\u1ea5t tuy\u1ec7t \u0111\u1ed1i<\/li>\n<li data-sourcepos=\"24:1-24:7\">Amoni<\/li>\n<li data-sourcepos=\"25:1-25:11\">Chi\u1ec1u s\u00e2u<\/li>\n<li data-sourcepos=\"26:1-26:47\">DO% t\u1ea1i ch\u1ed7 (n\u1ed3ng \u0111\u1ed9 oxy h\u00f2a tan t\u1ea1i \u0111i\u1ec3m \u0111o)<\/li>\n<li data-sourcepos=\"27:1-27:14\">\u00c1p su\u1ea5t man\u00f4<\/li>\n<li data-sourcepos=\"28:1-28:37\">D\u1eabn \u0111i\u1ec7n nLF (d\u1eabn \u0111i\u1ec7n t\u1ea7n s\u1ed1 th\u1ea5p)<\/li>\n<li data-sourcepos=\"29:1-29:34\">PAR (b\u1ee9c x\u1ea1 ho\u1ea1t \u0111\u1ed9ng quang h\u1ee3p)<\/li>\n<li data-sourcepos=\"30:1-30:13\">\u0110\u1ed9 \u0111i\u1ec7n tr\u1edf<\/li>\n<li data-sourcepos=\"31:1-31:8\">\u0110\u1ed9 m\u1eb7n<\/li>\n<li data-sourcepos=\"32:1-32:21\">D\u1eabn \u0111i\u1ec7n ri\u00eang bi\u1ec7t<\/li>\n<li data-sourcepos=\"33:1-33:23\">T\u1ed5ng ch\u1ea5t r\u1eafn h\u00f2a tan<\/li>\n<li data-sourcepos=\"34:1-34:23\">T\u1ed5ng ch\u1ea5t r\u1eafn l\u01a1 l\u1eedng<\/li>\n<li data-sourcepos=\"35:1-36:0\">M\u1eadt \u0111\u1ed9 n\u01b0\u1edbc<\/li>\n<\/ul>\n","protected":false},"featured_media":2706,"comment_status":"open","ping_status":"closed","template":"","meta":[],"product_cat":[15],"product_tag":[775,779,777],"acf":[],"lang":"vi","translations":{"vi":2697,"en":2707},"pll_sync_post":[],"_links":{"self":[{"href":"https:\/\/demo9.thuythu.vn\/reeco\/wp-json\/wp\/v2\/product\/2697"}],"collection":[{"href":"https:\/\/demo9.thuythu.vn\/reeco\/wp-json\/wp\/v2\/product"}],"about":[{"href":"https:\/\/demo9.thuythu.vn\/reeco\/wp-json\/wp\/v2\/types\/product"}],"replies":[{"embeddable":true,"href":"https:\/\/demo9.thuythu.vn\/reeco\/wp-json\/wp\/v2\/comments?post=2697"}],"wp:featuredmedia":[{"embeddable":true,"href":"https:\/\/demo9.thuythu.vn\/reeco\/wp-json\/wp\/v2\/media\/2706"}],"wp:attachment":[{"href":"https:\/\/demo9.thuythu.vn\/reeco\/wp-json\/wp\/v2\/media?parent=2697"}],"wp:term":[{"taxonomy":"product_cat","embeddable":true,"href":"https:\/\/demo9.thuythu.vn\/reeco\/wp-json\/wp\/v2\/product_cat?post=2697"},{"taxonomy":"product_tag","embeddable":true,"href":"https:\/\/demo9.thuythu.vn\/reeco\/wp-json\/wp\/v2\/product_tag?post=2697"}],"curies":[{"name":"wp","href":"https:\/\/api.w.org\/{rel}","templated":true}]}}