{"id":2690,"date":"2024-01-17T14:00:46","date_gmt":"2024-01-17T07:00:46","guid":{"rendered":"https:\/\/demo9.thuythu.vn\/reeco\/?post_type=product&#038;p=2690"},"modified":"2024-01-17T14:28:22","modified_gmt":"2024-01-17T07:28:22","slug":"he-thong-giam-sat-chat-luong-nuoc-da-thong-so-exo1s","status":"publish","type":"product","link":"https:\/\/demo9.thuythu.vn\/reeco\/san-pham\/he-thong-giam-sat-chat-luong-nuoc-da-thong-so-exo1s\/","title":{"rendered":"H\u1ec7 th\u1ed1ng gi\u00e1m s\u00e1t ch\u1ea5t l\u01b0\u1ee3ng n\u01b0\u1edbc \u0111a th\u00f4ng s\u1ed1 EXO1s"},"content":{"rendered":"","protected":false},"excerpt":{"rendered":"<p data-sourcepos=\"5:1-5:164\">EXO1s l\u00e0 h\u1ec7 th\u1ed1ng gi\u00e1m s\u00e1t ch\u1ea5t l\u01b0\u1ee3ng n\u01b0\u1edbc \u0111a th\u00f4ng s\u1ed1 nh\u1ecf g\u1ecdn, kh\u00f4ng d\u00f9ng pin, th\u1eeba h\u01b0\u1edfng \u0111\u1ed9 tin c\u1eady v\u00e0 kh\u1ea3 n\u0103ng t\u01b0\u01a1ng \u0111\u01b0\u01a1ng EXO1. Thi\u1ebft b\u1ecb n\u00e0y l\u00fd t\u01b0\u1edfng cho c\u00e1c \u1ee9ng d\u1ee5ng chuy\u00ean bi\u1ec7t nh\u01b0:<\/p>\n<ul data-sourcepos=\"7:1-10:0\">\n<li data-sourcepos=\"7:1-7:67\">G\u1eafn v\u00e0o t\u00e0u t\u1ef1 h\u00e0nh d\u01b0\u1edbi n\u01b0\u1edbc (AUV) ho\u1eb7c m\u00e1y bay kh\u00f4ng ng\u01b0\u1eddi l\u00e1i.<\/li>\n<li data-sourcepos=\"8:1-8:24\">T\u00edch h\u1ee3p v\u1edbi phao n\u1ed5i.<\/li>\n<li data-sourcepos=\"8:1-8:24\">\u0110o theo chi\u1ec1u ngang \u1edf nh\u1eefng v\u1ecb tr\u00ed c\u1ea7n tr\u1ecdng l\u01b0\u1ee3ng nh\u1eb9 t\u1ed1i \u01b0u.<\/li>\n<\/ul>\n<h3><strong>T\u00ednh n\u0103ng<\/strong><\/h3>\n<ul data-sourcepos=\"13:1-18:0\">\n<li data-sourcepos=\"13:1-13:101\"><strong>Ch\u1ea5t l\u01b0\u1ee3ng d\u1eef li\u1ec7u h\u00e0ng \u0111\u1ea7u:<\/strong>\u00a0H\u1ec7 th\u1ed1ng gi\u00e1m s\u00e1t t\u00edch h\u1ee3p \u0111\u1ea3m b\u1ea3o ho\u1ea1t \u0111\u1ed9ng \u1ed5n \u0111\u1ecbnh c\u1ee7a c\u1ea3m bi\u1ebfn.<\/li>\n<li data-sourcepos=\"14:1-14:113\"><strong>Theo d\u00f5i \u0111a th\u00f4ng s\u1ed1:<\/strong>\u00a04 c\u1ed5ng \u0111a n\u0103ng cho ph\u00e9p k\u1ebft h\u1ee3p t\u00f9y \u00fd c\u00e1c c\u1ea3m bi\u1ebfn th\u00f4ng minh ho\u1eb7c c\u1ea7n g\u1ea1t trung t\u00e2m.<\/li>\n<li data-sourcepos=\"15:1-15:123\"><strong>Ng\u0103n b\u00e1m ti\u00ean ti\u1ebfn:<\/strong>\u00a0C\u00f4ng ngh\u1ec7 g\u1ea1t h\u00e0ng \u0111\u1ea7u trong ng\u00e0nh, gi\u1ea3m thi\u1ec3u b\u00e1m d\u00ednh sinh v\u1eadt v\u00e0 \u0111\u1ea3m b\u1ea3o \u0111\u1ed9 ch\u00ednh x\u00e1c d\u1eef li\u1ec7u.<\/li>\n<li data-sourcepos=\"16:1-16:131\"><strong>C\u1ea5u th\u00e0nh Titanium:<\/strong>\u00a0C\u00e1c b\u1ed9 ph\u1eadn b\u1eb1ng Titanium b\u1ec1n b\u1ec9, \u0111\u1ea3m b\u1ea3o ho\u1ea1t \u0111\u1ed9ng l\u00e2u d\u00e0i v\u00e0 \u0111\u00e1ng tin c\u1eady trong m\u00f4i tr\u01b0\u1eddng kh\u1eafc nghi\u1ec7t.<\/li>\n<li data-sourcepos=\"17:1-18:0\"><strong>T\u00edch h\u1ee3p li\u1ec1n m\u1ea1ch:<\/strong>\u00a0EXO t\u01b0\u01a1ng th\u00edch v\u1edbi c\u00e1c h\u1ec7 th\u1ed1ng gi\u00e1m s\u00e1t m\u00f4i tr\u01b0\u1eddng bi\u1ec3n, c\u1eeda s\u00f4ng, n\u01b0\u1edbc ng\u1ecdt v\u00e0 n\u01b0\u1edbc ng\u1ea7m.<\/li>\n<\/ul>\n<p data-sourcepos=\"31:1-31:37\"><strong>C\u00e1c t\u00f9y ch\u1ecdn c\u1ea3m bi\u1ebfn th\u00f4ng minh:<\/strong><\/p>\n<ul data-sourcepos=\"33:1-42:0\">\n<li data-sourcepos=\"33:1-33:49\">D\u1eabn \u0111i\u1ec7n\/Nhi\u1ec7t \u0111\u1ed9 (c\u00f3 c\u1ea7n g\u1ea1t v\u00e0 kh\u00f4ng c\u1ea7n g\u1ea1t)<\/li>\n<li data-sourcepos=\"34:1-34:13\">Oxy h\u00f2a tan<\/li>\n<li data-sourcepos=\"35:1-35:28\">fDOM (hu\u1ef3nh quang h\u00f2a tan)<\/li>\n<li data-sourcepos=\"36:1-36:57\">ISE (\u0111i\u1ec7n c\u1ef1c ion ch\u1ecdn l\u1ecdc) cho Amoni, Clorua v\u00e0 Nitrat<\/li>\n<li data-sourcepos=\"37:1-37:32\">pH (c\u00f3 b\u1ea3o v\u1ec7 v\u00e0 kh\u00f4ng b\u1ea3o v\u1ec7)<\/li>\n<li data-sourcepos=\"38:1-38:42\">pH &amp; ORP (c\u00f3 b\u1ea3o v\u1ec7 v\u00e0 kh\u00f4ng b\u1ea3o v\u1ec7)<\/li>\n<li data-sourcepos=\"39:1-39:37\">Rhodamine (thu\u1ed1c nhu\u1ed9m hu\u1ef3nh quang)<\/li>\n<li data-sourcepos=\"40:1-40:55\">T\u1ed5ng t\u1ea3o (Chlorophyll + Phycocyanin v\u00e0 Phycoerythrin)<\/li>\n<li data-sourcepos=\"41:1-42:0\">\u0110\u1ed9 \u0111\u1ee5c<\/li>\n<\/ul>\n<h3 data-sourcepos=\"43:1-43:29\"><strong>C\u00e1c th\u00f4ng s\u1ed1 \u0111o kh\u00e1c:<\/strong><\/h3>\n<ul data-sourcepos=\"45:1-58:0\">\n<li data-sourcepos=\"45:1-45:19\">\u00c1p su\u1ea5t tuy\u1ec7t \u0111\u1ed1i<\/li>\n<li data-sourcepos=\"46:1-46:7\">Amoni<\/li>\n<li data-sourcepos=\"47:1-47:11\">Chi\u1ec1u s\u00e2u<\/li>\n<li data-sourcepos=\"48:1-48:47\">DO% t\u1ea1i ch\u1ed7 (n\u1ed3ng \u0111\u1ed9 oxy h\u00f2a tan t\u1ea1i \u0111i\u1ec3m \u0111o)<\/li>\n<li data-sourcepos=\"49:1-49:14\">\u00c1p su\u1ea5t man\u00f4<\/li>\n<li data-sourcepos=\"50:1-50:37\">D\u1eabn \u0111i\u1ec7n nLF (d\u1eabn \u0111i\u1ec7n t\u1ea7n s\u1ed1 th\u1ea5p)<\/li>\n<li data-sourcepos=\"51:1-51:34\">PAR (b\u1ee9c x\u1ea1 ho\u1ea1t \u0111\u1ed9ng quang h\u1ee3p)<\/li>\n<li data-sourcepos=\"52:1-52:13\">\u0110\u1ed9 \u0111i\u1ec7n tr\u1edf<\/li>\n<li data-sourcepos=\"53:1-53:8\">\u0110\u1ed9 m\u1eb7n<\/li>\n<li data-sourcepos=\"54:1-54:21\">D\u1eabn \u0111i\u1ec7n ri\u00eang bi\u1ec7t<\/li>\n<li data-sourcepos=\"55:1-55:23\">T\u1ed5ng ch\u1ea5t r\u1eafn h\u00f2a tan<\/li>\n<li data-sourcepos=\"56:1-56:23\">T\u1ed5ng ch\u1ea5t r\u1eafn l\u01a1 l\u1eedng<\/li>\n<li data-sourcepos=\"57:1-58:0\">M\u1eadt \u0111\u1ed9 n\u01b0\u1edbc<\/li>\n<\/ul>\n","protected":false},"featured_media":2695,"comment_status":"open","ping_status":"closed","template":"","meta":[],"product_cat":[15],"product_tag":[],"acf":[],"lang":"vi","translations":{"vi":2690,"en":2696},"pll_sync_post":[],"_links":{"self":[{"href":"https:\/\/demo9.thuythu.vn\/reeco\/wp-json\/wp\/v2\/product\/2690"}],"collection":[{"href":"https:\/\/demo9.thuythu.vn\/reeco\/wp-json\/wp\/v2\/product"}],"about":[{"href":"https:\/\/demo9.thuythu.vn\/reeco\/wp-json\/wp\/v2\/types\/product"}],"replies":[{"embeddable":true,"href":"https:\/\/demo9.thuythu.vn\/reeco\/wp-json\/wp\/v2\/comments?post=2690"}],"wp:featuredmedia":[{"embeddable":true,"href":"https:\/\/demo9.thuythu.vn\/reeco\/wp-json\/wp\/v2\/media\/2695"}],"wp:attachment":[{"href":"https:\/\/demo9.thuythu.vn\/reeco\/wp-json\/wp\/v2\/media?parent=2690"}],"wp:term":[{"taxonomy":"product_cat","embeddable":true,"href":"https:\/\/demo9.thuythu.vn\/reeco\/wp-json\/wp\/v2\/product_cat?post=2690"},{"taxonomy":"product_tag","embeddable":true,"href":"https:\/\/demo9.thuythu.vn\/reeco\/wp-json\/wp\/v2\/product_tag?post=2690"}],"curies":[{"name":"wp","href":"https:\/\/api.w.org\/{rel}","templated":true}]}}