{"id":2573,"date":"2024-01-13T04:28:14","date_gmt":"2024-01-13T04:28:14","guid":{"rendered":"https:\/\/demo9.thuythu.vn\/reeco\/?post_type=product&#038;p=2573"},"modified":"2024-01-18T08:08:21","modified_gmt":"2024-01-18T01:08:21","slug":"tram-phao-quan-trac-khi-tuong-hai-van-va-cac-chi-tieu-chat-luong-nuoc","status":"publish","type":"product","link":"https:\/\/demo9.thuythu.vn\/reeco\/san-pham\/tram-phao-quan-trac-khi-tuong-hai-van-va-cac-chi-tieu-chat-luong-nuoc\/","title":{"rendered":"Tr\u1ea1m phao quan tr\u1eafc Kh\u00ed t\u01b0\u1ee3ng, H\u1ea3i v\u0103n v\u00e0 c\u00e1c ch\u1ec9 ti\u00eau ch\u1ea5t l\u01b0\u1ee3ng n\u01b0\u1edbc"},"content":{"rendered":"","protected":false},"excerpt":{"rendered":"<p><span style=\"font-weight: 400;\">Model: DB1750<\/span><\/p>\n<p><i><span style=\"font-weight: 400;\">Manufacturer: AANDERAA<\/span><\/i><\/p>\n<p><i><span style=\"font-weight: 400;\">Made in Nauy<\/span><\/i><\/p>\n<ul>\n<li style=\"font-weight: 400;\" aria-level=\"1\"><span style=\"font-weight: 400;\">\u0110o \u0111\u1ea1c c\u00e1c th\u00f4ng s\u1ed1 kh\u00ed t\u01b0\u1ee3ng bao g\u1ed3m: gi\u00f3 (t\u1ed1c \u0111\u1ed9 gi\u00f3, h\u01b0\u1edbng gi\u00f3), nhi\u1ec7t \u0111\u1ed9 kh\u00f4ng kh\u00ed, \u0111\u1ed9 \u1ea9m, \u00e1p su\u1ea5t kh\u00ed quy\u1ec3n, b\u1ee9c x\u1ea1 m\u1eb7t tr\u1eddi.<\/span><\/li>\n<li style=\"font-weight: 400;\" aria-level=\"1\"><span style=\"font-weight: 400;\">Quan tr\u0103\u0301c c\u00e1c th\u00f4ng s\u1ed1 h\u1ea3i v\u0103n: d\u00f2ng ch\u1ea3y (profile d\u00f2ng ch\u1ea3y theo c\u00e1c t\u1ea7ng s\u00e2u), s\u00f3ng (chi\u1ec1u cao c\u1ee7a s\u00f3ng, chu k\u1ef3 c\u1ee7a s\u00f3ng v\u00e0 h\u01b0\u1edbng s\u00f3ng).<\/span><\/li>\n<li style=\"font-weight: 400;\" aria-level=\"1\"><span style=\"font-weight: 400;\">Quan tr\u0103\u0301c, gi\u00e1m s\u00e1t li\u00ean t\u1ee5c c\u00e1c ch\u1ec9 ti\u00eau ch\u1ea5t l\u01b0\u1ee3ng m\u00f4i tr\u01b0\u1eddng n\u01b0\u1edbc, bao g\u00f4\u0300m: nhi\u1ec7t \u0111\u1ed9, \u0111\u1ed9 d\u1eabn (EC), \u0111\u1ed9 m\u1eb7n, \u0111\u1ed9 \u0111\u1ee5c, oxi h\u00f2a tan (DO), t\u1ed5ng l\u01b0\u1ee3ng t\u1ea3o v\u00e0 t\u1ea3o lam (cholorphyll &amp; blue green alage), fDOM\/ CDOM (Ch\u1ea5t h\u1eefu c\u01a1 h\u00f2a tan ph\u00e1t hu\u1ef3nh quang, th\u00f4ng s\u1ed1 t\u1ef7 l\u1ec7 v\u1edbi t\u1ed5ng ch\u1ea5t h\u1eefu c\u01a1 h\u00f2a tan (TOC), quan tr\u1eafc th\u00f4ng s\u1ed1 n\u00e0y gi\u00fap gi\u00e1m s\u00e1t li\u00ean t\u1ee5c vi\u1ec7c x\u1ea3 th\u1ea3i n\u01b0\u1edbc \u00f4 nhi\u1ec5m (n\u1ebfu c\u00f3) ra s\u00f4ng\/bi\u1ec3n), t\u1ed5ng ch\u1ea5t r\u1eafn ho\u00e0 tan (TDS).<\/span><\/li>\n<\/ul>\n","protected":false},"featured_media":2577,"comment_status":"open","ping_status":"closed","template":"","meta":[],"product_cat":[15],"product_tag":[],"acf":[],"lang":"vi","translations":{"vi":2573,"en":2580},"pll_sync_post":[],"_links":{"self":[{"href":"https:\/\/demo9.thuythu.vn\/reeco\/wp-json\/wp\/v2\/product\/2573"}],"collection":[{"href":"https:\/\/demo9.thuythu.vn\/reeco\/wp-json\/wp\/v2\/product"}],"about":[{"href":"https:\/\/demo9.thuythu.vn\/reeco\/wp-json\/wp\/v2\/types\/product"}],"replies":[{"embeddable":true,"href":"https:\/\/demo9.thuythu.vn\/reeco\/wp-json\/wp\/v2\/comments?post=2573"}],"wp:featuredmedia":[{"embeddable":true,"href":"https:\/\/demo9.thuythu.vn\/reeco\/wp-json\/wp\/v2\/media\/2577"}],"wp:attachment":[{"href":"https:\/\/demo9.thuythu.vn\/reeco\/wp-json\/wp\/v2\/media?parent=2573"}],"wp:term":[{"taxonomy":"product_cat","embeddable":true,"href":"https:\/\/demo9.thuythu.vn\/reeco\/wp-json\/wp\/v2\/product_cat?post=2573"},{"taxonomy":"product_tag","embeddable":true,"href":"https:\/\/demo9.thuythu.vn\/reeco\/wp-json\/wp\/v2\/product_tag?post=2573"}],"curies":[{"name":"wp","href":"https:\/\/api.w.org\/{rel}","templated":true}]}}