{"id":2547,"date":"2024-01-13T02:45:09","date_gmt":"2024-01-13T02:45:09","guid":{"rendered":"https:\/\/demo9.thuythu.vn\/reeco\/?post_type=product&#038;p=2547"},"modified":"2024-01-13T03:16:28","modified_gmt":"2024-01-13T03:16:28","slug":"cam-bien-do-do-duc","status":"publish","type":"product","link":"https:\/\/demo9.thuythu.vn\/reeco\/san-pham\/cam-bien-do-do-duc\/","title":{"rendered":"C\u1ea3m bi\u1ebfn \u0111o \u0111\u1ed9 \u0111\u1ee5c"},"content":{"rendered":"","protected":false},"excerpt":{"rendered":"<p><span style=\"font-weight: 400;\">Model: 4296<\/span><\/p>\n<p><i><span style=\"font-weight: 400;\">Manufacturer: AANDERAA<\/span><\/i><\/p>\n<p><i><span style=\"font-weight: 400;\">Made in Nauy<\/span><\/i><\/p>\n<ul>\n<li><span style=\"font-weight: 400;\"> C\u1ea3m bi\u1ebfn th\u00f4ng minh \u0111\u1ec3 t\u00edch h\u1ee3p d\u1ec5 d\u00e0ng v\u1edbi SeaGuard v\u00e0 SmartGuard<\/span><span style=\"font-weight: 400;\"><br \/>\n<\/span><span style=\"font-weight: 400;\">\u2022 \u0110\u1ecdc tr\u1ef1c ti\u1ebfp c\u00e1c th\u00f4ng s\u1ed1 k\u1ef9 thu\u1eadt, hi\u1ec7u chu\u1ea9n \u0111a \u0111i\u1ec3m t\u1ea1i nh\u00e0 m\u00e1y<\/span><span style=\"font-weight: 400;\"><br \/>\n<\/span><span style=\"font-weight: 400;\">\u2022 Nh\u1eadp d\u1eef li\u1ec7u tham chi\u1ebfu theo \u0111\u1ecba \u0111i\u1ec3m c\u1ee5 th\u1ec3 \u0111\u1ec3 nh\u1eadn gi\u00e1 tr\u1ecb tuy\u1ec7t \u0111\u1ed1i t\u00ednh b\u1eb1ng mg\/l<\/span><span style=\"font-weight: 400;\"><br \/>\n<\/span><span style=\"font-weight: 400;\">\u2022 S\u1ef1 ti\u00eau th\u1ee5 \u00edt \u0111i\u1ec7n n\u0103ng<\/span><span style=\"font-weight: 400;\"><br \/>\n<\/span><span style=\"font-weight: 400;\">\u2022 Ch\u1eafc ch\u1eafn v\u00e0 b\u1ec1n b\u1ec9 v\u1edbi nhu c\u1ea7u b\u1ea3o tr\u00ec th\u1ea5p<\/span><span style=\"font-weight: 400;\"><br \/>\n<\/span><span style=\"font-weight: 400;\">\u2022 \u0110\u1ecbnh d\u1ea1ng \u0111\u1ea7u ra AiCaP CANbus, RS-232<\/span><span style=\"font-weight: 400;\"><br \/>\n<\/span><span style=\"font-weight: 400;\">\u2022 C\u00f3 s\u1eb5n \u1edf 3 ph\u1ea1m vi \u0111\u1ed9 s\u00e2u, 300, 3000 v\u00e0 6000 m\u00e9t<\/span><\/li>\n<\/ul>\n","protected":false},"featured_media":2548,"comment_status":"open","ping_status":"closed","template":"","meta":[],"product_cat":[15],"product_tag":[],"acf":[],"lang":"vi","translations":{"vi":2547,"en":2552},"pll_sync_post":[],"_links":{"self":[{"href":"https:\/\/demo9.thuythu.vn\/reeco\/wp-json\/wp\/v2\/product\/2547"}],"collection":[{"href":"https:\/\/demo9.thuythu.vn\/reeco\/wp-json\/wp\/v2\/product"}],"about":[{"href":"https:\/\/demo9.thuythu.vn\/reeco\/wp-json\/wp\/v2\/types\/product"}],"replies":[{"embeddable":true,"href":"https:\/\/demo9.thuythu.vn\/reeco\/wp-json\/wp\/v2\/comments?post=2547"}],"wp:featuredmedia":[{"embeddable":true,"href":"https:\/\/demo9.thuythu.vn\/reeco\/wp-json\/wp\/v2\/media\/2548"}],"wp:attachment":[{"href":"https:\/\/demo9.thuythu.vn\/reeco\/wp-json\/wp\/v2\/media?parent=2547"}],"wp:term":[{"taxonomy":"product_cat","embeddable":true,"href":"https:\/\/demo9.thuythu.vn\/reeco\/wp-json\/wp\/v2\/product_cat?post=2547"},{"taxonomy":"product_tag","embeddable":true,"href":"https:\/\/demo9.thuythu.vn\/reeco\/wp-json\/wp\/v2\/product_tag?post=2547"}],"curies":[{"name":"wp","href":"https:\/\/api.w.org\/{rel}","templated":true}]}}