{"id":2517,"date":"2024-01-13T02:02:50","date_gmt":"2024-01-13T02:02:50","guid":{"rendered":"https:\/\/demo9.thuythu.vn\/reeco\/?post_type=product&#038;p=2517"},"modified":"2024-01-13T02:05:49","modified_gmt":"2024-01-13T02:05:49","slug":"thiet-bi-quan-trac-nuoc-sinh-hoat-toxprotect-ii","status":"publish","type":"product","link":"https:\/\/demo9.thuythu.vn\/reeco\/san-pham\/thiet-bi-quan-trac-nuoc-sinh-hoat-toxprotect-ii\/","title":{"rendered":"Thi\u1ebft b\u1ecb quan tr\u1eafc n\u01b0\u1edbc sinh ho\u1ea1t ToxProtect II"},"content":{"rendered":"","protected":false},"excerpt":{"rendered":"<p><span style=\"font-weight: 400;\">M\u00e3 s\u1ea3n ph\u1ea9m: BG0075.0000<\/span><\/p>\n<p><span style=\"font-weight: 400;\">H\u00e3ng s\u1ea3n xu\u1ea5t: bbe Moldaenke GmbH<\/span><\/p>\n<p><span style=\"font-weight: 400;\">Xu\u1ea5t x\u1ee9: \u0110\u1ee9c<\/span><\/p>\n<p><span style=\"font-weight: 400;\">Thi\u1ebft b\u1ecb ToxProtect 64 \u0111\u00e1p \u1ee9ng \u0111\u01b0\u1ee3c nh\u1eefng ti\u00eau ch\u00ed quan tr\u1ecdng nh\u01b0:<\/span><\/p>\n<ul>\n<li style=\"font-weight: 400;\" aria-level=\"1\"><span style=\"font-weight: 400;\">Nh\u1ea1y v\u1edbi kho\u1ea3ng r\u1ed9ng c\u00e1c \u0111\u1ed9c ch\u1ea5t<\/span><\/li>\n<li style=\"font-weight: 400;\" aria-level=\"1\"><span style=\"font-weight: 400;\">\u0110\u1ed9 tin c\u1eady cao<\/span><\/li>\n<li style=\"font-weight: 400;\" aria-level=\"1\"><span style=\"font-weight: 400;\">D\u1ec5 v\u1eadn h\u00e0nh<\/span><\/li>\n<li style=\"font-weight: 400;\" aria-level=\"1\"><span style=\"font-weight: 400;\">Gia\u0301 th\u00e0nh v\u00e0 chi ph\u00ed b\u1ea3o d\u01b0\u1ee1ng th\u1ea5p<\/span><\/li>\n<li style=\"font-weight: 400;\" aria-level=\"1\"><span style=\"font-weight: 400;\">C\u00f3 th\u1ec3 l\u1eafp \u0111\u1eb7t t\u1ea1i nhi\u1ec1u \u0111\u1ea1i \u0111i\u1ec3m quan tr\u1eafc n\u01b0\u1edbc c\u1ea5p sinh ho\u1ea1t kh\u00e1c nhau<\/span><\/li>\n<\/ul>\n","protected":false},"featured_media":2526,"comment_status":"open","ping_status":"closed","template":"","meta":[],"product_cat":[15],"product_tag":[],"acf":[],"lang":"vi","translations":{"vi":2517,"en":2528},"pll_sync_post":[],"_links":{"self":[{"href":"https:\/\/demo9.thuythu.vn\/reeco\/wp-json\/wp\/v2\/product\/2517"}],"collection":[{"href":"https:\/\/demo9.thuythu.vn\/reeco\/wp-json\/wp\/v2\/product"}],"about":[{"href":"https:\/\/demo9.thuythu.vn\/reeco\/wp-json\/wp\/v2\/types\/product"}],"replies":[{"embeddable":true,"href":"https:\/\/demo9.thuythu.vn\/reeco\/wp-json\/wp\/v2\/comments?post=2517"}],"wp:featuredmedia":[{"embeddable":true,"href":"https:\/\/demo9.thuythu.vn\/reeco\/wp-json\/wp\/v2\/media\/2526"}],"wp:attachment":[{"href":"https:\/\/demo9.thuythu.vn\/reeco\/wp-json\/wp\/v2\/media?parent=2517"}],"wp:term":[{"taxonomy":"product_cat","embeddable":true,"href":"https:\/\/demo9.thuythu.vn\/reeco\/wp-json\/wp\/v2\/product_cat?post=2517"},{"taxonomy":"product_tag","embeddable":true,"href":"https:\/\/demo9.thuythu.vn\/reeco\/wp-json\/wp\/v2\/product_tag?post=2517"}],"curies":[{"name":"wp","href":"https:\/\/api.w.org\/{rel}","templated":true}]}}