{"id":2500,"date":"2024-01-13T01:32:44","date_gmt":"2024-01-13T01:32:44","guid":{"rendered":"https:\/\/demo9.thuythu.vn\/reeco\/?post_type=product&#038;p=2500"},"modified":"2024-01-13T01:36:07","modified_gmt":"2024-01-13T01:36:07","slug":"fluoroprobe","status":"publish","type":"product","link":"https:\/\/demo9.thuythu.vn\/reeco\/san-pham\/fluoroprobe\/","title":{"rendered":"FluoroProbe"},"content":{"rendered":"","protected":false},"excerpt":{"rendered":"<p><span style=\"font-weight: 400;\">Model: BG0035.0000<\/span><\/p>\n<p><i><span style=\"font-weight: 400;\">Manufacturer: bbe Moldaenke GmbH<\/span><\/i><\/p>\n<p><i><span style=\"font-weight: 400;\">Made in Germany<\/span><\/i><\/p>\n<ul>\n<li style=\"font-weight: 400;\" aria-level=\"1\"><span style=\"font-weight: 400;\">Quan t\u1eafc, c\u1ea3nh b\u00e1o s\u1edbm hi\u1ec7n t\u01b0\u1ee3ng t\u1ea3o n\u1edf hoa, th\u1ee7y tri\u1ec1u \u0111\u1ecf \u1edf s\u1ed1ng h\u1ed3, \u0111\u1eadp, lu\u1ed3ng n\u01b0\u1edbc bi\u1ec3n<\/span><\/li>\n<li style=\"font-weight: 400;\" aria-level=\"1\"><span style=\"font-weight: 400;\">Quan tr\u1eafc, \u0111\u00e1nh gi\u00e1 m\u00f4i tr\u01b0\u1eddng \u2013 h\u1ec7 sinh th\u00e1i, m\u00f4i tr\u01b0\u1eddng nu\u00f4i tr\u1ed3ng th\u1ee7y h\u1ea3i s\u1ea3n<\/span><\/li>\n<li style=\"font-weight: 400;\" aria-level=\"1\"><span style=\"font-weight: 400;\">\u0110o \u0111\u1ea1c chlorophyll v\u00e0 c\u00e1c s\u1eafc t\u1ed1 kh\u00e1c nh\u01b0 phycoccyanine v\u00e0 phycoerythrine, flucoxanthine v\u00e0 peridinine<\/span><\/li>\n<li style=\"font-weight: 400;\" aria-level=\"1\"><span style=\"font-weight: 400;\">\u0110o \u0111\u1ea1c ph\u00e2n b\u1ed1 t\u1ea3o<\/span><\/li>\n<li style=\"font-weight: 400;\" aria-level=\"1\"><span style=\"font-weight: 400;\">Nghi\u00ean c\u1ee9u th\u1ee7y h\u1ecdc, h\u1ea3i d\u01b0\u01a1ng h\u1ecdc<\/span><\/li>\n<li style=\"font-weight: 400;\" aria-level=\"1\"><span style=\"font-weight: 400;\">Nghi\u00ean c\u1ee9u khoa h\u1ecdc v\u00e0 gi\u00e1o d\u1ee5c<\/span><\/li>\n<\/ul>\n","protected":false},"featured_media":2506,"comment_status":"open","ping_status":"closed","template":"","meta":[],"product_cat":[15],"product_tag":[],"acf":[],"lang":"vi","translations":{"vi":2500,"en":2508},"pll_sync_post":[],"_links":{"self":[{"href":"https:\/\/demo9.thuythu.vn\/reeco\/wp-json\/wp\/v2\/product\/2500"}],"collection":[{"href":"https:\/\/demo9.thuythu.vn\/reeco\/wp-json\/wp\/v2\/product"}],"about":[{"href":"https:\/\/demo9.thuythu.vn\/reeco\/wp-json\/wp\/v2\/types\/product"}],"replies":[{"embeddable":true,"href":"https:\/\/demo9.thuythu.vn\/reeco\/wp-json\/wp\/v2\/comments?post=2500"}],"wp:featuredmedia":[{"embeddable":true,"href":"https:\/\/demo9.thuythu.vn\/reeco\/wp-json\/wp\/v2\/media\/2506"}],"wp:attachment":[{"href":"https:\/\/demo9.thuythu.vn\/reeco\/wp-json\/wp\/v2\/media?parent=2500"}],"wp:term":[{"taxonomy":"product_cat","embeddable":true,"href":"https:\/\/demo9.thuythu.vn\/reeco\/wp-json\/wp\/v2\/product_cat?post=2500"},{"taxonomy":"product_tag","embeddable":true,"href":"https:\/\/demo9.thuythu.vn\/reeco\/wp-json\/wp\/v2\/product_tag?post=2500"}],"curies":[{"name":"wp","href":"https:\/\/api.w.org\/{rel}","templated":true}]}}