{"id":2455,"date":"2024-01-12T07:20:34","date_gmt":"2024-01-12T07:20:34","guid":{"rendered":"https:\/\/demo9.thuythu.vn\/reeco\/?post_type=product&#038;p=2455"},"modified":"2024-01-12T07:30:13","modified_gmt":"2024-01-12T07:30:13","slug":"may-quang-pho-phan-tich-chat-luong-nuoc-ysi-9500","status":"publish","type":"product","link":"https:\/\/demo9.thuythu.vn\/reeco\/san-pham\/may-quang-pho-phan-tich-chat-luong-nuoc-ysi-9500\/","title":{"rendered":"M\u00e1y quang ph\u1ed5 ph\u00e2n t\u00edch ch\u1ea5t l\u01b0\u1ee3ng n\u01b0\u1edbc YSI 9500"},"content":{"rendered":"","protected":false},"excerpt":{"rendered":"<p><span style=\"font-weight: 400;\">Model: 9500; H\u00e3ng s\u1ea3n xu\u1ea5t: YSI &#8211; USA.<\/span><\/p>\n<p><span style=\"font-weight: 400;\">Xu\u1ea5t x\u1ee9: Anh.<\/span><\/p>\n<ul>\n<li style=\"font-weight: 400;\" aria-level=\"1\"><span style=\"font-weight: 400;\">K\u1ebft qu\u1ea3 \u0111o hi\u1ec3n th\u1ecb tr\u1ef1c ti\u1ebfp tr\u00ean m\u00e0n h\u00ecnh<\/span><\/li>\n<li style=\"font-weight: 400;\" aria-level=\"1\"><span style=\"font-weight: 400;\">M\u00e0n h\u00ecnh \u0111\u1ed3 h\u1ecda<\/span><\/li>\n<li style=\"font-weight: 400;\" aria-level=\"1\"><span style=\"font-weight: 400;\">Ch\u1ec9 s\u1ed1 ch\u1ed1ng n\u01b0\u1edbc IP67<\/span><\/li>\n<li style=\"font-weight: 400;\" aria-level=\"1\"><span style=\"font-weight: 400;\">G\u00e1 \u0111\u1ee1 \u1ed1ng nghi\u1ec7m t\u1ef1 \u0111\u1ed9ng \u0111i\u1ec1u ch\u1ec9nh theo k\u00edch th\u01b0\u1edbc cuvet<\/span><\/li>\n<li style=\"font-weight: 400;\" aria-level=\"1\"><span style=\"font-weight: 400;\">B\u1ed9 nh\u1edb trong l\u00ean \u0111\u1ebfn 500 b\u1ed9 d\u1eef li\u1ec7u<\/span><\/li>\n<li style=\"font-weight: 400;\" aria-level=\"1\"><span style=\"font-weight: 400;\">Kh\u1ea3 n\u0103ng xu\u1ea5t d\u1eef li\u1ec7u v\u00e0o m\u00e1y t\u00ednh th\u00f4ng qua c\u1ed5ng USB<\/span><\/li>\n<\/ul>\n","protected":false},"featured_media":2458,"comment_status":"open","ping_status":"closed","template":"","meta":[],"product_cat":[15],"product_tag":[],"acf":[],"lang":"vi","translations":{"vi":2455,"en":2459},"pll_sync_post":[],"_links":{"self":[{"href":"https:\/\/demo9.thuythu.vn\/reeco\/wp-json\/wp\/v2\/product\/2455"}],"collection":[{"href":"https:\/\/demo9.thuythu.vn\/reeco\/wp-json\/wp\/v2\/product"}],"about":[{"href":"https:\/\/demo9.thuythu.vn\/reeco\/wp-json\/wp\/v2\/types\/product"}],"replies":[{"embeddable":true,"href":"https:\/\/demo9.thuythu.vn\/reeco\/wp-json\/wp\/v2\/comments?post=2455"}],"wp:featuredmedia":[{"embeddable":true,"href":"https:\/\/demo9.thuythu.vn\/reeco\/wp-json\/wp\/v2\/media\/2458"}],"wp:attachment":[{"href":"https:\/\/demo9.thuythu.vn\/reeco\/wp-json\/wp\/v2\/media?parent=2455"}],"wp:term":[{"taxonomy":"product_cat","embeddable":true,"href":"https:\/\/demo9.thuythu.vn\/reeco\/wp-json\/wp\/v2\/product_cat?post=2455"},{"taxonomy":"product_tag","embeddable":true,"href":"https:\/\/demo9.thuythu.vn\/reeco\/wp-json\/wp\/v2\/product_tag?post=2455"}],"curies":[{"name":"wp","href":"https:\/\/api.w.org\/{rel}","templated":true}]}}