{"id":2340,"date":"2024-01-11T07:17:28","date_gmt":"2024-01-11T07:17:28","guid":{"rendered":"https:\/\/demo9.thuythu.vn\/reeco\/?post_type=product&#038;p=2340"},"modified":"2024-01-11T07:23:32","modified_gmt":"2024-01-11T07:23:32","slug":"may-lay-mau-tu-dong-dong-ws","status":"publish","type":"product","link":"https:\/\/demo9.thuythu.vn\/reeco\/san-pham\/may-lay-mau-tu-dong-dong-ws\/","title":{"rendered":"M\u00e1y l\u1ea5y m\u1eabu t\u1ef1 \u0111\u1ed9ng d\u00f2ng WS"},"content":{"rendered":"","protected":false},"excerpt":{"rendered":"<p><strong>T\u00ednh n\u0103ng ch\u00ednh:<\/strong><\/p>\n<ul>\n<li>L\u00fd t\u01b0\u1edfng cho vi\u1ec7c l\u1ea5y m\u1eabu n\u01b0\u1edbc th\u1ea3i c\u00f4ng nghi\u1ec7p v\u00e0 m\u00f4i tr\u01b0\u1eddng<\/li>\n<li>Ch\u1ee9ng nh\u1eadn CE<\/li>\n<li>L\u1ea5y m\u1eabu k\u1ebft h\u1ee3p ho\u1eb7c l\u1ea5y m\u1eabu ri\u00eang bi\u1ec7t<\/li>\n<li>D\u1ec5 d\u00e0ng v\u1eadn h\u00e0nh &#8211; kh\u00f4ng y\u00eau c\u1ea7u l\u1eadp tr\u00ecnh<\/li>\n<li>\u0110\u1ea7u ra \u0111\u01b0\u1ee3c cung c\u1ea5p \u0111\u1ec3 s\u1eed d\u1ee5ng v\u1edbi m\u00e1y ghi d\u1eef li\u1ec7u quang h\u1ecdc<\/li>\n<li>G\u1ecdn nh\u1eb9 d\u1ec5 mang \u0111i<\/li>\n<li>C\u1ea5u tr\u00fac ch\u1eafc ch\u1eafn d\u00e0nh cho c\u00e1c m\u00f4i tr\u01b0\u1eddng kh\u1eafc nghi\u1ec7t<\/li>\n<li>\u0110\u00e1p \u1ee9ng \u0111\u01b0\u1ee3c c\u00e1c quy \u0111\u1ecbnh v\u1ec1 n\u01b0\u1edbc th\u1ea3i c\u1ee7a qu\u1ed1c gia, th\u00e0nh ph\u1ed1 v\u00e0 \u0111\u1ecba ph\u01b0\u01a1ng<\/li>\n<li>M\u1eabu th\u1eddi gian v\u00e0 m\u1eabu l\u01b0u l\u01b0\u1ee3ng xung b\u00ean ngo\u00e0i<\/li>\n<li>Dung t\u00edch m\u1eabu c\u00f3 th\u1ec3 \u0111i\u1ec1u ch\u1ec9nh v\u00e0 l\u1eb7p l\u1ea1i<\/li>\n<li>B\u01a1m nhu \u0111\u1ed9ng ng\u0103n ng\u1eeba \u00f4 nhi\u1ec5m m\u1eabu<\/li>\n<li>T\u1ef1 \u0111\u1ed9ng r\u1eeda ng\u01b0\u1ee3c l\u00e0m s\u1ea1ch b\u1ed9 l\u1ecdc v\u00e0 \u1ed1ng h\u00fat m\u1eabu<\/li>\n<li>Pin s\u1ea1c ho\u1eb7c ngu\u1ed3n cung c\u1ea5p \u0111i\u1ec7n xoay chi\u1ec1u<\/li>\n<li>C\u00f3 s\u1eb5n t\u00f9y ch\u1ecdn l\u00e0m l\u1ea1nh\/l\u00e0m m\u00e1t<\/li>\n<li>Ph\u01b0\u01a1ng ph\u00e1p thu th\u1eadp m\u1eabu n\u01b0\u1edbc d\u1ec5 d\u00e0ng v\u00e0 \u0111\u00e1ng tin c\u1eady nh\u1ea5t<\/li>\n<li>B\u00ecnh \u0111a n\u0103ng 1 gallon cho m\u1ed7i m\u00e1y b\u01a1m (WS750, WS755)<\/li>\n<li>B\u00ecnh nh\u1ef1a 2,5 gallon cho m\u1ed7i m\u00e1y b\u01a1m (WS700, WS705)<\/li>\n<\/ul>\n","protected":false},"featured_media":2343,"comment_status":"open","ping_status":"closed","template":"","meta":[],"product_cat":[15],"product_tag":[],"acf":[],"lang":"vi","translations":{"vi":2340,"en":2346},"pll_sync_post":[],"_links":{"self":[{"href":"https:\/\/demo9.thuythu.vn\/reeco\/wp-json\/wp\/v2\/product\/2340"}],"collection":[{"href":"https:\/\/demo9.thuythu.vn\/reeco\/wp-json\/wp\/v2\/product"}],"about":[{"href":"https:\/\/demo9.thuythu.vn\/reeco\/wp-json\/wp\/v2\/types\/product"}],"replies":[{"embeddable":true,"href":"https:\/\/demo9.thuythu.vn\/reeco\/wp-json\/wp\/v2\/comments?post=2340"}],"wp:featuredmedia":[{"embeddable":true,"href":"https:\/\/demo9.thuythu.vn\/reeco\/wp-json\/wp\/v2\/media\/2343"}],"wp:attachment":[{"href":"https:\/\/demo9.thuythu.vn\/reeco\/wp-json\/wp\/v2\/media?parent=2340"}],"wp:term":[{"taxonomy":"product_cat","embeddable":true,"href":"https:\/\/demo9.thuythu.vn\/reeco\/wp-json\/wp\/v2\/product_cat?post=2340"},{"taxonomy":"product_tag","embeddable":true,"href":"https:\/\/demo9.thuythu.vn\/reeco\/wp-json\/wp\/v2\/product_tag?post=2340"}],"curies":[{"name":"wp","href":"https:\/\/api.w.org\/{rel}","templated":true}]}}