{"id":2316,"date":"2024-01-11T04:39:18","date_gmt":"2024-01-11T04:39:18","guid":{"rendered":"https:\/\/demo9.thuythu.vn\/reeco\/?post_type=product&#038;p=2316"},"modified":"2024-01-11T04:41:23","modified_gmt":"2024-01-11T04:41:23","slug":"vot-bat-mau-dong-vat-day-theo-chuan-aqem-method","status":"publish","type":"product","link":"https:\/\/demo9.thuythu.vn\/reeco\/san-pham\/vot-bat-mau-dong-vat-day-theo-chuan-aqem-method\/","title":{"rendered":"V\u1ee3t b\u1eaft m\u1eabu \u0111\u1ed9ng v\u1eadt \u0111\u00e1y theo chu\u1ea9n AQEM-method"},"content":{"rendered":"","protected":false},"excerpt":{"rendered":"<p><span style=\"font-weight: 400;\">V\u1ee3t b\u1eaft m\u1eabu \u0111\u1ed9ng v\u1eadt \u0111\u00e1y \u0111\u01b0\u1ee3c thi\u1ebft k\u1ebf theo AQEM-method \u0111\u00e1p \u1ee9ng c\u00e1c y\u00eau c\u1ea7u c\u1ee7a<\/span><a href=\"https:\/\/en.wikipedia.org\/wiki\/Water_Framework_Directive\" rel=\"nofollow\"> <span style=\"font-weight: 400;\">Ch\u1ec9 d\u1eabn khung v\u1ec1 n\u01b0\u1edbc c\u1ee7a li\u00ean minh Ch\u00e2u \u00c2u (EWFD)<\/span><\/a><span style=\"font-weight: 400;\"> \u0111\u1ec3 thu c\u00e1c m\u1eabu \u0111\u1ed9ng v\u1eadt kh\u00f4ng x\u01b0\u01a1ng s\u1ed1ng.<\/span><\/p>\n<p><span style=\"font-weight: 400;\">Thu m\u1eabu b\u1eb1ng ph\u01b0\u01a1ng ph\u00e1p \u0111\u1eb7t v\u1ee3t, sau \u0111\u00f3 l\u00e0m x\u00e1o tr\u1ed9n nhi\u1ec1u t\u1ea7ng khu v\u1ef1c l\u1ea5y m\u1eabu b\u1eb1ng ch\u00e2n ho\u1eb7c tay. D\u00f2ng m\u1eabu n\u01b0\u1edbc ch\u1ea3y qua mi\u1ec7ng v\u1ee3t 25 x 25 cm, chi\u1ec1u s\u00e2u 70 cm v\u00e0 l\u1ed7 l\u01b0\u1edbi 500 microns.<\/span><\/p>\n<p><span style=\"font-weight: 400;\">V\u1ee3t b\u1eaft m\u1eabu \u0111\u1ed9ng v\u1eadt \u0111\u00e1y l\u00e0 ph\u01b0\u01a1ng ph\u00e1p chu\u1ea9n h\u00f3a \u0111\u1ec3 b\u1eaft m\u1eabu \u0111\u1ed9ng v\u1eadt kh\u00f4ng x\u01b0\u01a1ng s\u1ed1ng \u1edf c\u00e1c d\u00f2ng n\u01b0\u1edbc n\u00f4ng. Khung v\u1ee3t b\u1eb1ng th\u00e9p kh\u00f4ng g\u1ec9 \u0111\u1eb7c ch\u1ee7ng c\u00f3 \u0111\u1ed9 b\u1ec1n cao. Ch\u1ed1t g\u1eafn g\u1eady c\u1ea7m tay c\u00f3 \u0111\u01b0\u1eddng k\u00ednh trong 20 mm. G\u1eady c\u1ea7m tay \u0111i\u1ec1u ch\u1ec9nh \u0111\u01b0\u1ee3c c\u00e1c \u0111\u1ed9 d\u00e0i kh\u00e1c nhau c\u00f3 th\u1ec3 cung c\u1ea5p theo y\u00eau c\u1ea7u c\u1ee5 th\u1ec3 c\u1ee7a kh\u00e1ch h\u00e0ng.<\/span><\/p>\n","protected":false},"featured_media":2317,"comment_status":"open","ping_status":"closed","template":"","meta":[],"product_cat":[15],"product_tag":[],"acf":[],"lang":"vi","translations":{"vi":2316,"en":2318},"pll_sync_post":[],"_links":{"self":[{"href":"https:\/\/demo9.thuythu.vn\/reeco\/wp-json\/wp\/v2\/product\/2316"}],"collection":[{"href":"https:\/\/demo9.thuythu.vn\/reeco\/wp-json\/wp\/v2\/product"}],"about":[{"href":"https:\/\/demo9.thuythu.vn\/reeco\/wp-json\/wp\/v2\/types\/product"}],"replies":[{"embeddable":true,"href":"https:\/\/demo9.thuythu.vn\/reeco\/wp-json\/wp\/v2\/comments?post=2316"}],"wp:featuredmedia":[{"embeddable":true,"href":"https:\/\/demo9.thuythu.vn\/reeco\/wp-json\/wp\/v2\/media\/2317"}],"wp:attachment":[{"href":"https:\/\/demo9.thuythu.vn\/reeco\/wp-json\/wp\/v2\/media?parent=2316"}],"wp:term":[{"taxonomy":"product_cat","embeddable":true,"href":"https:\/\/demo9.thuythu.vn\/reeco\/wp-json\/wp\/v2\/product_cat?post=2316"},{"taxonomy":"product_tag","embeddable":true,"href":"https:\/\/demo9.thuythu.vn\/reeco\/wp-json\/wp\/v2\/product_tag?post=2316"}],"curies":[{"name":"wp","href":"https:\/\/api.w.org\/{rel}","templated":true}]}}