{"id":2230,"date":"2024-01-11T02:40:55","date_gmt":"2024-01-11T02:40:55","guid":{"rendered":"https:\/\/demo9.thuythu.vn\/reeco\/?post_type=product&#038;p=2230"},"modified":"2024-01-11T02:44:12","modified_gmt":"2024-01-11T02:44:12","slug":"thiet-bi-lay-mau-nuoc-ruttner","status":"publish","type":"product","link":"https:\/\/demo9.thuythu.vn\/reeco\/san-pham\/thiet-bi-lay-mau-nuoc-ruttner\/","title":{"rendered":"Thi\u1ebft b\u1ecb l\u1ea5y m\u1eabu n\u01b0\u1edbc Ruttner"},"content":{"rendered":"","protected":false},"excerpt":{"rendered":"<p><span style=\"font-weight: 400;\">D\u1ef1a tr\u00ean thi\u1ebft k\u1ebf c\u1ee7a GS.TS. Franz Ruttner, c\u00e1c model Thi\u1ebft b\u1ecb l\u1ea5y m\u1eabu n\u01b0\u1edbc Ruttner thu\u1eadn ti\u1ec7n v\u00e0 linh ho\u1ea1t \u0111\u1ec3 l\u1ea5y m\u1eabu n\u01b0\u1edbc \u1edf b\u1ea5t k\u1ef3 \u0111\u1ed9 s\u00e2u mong mu\u1ed1n.<\/span><\/p>\n<p><span style=\"font-weight: 400;\">\u1ed0ng l\u1ea5y m\u1eabu trong su\u1ed1t \u0111\u01b0\u1ee3c thi\u1ebft k\u1ebf m\u1ed9t c\u00e1ch th\u1ef1c d\u1ee5ng v\u00e0 thu\u1eadn ti\u1ec7n. C\u01a1 ch\u1ebf \u0111\u00f3ng \u1ed1ng l\u1ea5y m\u1eabu n\u1ed5i b\u1eadt mang l\u1ea1i s\u1ef1 n\u1ed5i ti\u1ebfng v\u00e0 tin c\u1eady cho d\u00f2ng s\u1ea3n ph\u1ea9m n\u00e0y trong nhi\u1ec1u n\u0103m qua.<\/span><\/p>\n<h5><b>C\u01a1 ch\u1ebf ho\u1ea1t \u0111\u1ed9ng<\/b><\/h5>\n<p><span style=\"font-weight: 400;\">\u1ed0ng l\u1ea5y m\u1eabu n\u01b0\u1edbc ti\u00eau chu\u1ea9n (tr\u1ea1ng th\u00e1i m\u1edf)\u00a0 \u0111\u01b0\u1ee3c h\u1ea1 xu\u1ed1ng n\u01b0\u1edbc b\u1eb1ng d\u00e2y. Khi \u0111\u1ea1t t\u1edbi \u0111\u1ed9 s\u00e2u mong mu\u1ed1n, con chuy\u1ec3n (messenger) s\u1ebd \u0111\u01b0\u1ee3c th\u1ea3 \u0111\u1ec3 k\u00edch ho\u1ea1t c\u01a1 ch\u1ebf \u0111\u00f3ng c\u00e1c n\u1eafp \u1edf hai \u0111\u1ea7u \u1ed1ng l\u1ea5y m\u1eabu. Thi\u1ebft b\u1ecb l\u1ea5y m\u1eabu n\u01b0\u1edbc Ruttner \u0111\u01b0\u1ee3c t\u00edch h\u1ee3p nhi\u1ec7t \u0111\u1ed9 k\u1ebf,d\u1ea3i\u00a0 \u0111o t\u1eeb -2\u00b0 \u0111\u1ebfn +30\u00b0C, \u0111\u1ec3 hi\u1ec3n th\u1ecb nhi\u1ec7t \u0111\u1ed9 c\u1ee7a m\u1eabu. Ng\u01b0\u1eddi d\u00f9ng c\u00f3 th\u1ec3 l\u1ea5y m\u1eabu d\u1ec5 d\u00e0ng b\u1eb1ng c\u00e1ch m\u1edf v\u00f2i \u1edf n\u1eafp d\u01b0\u1edbi.<\/span><\/p>\n","protected":false},"featured_media":2234,"comment_status":"open","ping_status":"closed","template":"","meta":[],"product_cat":[15],"product_tag":[646,648,644],"acf":[],"lang":"vi","translations":{"vi":2230,"en":2241},"pll_sync_post":[],"_links":{"self":[{"href":"https:\/\/demo9.thuythu.vn\/reeco\/wp-json\/wp\/v2\/product\/2230"}],"collection":[{"href":"https:\/\/demo9.thuythu.vn\/reeco\/wp-json\/wp\/v2\/product"}],"about":[{"href":"https:\/\/demo9.thuythu.vn\/reeco\/wp-json\/wp\/v2\/types\/product"}],"replies":[{"embeddable":true,"href":"https:\/\/demo9.thuythu.vn\/reeco\/wp-json\/wp\/v2\/comments?post=2230"}],"wp:featuredmedia":[{"embeddable":true,"href":"https:\/\/demo9.thuythu.vn\/reeco\/wp-json\/wp\/v2\/media\/2234"}],"wp:attachment":[{"href":"https:\/\/demo9.thuythu.vn\/reeco\/wp-json\/wp\/v2\/media?parent=2230"}],"wp:term":[{"taxonomy":"product_cat","embeddable":true,"href":"https:\/\/demo9.thuythu.vn\/reeco\/wp-json\/wp\/v2\/product_cat?post=2230"},{"taxonomy":"product_tag","embeddable":true,"href":"https:\/\/demo9.thuythu.vn\/reeco\/wp-json\/wp\/v2\/product_tag?post=2230"}],"curies":[{"name":"wp","href":"https:\/\/api.w.org\/{rel}","templated":true}]}}