{"id":2223,"date":"2024-01-11T02:19:48","date_gmt":"2024-01-11T02:19:48","guid":{"rendered":"https:\/\/demo9.thuythu.vn\/reeco\/?post_type=product&#038;p=2223"},"modified":"2024-01-17T15:30:52","modified_gmt":"2024-01-17T08:30:52","slug":"thiet-bi-do-ap-suat-khi-quyen-ptb330","status":"publish","type":"product","link":"https:\/\/demo9.thuythu.vn\/reeco\/san-pham\/thiet-bi-do-ap-suat-khi-quyen-ptb330\/","title":{"rendered":"Thi\u1ebft b\u1ecb \u0111o \u00e1p su\u1ea5t kh\u00ed quy\u1ec3n PTB330"},"content":{"rendered":"","protected":false},"excerpt":{"rendered":"<ul>\n<li><i><span style=\"font-weight: 400;\">Model: PTB330<\/span><\/i><\/li>\n<li><i><span style=\"font-weight: 400;\">H\u00e3ng s\u1ea3n xu\u1ea5t: Vaisala \u2013 Ph\u1ea7n Lan<\/span><\/i><\/li>\n<\/ul>\n<p><span style=\"font-weight: 400;\">Thi\u1ebft b\u1ecb \u0111o \u00e1p su\u1ea5t kh\u00ed quy\u1ec3n v\u1edbi \u0111\u1ed9 ch\u00ednh x\u00e1c cao, \u0111\u1ed9 tr\u1ec5 th\u1ea5p v\u00e0 \u0111\u1ed9 \u1ed5n \u0111\u1ecbnh kh\u00ed quy\u1ec3n trong b\u1ea5t k\u00ec ho\u00e0n c\u1ea3nh kh\u1eafc nghi\u1ec7t.<\/span><\/p>\n<p><b>\u0110\u1eb7c \u0111i\u1ec3m<\/b><\/p>\n<ul>\n<li style=\"font-weight: 400;\" aria-level=\"1\"><span style=\"font-weight: 400;\">S\u1eed d\u1ee5ng c\u1ea3m bi\u1ebfn Vaisala BAROCAP<\/span><\/li>\n<li style=\"font-weight: 400;\" aria-level=\"1\"><span style=\"font-weight: 400;\">Th\u00f4ng s\u1ed1 \u0111o l\u01b0\u1eddng ch\u00ednh x\u00e1c v\u00e0 t\u00ednh \u1ed5n \u0111\u1ecbnh d\u00e0i l\u00e2u<\/span><\/li>\n<li style=\"font-weight: 400;\" aria-level=\"1\"><span style=\"font-weight: 400;\">M\u00e0n h\u00ecnh hi\u1ec3n th\u1ecb xu h\u01b0\u1edbng \u0111\u1ed3 h\u1ecda v\u1edbi d\u1eef li\u1ec7u l\u1ecbch s\u1eed \u0111\u1ebfn 1 n\u0103m<\/span><\/li>\n<li style=\"font-weight: 400;\" aria-level=\"1\"><span style=\"font-weight: 400;\">\u00c1p su\u1ea5t \u0111\u01b0\u1ee3c \u0111i\u1ec1u ch\u1ec9nh theo \u0111\u1ed9 cao QFE ho\u1eb7c QNH<\/span><\/li>\n<li style=\"font-weight: 400;\" aria-level=\"1\"><span style=\"font-weight: 400;\">V\u1ecf ch\u1ed1ng \u0103n m\u00f2n IP65\/IP66, ph\u00f9 h\u1ee3p v\u1edbi m\u00f4i tr\u01b0\u1eddng ngo\u00e0i tr\u1eddi v\u00e0 bi\u1ec3n<\/span><\/li>\n<li style=\"font-weight: 400;\" aria-level=\"1\"><span style=\"font-weight: 400;\">Hi\u1ec3n th\u1ecb \u0111a ng\u00f4n ng\u1eef cho ph\u00e9p xem d\u1eef li\u1ec7u b\u1eb1ng ti\u1ebfng Anh, ti\u1ebfng \u0110\u1ee9c, ti\u1ebfng Ph\u00e1p, ti\u1ebfng T\u00e2y Ban Nha, ti\u1ebfng Th\u1ee5y \u0110i\u1ec3n, ti\u1ebfng Ph\u1ea7n Lan, ti\u1ebfng Nh\u1eadt ho\u1eb7c ti\u1ebfng Nga.<\/span><\/li>\n<\/ul>\n","protected":false},"featured_media":2226,"comment_status":"open","ping_status":"closed","template":"","meta":[],"product_cat":[15],"product_tag":[],"acf":[],"lang":"vi","translations":{"vi":2223,"en":2228},"pll_sync_post":[],"_links":{"self":[{"href":"https:\/\/demo9.thuythu.vn\/reeco\/wp-json\/wp\/v2\/product\/2223"}],"collection":[{"href":"https:\/\/demo9.thuythu.vn\/reeco\/wp-json\/wp\/v2\/product"}],"about":[{"href":"https:\/\/demo9.thuythu.vn\/reeco\/wp-json\/wp\/v2\/types\/product"}],"replies":[{"embeddable":true,"href":"https:\/\/demo9.thuythu.vn\/reeco\/wp-json\/wp\/v2\/comments?post=2223"}],"wp:featuredmedia":[{"embeddable":true,"href":"https:\/\/demo9.thuythu.vn\/reeco\/wp-json\/wp\/v2\/media\/2226"}],"wp:attachment":[{"href":"https:\/\/demo9.thuythu.vn\/reeco\/wp-json\/wp\/v2\/media?parent=2223"}],"wp:term":[{"taxonomy":"product_cat","embeddable":true,"href":"https:\/\/demo9.thuythu.vn\/reeco\/wp-json\/wp\/v2\/product_cat?post=2223"},{"taxonomy":"product_tag","embeddable":true,"href":"https:\/\/demo9.thuythu.vn\/reeco\/wp-json\/wp\/v2\/product_tag?post=2223"}],"curies":[{"name":"wp","href":"https:\/\/api.w.org\/{rel}","templated":true}]}}