{"id":2139,"date":"2024-01-10T09:08:44","date_gmt":"2024-01-10T09:08:44","guid":{"rendered":"https:\/\/demo9.thuythu.vn\/reeco\/?post_type=product&#038;p=2139"},"modified":"2024-01-12T08:52:33","modified_gmt":"2024-01-12T08:52:33","slug":"thiet-bi-do-da-thong-so-chat-luong-nuoc-cam-tay-prodss","status":"publish","type":"product","link":"https:\/\/demo9.thuythu.vn\/reeco\/san-pham\/thiet-bi-do-da-thong-so-chat-luong-nuoc-cam-tay-prodss\/","title":{"rendered":"Thi\u1ebft b\u1ecb \u0111o \u0111a th\u00f4ng s\u1ed1 ch\u1ea5t l\u01b0\u1ee3ng n\u01b0\u1edbc c\u1ea7m tay \u2013 ProDSS"},"content":{"rendered":"","protected":false},"excerpt":{"rendered":"<p><span style=\"font-weight: 400;\">Model: ProDSS; H\u00e3ng s\u1ea3n xu\u1ea5t: YSI &#8211; USA.<\/span><\/p>\n<p><span style=\"font-weight: 400;\">Xu\u1ea5t x\u1ee9: M\u1ef9.<\/span><\/p>\n<ul>\n<li><span style=\"font-weight: 400;\">Thi\u1ebft b\u1ecb \u0111o \u0111a th\u00f4ng s\u1ed1 ProDSS (digital sampling system) l\u00e0 thi\u1ebft b\u1ecb th\u00f4ng minh, gi\u00fap \u0111o \u0111\u1ea1c nhanh ch\u00f3ng c\u00f9ng m\u1ed9t l\u00fac nhi\u1ec1u ch\u1ec9 ti\u00eau ch\u1ea5t l\u01b0\u1ee3ng n\u01b0\u1edbc hi\u1ec7n tr\u01b0\u1eddng v\u00e0 trong ph\u00f2ng th\u00ed nghi\u1ec7m cho c\u00e1c l\u0129nh v\u1ef1c nh\u01b0 quan tr\u1eafc n\u01b0\u1edbc b\u1ec1 m\u1eb7t, n\u01b0\u1edbc ng\u1ea7m, n\u01b0\u1edbc b\u1edd bi\u1ec3n\/c\u1eeda s\u00f4ng v\u00e0 nu\u00f4i tr\u1ed3ng th\u1ee7y s\u1ea3n,\u2026<\/span><\/li>\n<li style=\"font-weight: 400;\" aria-level=\"1\"><span style=\"font-weight: 400;\">Sensor k\u1ef9 thu\u1eadt s\u1ed1 th\u00f4ng minh: T\u1ef1 \u0111\u1ed9ng nh\u1eadn t\u00edn hi\u1ec7u t\u1eeb sensor v\u00e0 d\u1eef li\u1ec7u hi\u1ec7u chu\u1ea9n. C\u00e1c sensor ho\u1ea1t \u0111\u1ed9ng \u0111\u1ed9c l\u1eadp, do \u0111\u00f3, vi\u1ec7c h\u01b0 h\u1ecfng (n\u1ebfu c\u00f3 x\u1ea3y ra) c\u1ee7a sensor n\u00e0y th\u00ec s\u1ebd kh\u00f4ng \u1ea3nh h\u01b0\u1edfng \u0111\u1ebfn c\u00e1c sensor kh\u00e1c<\/span><\/li>\n<li style=\"font-weight: 400;\" aria-level=\"1\"><span style=\"font-weight: 400;\">C\u00e1p v\u00e0 c\u1ea3m bi\u1ebfn c\u00f3 kh\u1ea3 n\u0103ng thay \u0111\u1ed5i linh \u0111\u1ed9ng<\/span> <span style=\"font-weight: 400;\">ph\u1ee5 v\u1ee5 \u0111a d\u1ea1ng nhu c\u1ea7u s\u1eed d\u1ee5ng<\/span><\/li>\n<li style=\"font-weight: 400;\" aria-level=\"1\"><span style=\"font-weight: 400;\">Ph\u1ea7n m\u1ec1m KorDSS,\u00a0 k\u1ebft n\u1ed1i USB OTG (On-The-Go) h\u1ed7 tr\u1ee3 qu\u1ea3n l\u00fd d\u1eef li\u1ec7u<\/span><\/li>\n<li style=\"font-weight: 400;\" aria-level=\"1\"><span style=\"font-weight: 400;\">Ngu\u1ed3n \u0111i\u1ec7n:<\/span> <span style=\"font-weight: 400;\">Pin s\u1ea1c lithium-ion c\u00f3 dung l\u01b0\u1ee3ng l\u1edbn<\/span> <span style=\"font-weight: 400;\">\u0111\u1ea3m b\u1ea3o ho\u1ea1t \u0111\u1ed9ng \u1ed5n \u0111\u1ecbnh<\/span><\/li>\n<li style=\"font-weight: 400;\" aria-level=\"1\"><span style=\"font-weight: 400;\">M\u00e0n h\u00ecnh m\u00e0u, b\u00e0n ph\u00edm Backlit, menu \u0111i\u1ec1u khi\u1ec3n ho\u1ea1t \u0111\u1ed9ng \u0111\u01a1n gi\u1ea3n h\u00f3a qu\u00e1 tr\u00ecnh \u0111o \u0111\u1ea1c<\/span><\/li>\n<li style=\"font-weight: 400;\" aria-level=\"1\"><span style=\"font-weight: 400;\">GPS (theo t\u00f9y ch\u1ecdn)<\/span><\/li>\n<li style=\"font-weight: 400;\" aria-level=\"1\"><span style=\"font-weight: 400;\">Sensor \u0111\u1ed9 s\u00e2u theo t\u00f9y ch\u1ecdn v\u1edbi c\u00e1p d\u00e0i 100 m<\/span><\/li>\n<li style=\"font-weight: 400;\" aria-level=\"1\"><span style=\"font-weight: 400;\">B\u1ed9 nh\u1edb l\u1edbn (&gt;100,000 data sets)<\/span> <span style=\"font-weight: 400;\">v\u1edbi kh\u1ea3 n\u0103ng m\u1edf r\u1ed9ng site list<\/span><\/li>\n<\/ul>\n","protected":false},"featured_media":2483,"comment_status":"open","ping_status":"closed","template":"","meta":[],"product_cat":[15],"product_tag":[],"acf":[],"lang":"vi","translations":{"vi":2139,"en":2140},"pll_sync_post":[],"_links":{"self":[{"href":"https:\/\/demo9.thuythu.vn\/reeco\/wp-json\/wp\/v2\/product\/2139"}],"collection":[{"href":"https:\/\/demo9.thuythu.vn\/reeco\/wp-json\/wp\/v2\/product"}],"about":[{"href":"https:\/\/demo9.thuythu.vn\/reeco\/wp-json\/wp\/v2\/types\/product"}],"replies":[{"embeddable":true,"href":"https:\/\/demo9.thuythu.vn\/reeco\/wp-json\/wp\/v2\/comments?post=2139"}],"wp:featuredmedia":[{"embeddable":true,"href":"https:\/\/demo9.thuythu.vn\/reeco\/wp-json\/wp\/v2\/media\/2483"}],"wp:attachment":[{"href":"https:\/\/demo9.thuythu.vn\/reeco\/wp-json\/wp\/v2\/media?parent=2139"}],"wp:term":[{"taxonomy":"product_cat","embeddable":true,"href":"https:\/\/demo9.thuythu.vn\/reeco\/wp-json\/wp\/v2\/product_cat?post=2139"},{"taxonomy":"product_tag","embeddable":true,"href":"https:\/\/demo9.thuythu.vn\/reeco\/wp-json\/wp\/v2\/product_tag?post=2139"}],"curies":[{"name":"wp","href":"https:\/\/api.w.org\/{rel}","templated":true}]}}