{"id":2004,"date":"2024-01-10T06:38:35","date_gmt":"2024-01-10T06:38:35","guid":{"rendered":"https:\/\/demo9.thuythu.vn\/reeco\/?post_type=product&#038;p=2004"},"modified":"2024-01-10T06:40:39","modified_gmt":"2024-01-10T06:40:39","slug":"pipet-hut-mau-theo-chuan-hensen","status":"publish","type":"product","link":"https:\/\/demo9.thuythu.vn\/reeco\/san-pham\/pipet-hut-mau-theo-chuan-hensen\/","title":{"rendered":"Pipet h\u00fat m\u1eabu theo chu\u1ea9n Hensen"},"content":{"rendered":"","protected":false},"excerpt":{"rendered":"<p><span style=\"font-weight: 400;\">Pipet h\u00fat m\u1eabu theo chu\u1ea9n Hensen (Plunger Sampling Pipettes acc. to Hensen) l\u00e0 d\u1ee5ng c\u1ee5 \u0111\u01a1n gi\u1ea3n nh\u01b0ng ch\u00ednh x\u00e1c, d\u00f9ng \u0111\u1ec3 l\u1ea5y m\u1ed9t l\u01b0\u1ee3ng nh\u1ecf m\u1eabu phi\u00eau sinh v\u1eadt \u0111\u1ea1i di\u1ec7n. Th\u1ec3 t\u00edch m\u1eabu \u0111\u01b0\u1ee3c x\u00e1c \u0111\u1ecbnh ch\u00ednh x\u00e1c qua d\u1ea1ng h\u00ecnh c\u1ee7a piston. M\u1ed7i pipet h\u00fat m\u1eabu \u0111\u01b0\u1ee3c cung c\u1ea5p k\u00e8m theo chai pha lo\u00e3ng v\u00e0 n\u00fat \u0111\u00f3ng.<\/span><\/p>\n","protected":false},"featured_media":2008,"comment_status":"open","ping_status":"closed","template":"","meta":[],"product_cat":[15],"product_tag":[],"acf":[],"lang":"vi","translations":{"vi":2004,"en":2011},"pll_sync_post":[],"_links":{"self":[{"href":"https:\/\/demo9.thuythu.vn\/reeco\/wp-json\/wp\/v2\/product\/2004"}],"collection":[{"href":"https:\/\/demo9.thuythu.vn\/reeco\/wp-json\/wp\/v2\/product"}],"about":[{"href":"https:\/\/demo9.thuythu.vn\/reeco\/wp-json\/wp\/v2\/types\/product"}],"replies":[{"embeddable":true,"href":"https:\/\/demo9.thuythu.vn\/reeco\/wp-json\/wp\/v2\/comments?post=2004"}],"wp:featuredmedia":[{"embeddable":true,"href":"https:\/\/demo9.thuythu.vn\/reeco\/wp-json\/wp\/v2\/media\/2008"}],"wp:attachment":[{"href":"https:\/\/demo9.thuythu.vn\/reeco\/wp-json\/wp\/v2\/media?parent=2004"}],"wp:term":[{"taxonomy":"product_cat","embeddable":true,"href":"https:\/\/demo9.thuythu.vn\/reeco\/wp-json\/wp\/v2\/product_cat?post=2004"},{"taxonomy":"product_tag","embeddable":true,"href":"https:\/\/demo9.thuythu.vn\/reeco\/wp-json\/wp\/v2\/product_tag?post=2004"}],"curies":[{"name":"wp","href":"https:\/\/api.w.org\/{rel}","templated":true}]}}