{"id":1914,"date":"2024-01-10T02:28:29","date_gmt":"2024-01-10T02:28:29","guid":{"rendered":"https:\/\/demo9.thuythu.vn\/reeco\/?post_type=product&#038;p=1914"},"modified":"2024-01-10T02:32:27","modified_gmt":"2024-01-10T02:32:27","slug":"khay-dem-thuc-vat-phu-du-theo-chuan-kolkwitz","status":"publish","type":"product","link":"https:\/\/demo9.thuythu.vn\/reeco\/san-pham\/khay-dem-thuc-vat-phu-du-theo-chuan-kolkwitz\/","title":{"rendered":"Khay \u0111\u1ebfm th\u1ef1c v\u1eadt ph\u00f9 du theo chu\u1ea9n Kolkwitz"},"content":{"rendered":"","protected":false},"excerpt":{"rendered":"<p style=\"text-align: justify;\"><span style=\"font-weight: 400;\">Khay \u0111\u1ebfm th\u1ef1c v\u1eadt ph\u00f9 du theo chu\u1ea9n Kolkwitz \u0111\u01b0\u1ee3c thi\u1ebft k\u1ebf \u0111\u1ec3 d\u1ec5 d\u00e0ng \u0111\u1ebfm l\u01b0\u1ee3ng nh\u1ecf c\u00e1c th\u1ef1c v\u1eadt ph\u00f9 du. K\u00edch th\u01b0\u1edbc khay \u0111\u1ebfm nh\u1ecf n\u00ean d\u1ec5 d\u00e0ng s\u1eed d\u1ee5ng v\u1edbi c\u00e1c lo\u1ea1i<\/span><a href=\"https:\/\/vi.wikipedia.org\/wiki\/K%C3%ADnh_hi%E1%BB%83n_vi\" rel=\"nofollow\"> <span style=\"font-weight: 400;\">k\u00ednh hi\u1ec3n vi<\/span><\/a><span style=\"font-weight: 400;\"> sinh h\u1ecdc ti\u00eau chu\u1ea9n, k\u00ednh hi\u1ec3n vi \u0111\u1ea3o ng\u01b0\u1ee3c ho\u1eb7c k\u00ednh hi\u1ec3n vi soi n\u1ed5i.<\/span><\/p>\n<p style=\"text-align: justify;\"><span style=\"font-weight: 400;\">Khay \u0111\u1ebfm th\u1ef1c v\u1eadt ph\u00f9 du \u0111\u01b0\u1ee3c ch\u1ebf t\u1ea1o b\u1eb1ng th\u1ee7y tinh, c\u00f3 th\u1ec3 t\u00edch ch\u00ednh x\u00e1c. N\u1eafp ch\u1ee5p c\u00f3 l\u01b0\u1edbi \u0111\u1ebfm tr\u1ef1c giao gi\u00fap ng\u01b0\u1eddi s\u1eed d\u1ee5ng d\u1ec5 d\u00e0ng quy v\u00f9ng \u0111\u1ebfm.<\/span><\/p>\n","protected":false},"featured_media":1916,"comment_status":"open","ping_status":"closed","template":"","meta":[],"product_cat":[15],"product_tag":[595,597],"acf":[],"lang":"vi","translations":{"vi":1914,"en":1918},"pll_sync_post":[],"_links":{"self":[{"href":"https:\/\/demo9.thuythu.vn\/reeco\/wp-json\/wp\/v2\/product\/1914"}],"collection":[{"href":"https:\/\/demo9.thuythu.vn\/reeco\/wp-json\/wp\/v2\/product"}],"about":[{"href":"https:\/\/demo9.thuythu.vn\/reeco\/wp-json\/wp\/v2\/types\/product"}],"replies":[{"embeddable":true,"href":"https:\/\/demo9.thuythu.vn\/reeco\/wp-json\/wp\/v2\/comments?post=1914"}],"wp:featuredmedia":[{"embeddable":true,"href":"https:\/\/demo9.thuythu.vn\/reeco\/wp-json\/wp\/v2\/media\/1916"}],"wp:attachment":[{"href":"https:\/\/demo9.thuythu.vn\/reeco\/wp-json\/wp\/v2\/media?parent=1914"}],"wp:term":[{"taxonomy":"product_cat","embeddable":true,"href":"https:\/\/demo9.thuythu.vn\/reeco\/wp-json\/wp\/v2\/product_cat?post=1914"},{"taxonomy":"product_tag","embeddable":true,"href":"https:\/\/demo9.thuythu.vn\/reeco\/wp-json\/wp\/v2\/product_tag?post=1914"}],"curies":[{"name":"wp","href":"https:\/\/api.w.org\/{rel}","templated":true}]}}