{"id":1830,"date":"2024-01-09T07:49:51","date_gmt":"2024-01-09T07:49:51","guid":{"rendered":"https:\/\/demo9.thuythu.vn\/reeco\/?post_type=product&#038;p=1830"},"modified":"2024-01-11T06:36:12","modified_gmt":"2024-01-11T06:36:12","slug":"bo-kich-hoat-dong-gau-lay-mau-bang-tay","status":"publish","type":"product","link":"https:\/\/demo9.thuythu.vn\/reeco\/san-pham\/bo-kich-hoat-dong-gau-lay-mau-bang-tay\/","title":{"rendered":"B\u1ed9 k\u00edch ho\u1ea1t \u0111\u00f3ng g\u00e0u l\u1ea5y m\u1eabu b\u1eb1ng tay"},"content":{"rendered":"","protected":false},"excerpt":{"rendered":"<p><span style=\"font-weight: 400;\">\u1ede v\u00f9ng n\u01b0\u1edbc n\u00f4ng, ng\u01b0\u1eddi d\u00f9ng c\u00f3 th\u1ec3 d\u1ec5 d\u00e0ng thao t\u00e1c l\u1ea5y m\u1eabu tr\u1ea7m t\u00edch b\u1eb1ng g\u00e0u Ekman-Birge v\u00e0 Lenz v\u1edbi b\u1ed9 k\u00edch ho\u1ea1t \u0111\u00f3ng g\u00e0u l\u1ea5y m\u1eabu b\u1eb1ng tay. G\u00e0u l\u1ea5y m\u1eabu \u0111\u01b0\u1ee3c k\u00edch ho\u1ea1t \u0111\u00f3ng l\u1ea1i b\u1eb1ng c\u00e1ch d\u00f9ng tay \u0111\u1ea9y m\u1ea1nh g\u1eady theo chi\u1ec1u h\u01b0\u1edbng xu\u1ed1ng n\u01b0\u1edbc. Ng\u01b0\u1eddi d\u00f9ng ch\u1ecdn t\u00f9y \u00fd m\u1ed9t g\u1eady th\u00edch h\u1ee3p b\u1ea5t k\u1ef3\u00a0 20 mm \u0111\u1ec3 g\u1eafn v\u1edbi b\u1ed9 k\u00edch ho\u1ea1t \u0111\u00f3ng g\u00e0u l\u1ea5y m\u1eabu b\u1eb1ng tay l\u00e0 c\u00f3 th\u1ec3 thao t\u00e1c \u0111\u01b0\u1ee3c<\/span><\/p>\n","protected":false},"featured_media":1832,"comment_status":"open","ping_status":"closed","template":"","meta":[],"product_cat":[15],"product_tag":[],"acf":[],"lang":"vi","translations":{"vi":1830,"en":1834},"pll_sync_post":[],"_links":{"self":[{"href":"https:\/\/demo9.thuythu.vn\/reeco\/wp-json\/wp\/v2\/product\/1830"}],"collection":[{"href":"https:\/\/demo9.thuythu.vn\/reeco\/wp-json\/wp\/v2\/product"}],"about":[{"href":"https:\/\/demo9.thuythu.vn\/reeco\/wp-json\/wp\/v2\/types\/product"}],"replies":[{"embeddable":true,"href":"https:\/\/demo9.thuythu.vn\/reeco\/wp-json\/wp\/v2\/comments?post=1830"}],"wp:featuredmedia":[{"embeddable":true,"href":"https:\/\/demo9.thuythu.vn\/reeco\/wp-json\/wp\/v2\/media\/1832"}],"wp:attachment":[{"href":"https:\/\/demo9.thuythu.vn\/reeco\/wp-json\/wp\/v2\/media?parent=1830"}],"wp:term":[{"taxonomy":"product_cat","embeddable":true,"href":"https:\/\/demo9.thuythu.vn\/reeco\/wp-json\/wp\/v2\/product_cat?post=1830"},{"taxonomy":"product_tag","embeddable":true,"href":"https:\/\/demo9.thuythu.vn\/reeco\/wp-json\/wp\/v2\/product_tag?post=1830"}],"curies":[{"name":"wp","href":"https:\/\/api.w.org\/{rel}","templated":true}]}}