{"id":1790,"date":"2024-01-09T06:27:41","date_gmt":"2024-01-09T06:27:41","guid":{"rendered":"https:\/\/demo9.thuythu.vn\/reeco\/?post_type=product&#038;p=1790"},"modified":"2024-01-12T09:20:29","modified_gmt":"2024-01-12T09:20:29","slug":"benthotorch","status":"publish","type":"product","link":"https:\/\/demo9.thuythu.vn\/reeco\/san-pham\/benthotorch\/","title":{"rendered":"BenthoTorch"},"content":{"rendered":"","protected":false},"excerpt":{"rendered":"<p><span style=\"font-weight: 400;\">M\u00e3 s\u1ea3n ph\u1ea9m: BG0367.0000<\/span><\/p>\n<p><span style=\"font-weight: 400;\">H\u00e3ng s\u1ea3n xu\u1ea5t: bbe Moldaenke GmbH<\/span><\/p>\n<p><span style=\"font-weight: 400;\">Xu\u1ea5t x\u1ee9: \u0110\u1ee9c<\/span><\/p>\n<p><strong>Thi\u1ebft b\u1ecb Bentho Torch c\u00f3 c\u00e1c \u0111\u1eb7c t\u00ednh n\u1ed5i tr\u1ed9i nh\u01b0:<\/strong><\/p>\n<ul>\n<li style=\"font-weight: 400;\" aria-level=\"1\"><span style=\"font-weight: 400;\">X\u00e1c \u0111\u1ecbnh \u0111\u1ed3ng th\u1eddi h\u00e0m l\u01b0\u1ee3ng t\u1ea3o l\u1ee5c, t\u1ea3o lam<\/span><\/li>\n<li style=\"font-weight: 400;\" aria-level=\"1\"><span style=\"font-weight: 400;\">Kh\u00f4ng c\u1ea7n chu\u1ea9n b\u1ecb m\u1eabu<\/span><\/li>\n<li style=\"font-weight: 400;\" aria-level=\"1\"><span style=\"font-weight: 400;\">Cho k\u1ebft qu\u1ea3 ngay l\u1eadp t\u1ee9c<\/span><\/li>\n<li style=\"font-weight: 400;\" aria-level=\"1\"><span style=\"font-weight: 400;\">K\u1ebft qu\u1ea3 hi\u1ec3n th\u1ecb tr\u00ean thi\u1ebft b\u1ecb, v\u00e0 l\u01b0u tr\u1eef trong b\u1ed9 nh\u1edb trong<\/span><\/li>\n<li style=\"font-weight: 400;\" aria-level=\"1\"><span style=\"font-weight: 400;\">T\u00edch h\u1ee3p \u0111\u1ecbnh v\u1ecb GPS<\/span><\/li>\n<\/ul>\n","protected":false},"featured_media":1791,"comment_status":"open","ping_status":"closed","template":"","meta":[],"product_cat":[15],"product_tag":[571,569,567],"acf":[],"lang":"vi","translations":{"vi":1790,"en":1797},"pll_sync_post":[],"_links":{"self":[{"href":"https:\/\/demo9.thuythu.vn\/reeco\/wp-json\/wp\/v2\/product\/1790"}],"collection":[{"href":"https:\/\/demo9.thuythu.vn\/reeco\/wp-json\/wp\/v2\/product"}],"about":[{"href":"https:\/\/demo9.thuythu.vn\/reeco\/wp-json\/wp\/v2\/types\/product"}],"replies":[{"embeddable":true,"href":"https:\/\/demo9.thuythu.vn\/reeco\/wp-json\/wp\/v2\/comments?post=1790"}],"wp:featuredmedia":[{"embeddable":true,"href":"https:\/\/demo9.thuythu.vn\/reeco\/wp-json\/wp\/v2\/media\/1791"}],"wp:attachment":[{"href":"https:\/\/demo9.thuythu.vn\/reeco\/wp-json\/wp\/v2\/media?parent=1790"}],"wp:term":[{"taxonomy":"product_cat","embeddable":true,"href":"https:\/\/demo9.thuythu.vn\/reeco\/wp-json\/wp\/v2\/product_cat?post=1790"},{"taxonomy":"product_tag","embeddable":true,"href":"https:\/\/demo9.thuythu.vn\/reeco\/wp-json\/wp\/v2\/product_tag?post=1790"}],"curies":[{"name":"wp","href":"https:\/\/api.w.org\/{rel}","templated":true}]}}