{"id":1773,"date":"2024-01-09T04:13:23","date_gmt":"2024-01-09T04:13:23","guid":{"rendered":"https:\/\/demo9.thuythu.vn\/reeco\/?post_type=product&#038;p=1773"},"modified":"2024-02-21T13:46:27","modified_gmt":"2024-02-21T06:46:27","slug":"algae-onlin-eanalyser","status":"publish","type":"product","link":"https:\/\/demo9.thuythu.vn\/reeco\/san-pham\/algae-onlin-eanalyser\/","title":{"rendered":"AlgaeOnlineAnalyser &#8211; Thi\u1ebft b\u1ecb \u0111\u1ecbnh l\u01b0\u1ee3ng c\u00e1c nh\u00f3m T\u1ea3o Online"},"content":{"rendered":"","protected":false},"excerpt":{"rendered":"<p><span style=\"font-weight: 400;\">M\u00e3 s\u1ea3n ph\u1ea9m: BG0089.0000<\/span><\/p>\n<p><span style=\"font-weight: 400;\">H\u00e3ng s\u1ea3n xu\u1ea5t: bbe Moldaenke GmbH<\/span><\/p>\n<p><span style=\"font-weight: 400;\">Xu\u1ea5t x\u1ee9: \u0110\u1ee9c<\/span><\/p>\n<p><strong>M\u1ed9t s\u1ed1 t\u00ednh n\u0103ng v\u01b0\u1ee3t tr\u1ed9i c\u1ee7a thi\u1ebft b\u1ecb Algae Online Analyser:<\/strong><\/p>\n<ul>\n<li style=\"font-weight: 400;\" aria-level=\"1\"><span style=\"font-weight: 400;\">Th\u1eddi gian ph\u00e2n t\u00edch nhanh<\/span><\/li>\n<li style=\"font-weight: 400;\" aria-level=\"1\"><span style=\"font-weight: 400;\">X\u00e1c \u0111\u1ecbnh ho\u1ea1t t\u00ednh quang h\u1ee3p c\u1ee7a t\u1ea3o<\/span><\/li>\n<li style=\"font-weight: 400;\" aria-level=\"1\"><span style=\"font-weight: 400;\">B\u1ea3o tr\u00ec mi\u1ec5n ph\u00ed<\/span><\/li>\n<li style=\"font-weight: 400;\" aria-level=\"1\"><span style=\"font-weight: 400;\">V\u1eadn h\u00e0nh \u0111\u01a1n gi\u1ea3n<\/span><\/li>\n<li style=\"font-weight: 400;\" aria-level=\"1\"><span style=\"font-weight: 400;\">Kh\u00f4ng c\u1ea7n chu\u1ea9n b\u1ecb m\u1eabu, kh\u00f4ng t\u1ed1n dung m\u00f4i \u2013 h\u00f3a ch\u1ea5t<\/span><\/li>\n<li style=\"font-weight: 400;\" aria-level=\"1\"><span style=\"font-weight: 400;\">T\u00edch h\u1ee3p h\u1ec7 th\u1ed1ng l\u00e0m s\u1ea1ch<\/span><\/li>\n<li style=\"font-weight: 400;\" aria-level=\"1\"><span style=\"font-weight: 400;\">Ph\u1ea7n m\u1ec1m bbe++ cung c\u1ea5p k\u00e8m theo<\/span><\/li>\n<li style=\"font-weight: 400;\" aria-level=\"1\"><span style=\"font-weight: 400;\">\u0110o nhi\u1ec7t \u0111\u1ed9 n\u01b0\u1edbc<\/span><\/li>\n<li style=\"font-weight: 400;\" aria-level=\"1\"><span style=\"font-weight: 400;\">C\u00f3 th\u1ec3 l\u1ea5y\u00a0 m\u1eabu n\u01b0\u1edbc t\u1eeb c\u00e1c \u0111\u1ed9 s\u00e2u ho\u1eb7c nhi\u1ec1u v\u1ecb tr\u00ed kh\u00e1c nhau, \u0111o quang h\u1ee3p c\u1ee7a t\u1ea3o \u1edf t\u1ea7n s\u1ed1 cao.<\/span><\/li>\n<\/ul>\n","protected":false},"featured_media":1779,"comment_status":"open","ping_status":"closed","template":"","meta":[],"product_cat":[15],"product_tag":[],"acf":[],"lang":"vi","translations":{"vi":1773,"en":1781},"pll_sync_post":[],"_links":{"self":[{"href":"https:\/\/demo9.thuythu.vn\/reeco\/wp-json\/wp\/v2\/product\/1773"}],"collection":[{"href":"https:\/\/demo9.thuythu.vn\/reeco\/wp-json\/wp\/v2\/product"}],"about":[{"href":"https:\/\/demo9.thuythu.vn\/reeco\/wp-json\/wp\/v2\/types\/product"}],"replies":[{"embeddable":true,"href":"https:\/\/demo9.thuythu.vn\/reeco\/wp-json\/wp\/v2\/comments?post=1773"}],"wp:featuredmedia":[{"embeddable":true,"href":"https:\/\/demo9.thuythu.vn\/reeco\/wp-json\/wp\/v2\/media\/1779"}],"wp:attachment":[{"href":"https:\/\/demo9.thuythu.vn\/reeco\/wp-json\/wp\/v2\/media?parent=1773"}],"wp:term":[{"taxonomy":"product_cat","embeddable":true,"href":"https:\/\/demo9.thuythu.vn\/reeco\/wp-json\/wp\/v2\/product_cat?post=1773"},{"taxonomy":"product_tag","embeddable":true,"href":"https:\/\/demo9.thuythu.vn\/reeco\/wp-json\/wp\/v2\/product_tag?post=1773"}],"curies":[{"name":"wp","href":"https:\/\/api.w.org\/{rel}","templated":true}]}}