{"id":1769,"date":"2024-01-09T03:52:42","date_gmt":"2024-01-09T03:52:42","guid":{"rendered":"https:\/\/demo9.thuythu.vn\/reeco\/?post_type=product&#038;p=1769"},"modified":"2024-01-10T14:45:37","modified_gmt":"2024-01-10T14:45:37","slug":"tram-quan-trac-tu-dong-lien-tuc-toc-do-gio-huong-gio-va-cac-thong-so-thoi-tiet-co-ban","status":"publish","type":"product","link":"https:\/\/demo9.thuythu.vn\/reeco\/san-pham\/tram-quan-trac-tu-dong-lien-tuc-toc-do-gio-huong-gio-va-cac-thong-so-thoi-tiet-co-ban\/","title":{"rendered":"Tr\u1ea1m quan tr\u1eafc t\u1ef1 \u0111\u1ed9ng li\u00ean t\u1ee5c t\u1ed1c \u0111\u1ed9 gi\u00f3, h\u01b0\u1edbng gi\u00f3 v\u00e0 c\u00e1c th\u00f4ng s\u1ed1 th\u1eddi ti\u1ebft c\u01a1 b\u1ea3n"},"content":{"rendered":"","protected":false},"excerpt":{"rendered":"","protected":false},"featured_media":1759,"comment_status":"open","ping_status":"closed","template":"","meta":[],"product_cat":[15],"product_tag":[],"acf":[],"lang":"vi","translations":{"vi":1769},"pll_sync_post":[],"_links":{"self":[{"href":"https:\/\/demo9.thuythu.vn\/reeco\/wp-json\/wp\/v2\/product\/1769"}],"collection":[{"href":"https:\/\/demo9.thuythu.vn\/reeco\/wp-json\/wp\/v2\/product"}],"about":[{"href":"https:\/\/demo9.thuythu.vn\/reeco\/wp-json\/wp\/v2\/types\/product"}],"replies":[{"embeddable":true,"href":"https:\/\/demo9.thuythu.vn\/reeco\/wp-json\/wp\/v2\/comments?post=1769"}],"wp:featuredmedia":[{"embeddable":true,"href":"https:\/\/demo9.thuythu.vn\/reeco\/wp-json\/wp\/v2\/media\/1759"}],"wp:attachment":[{"href":"https:\/\/demo9.thuythu.vn\/reeco\/wp-json\/wp\/v2\/media?parent=1769"}],"wp:term":[{"taxonomy":"product_cat","embeddable":true,"href":"https:\/\/demo9.thuythu.vn\/reeco\/wp-json\/wp\/v2\/product_cat?post=1769"},{"taxonomy":"product_tag","embeddable":true,"href":"https:\/\/demo9.thuythu.vn\/reeco\/wp-json\/wp\/v2\/product_tag?post=1769"}],"curies":[{"name":"wp","href":"https:\/\/api.w.org\/{rel}","templated":true}]}}