{"id":304,"date":"2024-02-04T16:56:59","date_gmt":"2024-02-04T16:56:59","guid":{"rendered":"https:\/\/demo9.thuythu.vn\/noithatkinghouse\/?page_id=304"},"modified":"2024-03-12T04:05:23","modified_gmt":"2024-03-12T04:05:23","slug":"da-hoan-thanh","status":"publish","type":"page","link":"https:\/\/demo9.thuythu.vn\/noithatkinghouse\/da-hoan-thanh\/","title":{"rendered":"\u0110\u00e3 ho\u00e0n th\u00e0nh"},"content":{"rendered":"","protected":false},"excerpt":{"rendered":"","protected":false},"author":1,"featured_media":0,"parent":0,"menu_order":0,"comment_status":"closed","ping_status":"closed","template":"templates\/hoan_thanh.php","meta":{"footnotes":""},"acf":[],"lang":"vi","translations":{"vi":304,"en":996},"pll_sync_post":[],"_links":{"self":[{"href":"https:\/\/demo9.thuythu.vn\/noithatkinghouse\/wp-json\/wp\/v2\/pages\/304"}],"collection":[{"href":"https:\/\/demo9.thuythu.vn\/noithatkinghouse\/wp-json\/wp\/v2\/pages"}],"about":[{"href":"https:\/\/demo9.thuythu.vn\/noithatkinghouse\/wp-json\/wp\/v2\/types\/page"}],"author":[{"embeddable":true,"href":"https:\/\/demo9.thuythu.vn\/noithatkinghouse\/wp-json\/wp\/v2\/users\/1"}],"replies":[{"embeddable":true,"href":"https:\/\/demo9.thuythu.vn\/noithatkinghouse\/wp-json\/wp\/v2\/comments?post=304"}],"version-history":[{"count":3,"href":"https:\/\/demo9.thuythu.vn\/noithatkinghouse\/wp-json\/wp\/v2\/pages\/304\/revisions"}],"predecessor-version":[{"id":740,"href":"https:\/\/demo9.thuythu.vn\/noithatkinghouse\/wp-json\/wp\/v2\/pages\/304\/revisions\/740"}],"wp:attachment":[{"href":"https:\/\/demo9.thuythu.vn\/noithatkinghouse\/wp-json\/wp\/v2\/media?parent=304"}],"curies":[{"name":"wp","href":"https:\/\/api.w.org\/{rel}","templated":true}]}}