{"id":331,"date":"2023-12-24T06:31:38","date_gmt":"2023-12-24T06:31:38","guid":{"rendered":"https:\/\/demo9.thuythu.vn\/mrtam\/?page_id=331"},"modified":"2024-01-02T08:20:47","modified_gmt":"2024-01-02T08:20:47","slug":"lien-he","status":"publish","type":"page","link":"https:\/\/demo9.thuythu.vn\/mrtam\/lien-he\/","title":{"rendered":"Li\u00ean h\u1ec7"},"content":{"rendered":"\t<section class=\"section section-video dark\" id=\"section_1158332766\">\n\t\t<div class=\"bg section-bg fill bg-fill  \" >\n\n\t\t\t\n\t\t\t<div class=\"section-bg-overlay absolute fill\"><\/div>\n\t\t\t\n\n\t\t<\/div>\n\n\t\t\n\n\t\t<div class=\"section-content relative\">\n\t\t\t\n<div class=\"row\"  id=\"row-176214227\">\n\n\t<div id=\"col-1504856999\" class=\"col small-12 large-12\"  >\n\t\t\t\t<div class=\"col-inner\" style=\"background-color:rgba(21, 21, 21, 0.308);\" >\n\t\t\t\n\t\t\t\n<div class=\"row align-center\"  id=\"row-1069732130\">\n\n\t<div id=\"col-490530379\" class=\"col medium-9 small-12 large-6\"  >\n\t\t\t\t<div class=\"col-inner text-center\"  >\n\t\t\t\n\t\t\t\n<div class=\"ux-logo has-hover align-middle ux_logo inline-block\" style=\"max-width: 100%!important; width: auto!important\"><div class=\"ux-logo-link block image-\" title=\"\" href=\"\" style=\"padding: 15px;\"><img decoding=\"async\" src=\"https:\/\/demo9.thuythu.vn\/mrtam\/wp-content\/uploads\/2023\/12\/Logo-MrTam.svg\" title=\"\" alt=\"\" class=\"ux-logo-image block\" style=\"height:100px;\" \/><\/div><\/div>\n\t<div id=\"text-3724265135\" class=\"text\">\n\t\t\n<h2>Th\u00f4ng Tin Li\u00ean H\u1ec7<\/h2>\n\t\t\n<style>\n#text-3724265135 {\n  font-size: 1.5rem;\n}\n<\/style>\n\t<\/div>\n\t\n<p>Ti\u1ec7m Tr\u00e0 TP \u0111\u01b0\u1ee3c th\u00e0nh l\u1eadp b\u1edfi m\u1ed9t nh\u00f3m b\u1ea1n tr\u1ebb th\u00edch kinh doanh, \u01b0a m\u1ea1o hi\u1ec3m, v\u00e0 kh\u00e1t khao t\u1ea1o ra nh\u1eefng \u0111\u00f3ng g\u00f3p to l\u1edbn cho c\u1ed9ng \u0111\u1ed3ng v\u00e0 x\u00e3 h\u1ed9i. Ng\u00e0y nay, r\u1ea5t nhi\u1ec1u ng\u01b0\u1eddi trong ch\u00fang ta v\u00ec qu\u00e1 m\u1ea3i m\u00ea c\u00f4ng vi\u1ec7c m\u00e0 \u00edt ch\u00fa \u00fd \u0111\u1ebfn l\u1ed1i s\u1ed1ng l\u00e0nh m\u1ea1nh, ti\u00eau th\u1ee5 nh\u1eefng th\u1ef1c ph\u1ea9m t\u1ed1t cho s\u1ee9c kh\u1ecfe. Th\u1ea5u hi\u1ec3u \u0111\u01b0\u1ee3c \u0111i\u1ec1u \u0111\u00f3, TP n\u1ed7 l\u1ef1c t\u1ea1o ra c\u00e1c d\u00f2ng s\u1ea3n ph\u1ea9m tr\u00e0 v\u1edbi h\u00e0ng lo\u1ea1t nh\u1eefng l\u1ee3i \u00edch s\u1ee9c kh\u1ecfe kh\u00e1c nhau, t\u1eeb d\u01b0\u1ee1ng nhan cho \u0111\u1ebfn an th\u1ea7n, tr\u1ecb m\u1ea5t ng\u1ee7, h\u1ed7 tr\u1ee3 gi\u1ea3m c\u00e2n.<\/p>\n<div class=\"row\"  id=\"row-54640357\">\n\n\t<div id=\"col-1888301646\" class=\"col medium-12 small-10 large-10\"  >\n\t\t\t\t<div class=\"col-inner\"  >\n\t\t\t\n\t\t\t\n\t<div id=\"text-1539211531\" class=\"text text d-flex text-left\">\n\t\t\n<p class=\"mr-1\"><i class=\"fas fa-location-dot\"><\/i>\n<\/p>\n<p class=\"mb-1\">134\/42A Nguy\u1ec5n Th\u1ecb Th\u1eadp, ph\u01b0\u1eddng B\u00ecnh Thu\u1eadn, qu\u1eadn 7, TP H\u1ed3 Ch\u00ed Minh<\/p>\n\t\t\n<style>\n#text-1539211531 {\n  font-size: 0.95rem;\n}\n<\/style>\n\t<\/div>\n\t\n\t<div id=\"text-463168669\" class=\"text d-flex\">\n\t\t\n<p class=\"mr-1 mb-1\"><i class=\"fas fa-phone-flip\"><\/i><\/p>\n<p class=\"mr-1 mb-1\"><a href=\"tel:0347434796\">0347 434 796<\/a><\/p>\n\t\t\n<style>\n#text-463168669 {\n  font-size: 0.95rem;\n}\n<\/style>\n\t<\/div>\n\t\n\t<div id=\"text-972270209\" class=\"text d-flex\">\n\t\t\n<p class=\"mr-1 mb-1\"><i class=\"fas fa-envelope\"><\/i>\n<\/p>\n<p class=\"mb-1\"><a href=\"mailto:tiemtratp@gmail.com\" class=\"no-icon mail-overwrite\">tiemtratp@gmail.com<\/a><\/p>\n\t\t\n<style>\n#text-972270209 {\n  font-size: 0.95rem;\n}\n<\/style>\n\t<\/div>\n\t\n\t\t<\/div>\n\t\t\t\t\t<\/div>\n\n\t\n<\/div>\n\t\t<\/div>\n\t\t\t\t\n<style>\n#col-490530379 > .col-inner {\n  padding: 0px 10% 0px 5%;\n}\n<\/style>\n\t<\/div>\n\n\t\n\n\t<div id=\"col-1475589871\" class=\"col medium-12 small-12 large-6\"  >\n\t\t\t\t<div class=\"col-inner\"  >\n\t\t\t\n\t\t\t\n<h3 class=\"\">Th\u00f4ng Tin Li\u00ean H\u1ec7<\/h3>\n<div class=\"is-divider divider clearfix\" style=\"margin-top:0px;margin-bottom:0px;max-width:100%;height:2px;background-color:rgba(255, 255, 255, 0.3);\"><\/div>\n\t<div id=\"gap-1181613931\" class=\"gap-element clearfix\" style=\"display:block; height:auto;\">\n\t\t\n<style>\n#gap-1181613931 {\n  padding-top: 10px;\n}\n<\/style>\n\t<\/div>\n\t\n\n<div class=\"wpcf7 no-js\" id=\"wpcf7-f16-o1\" lang=\"en-US\" dir=\"ltr\">\n<div class=\"screen-reader-response\"><p role=\"status\" aria-live=\"polite\" aria-atomic=\"true\"><\/p> <ul><\/ul><\/div>\n<form action=\"\/mrtam\/wp-json\/wp\/v2\/pages\/331#wpcf7-f16-o1\" method=\"post\" class=\"wpcf7-form init\" aria-label=\"Contact form\" novalidate=\"novalidate\" data-status=\"init\">\n<div style=\"display: none;\">\n<input type=\"hidden\" name=\"_wpcf7\" value=\"16\" \/>\n<input type=\"hidden\" name=\"_wpcf7_version\" value=\"5.8\" \/>\n<input type=\"hidden\" name=\"_wpcf7_locale\" value=\"en_US\" \/>\n<input type=\"hidden\" name=\"_wpcf7_unit_tag\" value=\"wpcf7-f16-o1\" \/>\n<input type=\"hidden\" name=\"_wpcf7_container_post\" value=\"0\" \/>\n<input type=\"hidden\" name=\"_wpcf7_posted_data_hash\" value=\"\" \/>\n<\/div>\n<p><label> H\u1ecd t\u00ean c\u1ee7a b\u1ea1n (*)<br \/>\n<span class=\"wpcf7-form-control-wrap\" data-name=\"your-name\"><input size=\"40\" class=\"wpcf7-form-control wpcf7-text wpcf7-validates-as-required\" autocomplete=\"name\" aria-required=\"true\" aria-invalid=\"false\" placeholder=\"Nh\u1eadp h\u1ecd &amp; t\u00ean\" value=\"\" type=\"text\" name=\"your-name\" \/><\/span> <\/label><br \/>\n<label>S\u1ed1 \u0111i\u1ec7n tho\u1ea1i (*)<br \/>\n<span class=\"wpcf7-form-control-wrap\" data-name=\"tel\"><input size=\"40\" class=\"wpcf7-form-control wpcf7-tel wpcf7-validates-as-required wpcf7-text wpcf7-validates-as-tel\" aria-required=\"true\" aria-invalid=\"false\" placeholder=\"S\u1ed1 \u0111i\u1ec7n tho\u1ea1i\" value=\"\" type=\"tel\" name=\"tel\" \/><\/span> <\/label><br \/>\n<label> Email (*)<br \/>\n<span class=\"wpcf7-form-control-wrap\" data-name=\"your-email\"><input size=\"40\" class=\"wpcf7-form-control wpcf7-email wpcf7-validates-as-required wpcf7-text wpcf7-validates-as-email\" autocomplete=\"email\" aria-required=\"true\" aria-invalid=\"false\" placeholder=\"Nh\u1eadp email\" value=\"\" type=\"email\" name=\"your-email\" \/><\/span> <\/label><br \/>\n<label> N\u1ed9i dung<br \/>\n<span class=\"wpcf7-form-control-wrap\" data-name=\"your-message\"><textarea cols=\"40\" rows=\"10\" class=\"wpcf7-form-control wpcf7-textarea\" aria-invalid=\"false\" placeholder=\"N\u1ed9i dung m\u00e0 b\u1ea1n mu\u1ed1n li\u00ean h\u1ec7\" name=\"your-message\"><\/textarea><\/span> <\/label><br \/>\n<input class=\"wpcf7-form-control wpcf7-submit has-spinner\" type=\"submit\" value=\"G\u1eedi th\u00f4ng tin\" \/>\n<\/p><div class=\"wpcf7-response-output\" aria-hidden=\"true\"><\/div>\n<\/form>\n<\/div>\n\n\t\t<\/div>\n\t\t\t\t\t<\/div>\n\n\t\n<\/div>\n\t\t<\/div>\n\t\t\t\t\n<style>\n#col-1504856999 > .col-inner {\n  padding: 40px 10px 20px 10px;\n}\n@media (min-width:550px) {\n  #col-1504856999 > .col-inner {\n    padding: 60px 60px 20px 60px;\n  }\n}\n<\/style>\n\t<\/div>\n\n\t\n<\/div>\n\t<div id=\"gap-1201590647\" class=\"gap-element clearfix hide-for-small\" style=\"display:block; height:auto;\">\n\t\t\n<style>\n#gap-1201590647 {\n  padding-top: 260px;\n}\n<\/style>\n\t<\/div>\n\t\n\t\t<\/div>\n\n\t\t\n<style>\n#section_1158332766 {\n  padding-top: 0px;\n  padding-bottom: 0px;\n  min-height: 1000px;\n}\n#section_1158332766 .section-bg-overlay {\n  background-color: rgba(0, 0, 0, 0.5);\n}\n#section_1158332766 .section-bg.bg-loaded {\n  background-image: url(https:\/\/demo9.thuythu.vn\/mrtam\/wp-content\/uploads\/2024\/01\/Giangtien2.jpg);\n}\n<\/style>\n\t<\/section>\n\t\n","protected":false},"excerpt":{"rendered":"","protected":false},"author":1,"featured_media":0,"parent":0,"menu_order":0,"comment_status":"closed","ping_status":"closed","template":"page-blank.php","meta":{"footnotes":""},"acf":[],"_links":{"self":[{"href":"https:\/\/demo9.thuythu.vn\/mrtam\/wp-json\/wp\/v2\/pages\/331"}],"collection":[{"href":"https:\/\/demo9.thuythu.vn\/mrtam\/wp-json\/wp\/v2\/pages"}],"about":[{"href":"https:\/\/demo9.thuythu.vn\/mrtam\/wp-json\/wp\/v2\/types\/page"}],"author":[{"embeddable":true,"href":"https:\/\/demo9.thuythu.vn\/mrtam\/wp-json\/wp\/v2\/users\/1"}],"replies":[{"embeddable":true,"href":"https:\/\/demo9.thuythu.vn\/mrtam\/wp-json\/wp\/v2\/comments?post=331"}],"version-history":[{"count":15,"href":"https:\/\/demo9.thuythu.vn\/mrtam\/wp-json\/wp\/v2\/pages\/331\/revisions"}],"predecessor-version":[{"id":814,"href":"https:\/\/demo9.thuythu.vn\/mrtam\/wp-json\/wp\/v2\/pages\/331\/revisions\/814"}],"wp:attachment":[{"href":"https:\/\/demo9.thuythu.vn\/mrtam\/wp-json\/wp\/v2\/media?parent=331"}],"curies":[{"name":"wp","href":"https:\/\/api.w.org\/{rel}","templated":true}]}}