{"id":9324,"date":"2024-02-27T09:30:58","date_gmt":"2024-02-27T09:30:58","guid":{"rendered":"https:\/\/demo9.thuythu.vn\/mailisa\/san-pham\/ms10-tinh-chat-duong-moi\/"},"modified":"2024-02-27T09:39:29","modified_gmt":"2024-02-27T09:39:29","slug":"ms10-tinh-chat-duong-moi","status":"publish","type":"product","link":"https:\/\/demo9.thuythu.vn\/mailisa\/ms10-tinh-chat-duong-moi\/","title":{"rendered":"MS10 &#8211; TINH CH\u1ea4T D\u01af\u1ee0NG M\u00d4I"},"content":{"rendered":"","protected":false},"excerpt":{"rendered":"<div class=\"row_noidung\">Tinh ch\u1ea5t d\u01b0\u1ee1ng m\u00f4i Doctor Magic gi\u00fap m\u00f4i t\u00e1i t\u1ea1o ph\u1ee5c h\u1ed3i da non, kh\u00f3a m\u00e0u m\u00f4i, l\u00e0m m\u00f4i d\u1ec5 \u0103n m\u00e0u v\u00e0 kh\u00f4ng b\u1ecb tr\u00f4i m\u00e0u.<\/div>\n","protected":false},"featured_media":9325,"comment_status":"closed","ping_status":"closed","template":"","meta":{"inline_featured_image":false},"product_cat":[17],"product_tag":[],"acf":[],"_links":{"self":[{"href":"https:\/\/demo9.thuythu.vn\/mailisa\/wp-json\/wp\/v2\/product\/9324"}],"collection":[{"href":"https:\/\/demo9.thuythu.vn\/mailisa\/wp-json\/wp\/v2\/product"}],"about":[{"href":"https:\/\/demo9.thuythu.vn\/mailisa\/wp-json\/wp\/v2\/types\/product"}],"replies":[{"embeddable":true,"href":"https:\/\/demo9.thuythu.vn\/mailisa\/wp-json\/wp\/v2\/comments?post=9324"}],"wp:featuredmedia":[{"embeddable":true,"href":"https:\/\/demo9.thuythu.vn\/mailisa\/wp-json\/wp\/v2\/media\/9325"}],"wp:attachment":[{"href":"https:\/\/demo9.thuythu.vn\/mailisa\/wp-json\/wp\/v2\/media?parent=9324"}],"wp:term":[{"taxonomy":"product_cat","embeddable":true,"href":"https:\/\/demo9.thuythu.vn\/mailisa\/wp-json\/wp\/v2\/product_cat?post=9324"},{"taxonomy":"product_tag","embeddable":true,"href":"https:\/\/demo9.thuythu.vn\/mailisa\/wp-json\/wp\/v2\/product_tag?post=9324"}],"curies":[{"name":"wp","href":"https:\/\/api.w.org\/{rel}","templated":true}]}}