{"id":8946,"date":"2024-02-27T09:20:48","date_gmt":"2024-02-27T09:20:48","guid":{"rendered":"https:\/\/demo9.thuythu.vn\/mailisa\/san-pham\/kem-loai-bo-mun-triet-de\/"},"modified":"2024-02-27T09:39:31","modified_gmt":"2024-02-27T09:39:31","slug":"kem-loai-bo-mun-triet-de","status":"publish","type":"product","link":"https:\/\/demo9.thuythu.vn\/mailisa\/kem-loai-bo-mun-triet-de\/","title":{"rendered":"M07 &#8211; KEM LO\u1ea0I B\u1ece M\u1ee4N TRI\u1ec6T \u0110\u1ec2"},"content":{"rendered":"","protected":false},"excerpt":{"rendered":"<div class=\"row_noidung\">KEM LO\u1ea0I B\u1ece M\u1ee4N TRI\u1ec6T \u0110\u1ec2 DOCTOR MAGIC kh\u1ed1ng ch\u1ebf s\u1ef1 ph\u00e1t tri\u1ec3n c\u1ee7a vi khu\u1ea9n gi\u00fap lo\u1ea1i b\u1ecf c\u00e1c lo\u1ea1i m\u1ee5n, \u0111i\u1ec1u ti\u1ebft l\u01b0\u1ee3ng nh\u1eddn, gi\u1ea3m nh\u1eddn l\u00e0m th\u00f4ng tho\u00e1ng l\u1ed7 ch\u00e2n l\u00f4ng, gi\u1eef cho l\u00e0n da t\u01b0\u01a1i m\u1edbi v\u00e0 s\u1ea1ch s\u1ebd.<\/div>\n","protected":false},"featured_media":8947,"comment_status":"closed","ping_status":"closed","template":"","meta":{"inline_featured_image":false},"product_cat":[17],"product_tag":[],"acf":[],"_links":{"self":[{"href":"https:\/\/demo9.thuythu.vn\/mailisa\/wp-json\/wp\/v2\/product\/8946"}],"collection":[{"href":"https:\/\/demo9.thuythu.vn\/mailisa\/wp-json\/wp\/v2\/product"}],"about":[{"href":"https:\/\/demo9.thuythu.vn\/mailisa\/wp-json\/wp\/v2\/types\/product"}],"replies":[{"embeddable":true,"href":"https:\/\/demo9.thuythu.vn\/mailisa\/wp-json\/wp\/v2\/comments?post=8946"}],"wp:featuredmedia":[{"embeddable":true,"href":"https:\/\/demo9.thuythu.vn\/mailisa\/wp-json\/wp\/v2\/media\/8947"}],"wp:attachment":[{"href":"https:\/\/demo9.thuythu.vn\/mailisa\/wp-json\/wp\/v2\/media?parent=8946"}],"wp:term":[{"taxonomy":"product_cat","embeddable":true,"href":"https:\/\/demo9.thuythu.vn\/mailisa\/wp-json\/wp\/v2\/product_cat?post=8946"},{"taxonomy":"product_tag","embeddable":true,"href":"https:\/\/demo9.thuythu.vn\/mailisa\/wp-json\/wp\/v2\/product_tag?post=8946"}],"curies":[{"name":"wp","href":"https:\/\/api.w.org\/{rel}","templated":true}]}}