{"id":2334,"date":"2023-10-16T02:59:01","date_gmt":"2023-10-16T02:59:01","guid":{"rendered":"https:\/\/demo9.thuythu.vn\/mailisa\/?page_id=2334"},"modified":"2024-02-03T08:32:17","modified_gmt":"2024-02-03T08:32:17","slug":"phun-moi-tan-mau-light-touch","status":"publish","type":"page","link":"https:\/\/demo9.thuythu.vn\/mailisa\/phun-xam-tham-my\/phun-moi-tan-mau-light-touch\/","title":{"rendered":"Phun M\u00f4i T\u00e1n M\u00e0u Light Touch"},"content":{"rendered":"","protected":false},"excerpt":{"rendered":"","protected":false},"author":1,"featured_media":0,"parent":1384,"menu_order":0,"comment_status":"closed","ping_status":"closed","template":"templates\/phun_moi_tan_mau.php","meta":{"inline_featured_image":false,"footnotes":""},"acf":[],"_links":{"self":[{"href":"https:\/\/demo9.thuythu.vn\/mailisa\/wp-json\/wp\/v2\/pages\/2334"}],"collection":[{"href":"https:\/\/demo9.thuythu.vn\/mailisa\/wp-json\/wp\/v2\/pages"}],"about":[{"href":"https:\/\/demo9.thuythu.vn\/mailisa\/wp-json\/wp\/v2\/types\/page"}],"author":[{"embeddable":true,"href":"https:\/\/demo9.thuythu.vn\/mailisa\/wp-json\/wp\/v2\/users\/1"}],"replies":[{"embeddable":true,"href":"https:\/\/demo9.thuythu.vn\/mailisa\/wp-json\/wp\/v2\/comments?post=2334"}],"version-history":[{"count":19,"href":"https:\/\/demo9.thuythu.vn\/mailisa\/wp-json\/wp\/v2\/pages\/2334\/revisions"}],"predecessor-version":[{"id":6265,"href":"https:\/\/demo9.thuythu.vn\/mailisa\/wp-json\/wp\/v2\/pages\/2334\/revisions\/6265"}],"up":[{"embeddable":true,"href":"https:\/\/demo9.thuythu.vn\/mailisa\/wp-json\/wp\/v2\/pages\/1384"}],"wp:attachment":[{"href":"https:\/\/demo9.thuythu.vn\/mailisa\/wp-json\/wp\/v2\/media?parent=2334"}],"curies":[{"name":"wp","href":"https:\/\/api.w.org\/{rel}","templated":true}]}}