
{"id":1093,"date":"2024-10-01T17:45:49","date_gmt":"2024-10-01T17:45:49","guid":{"rendered":"https:\/\/demo9.thuythu.vn\/luatduongtri\/?page_id=1093"},"modified":"2024-10-01T17:45:49","modified_gmt":"2024-10-01T17:45:49","slug":"chinh-sach","status":"publish","type":"page","link":"https:\/\/demo9.thuythu.vn\/luatduongtri\/chinh-sach\/","title":{"rendered":"Ch\u00ednh s\u00e1ch"},"content":{"rendered":"<p><em>&#8230;\u0110ang c\u1eadp nh\u1eadt<\/em><\/p>\n","protected":false},"excerpt":{"rendered":"<p>&#8230;\u0110ang c\u1eadp nh\u1eadt<\/p>\n","protected":false},"author":1,"featured_media":0,"parent":0,"menu_order":0,"comment_status":"closed","ping_status":"closed","template":"","meta":{"_acf_changed":false,"inline_featured_image":false,"footnotes":""},"class_list":["post-1093","page","type-page","status-publish","hentry"],"acf":[],"_links":{"self":[{"href":"https:\/\/demo9.thuythu.vn\/luatduongtri\/wp-json\/wp\/v2\/pages\/1093"}],"collection":[{"href":"https:\/\/demo9.thuythu.vn\/luatduongtri\/wp-json\/wp\/v2\/pages"}],"about":[{"href":"https:\/\/demo9.thuythu.vn\/luatduongtri\/wp-json\/wp\/v2\/types\/page"}],"author":[{"embeddable":true,"href":"https:\/\/demo9.thuythu.vn\/luatduongtri\/wp-json\/wp\/v2\/users\/1"}],"replies":[{"embeddable":true,"href":"https:\/\/demo9.thuythu.vn\/luatduongtri\/wp-json\/wp\/v2\/comments?post=1093"}],"version-history":[{"count":1,"href":"https:\/\/demo9.thuythu.vn\/luatduongtri\/wp-json\/wp\/v2\/pages\/1093\/revisions"}],"predecessor-version":[{"id":1094,"href":"https:\/\/demo9.thuythu.vn\/luatduongtri\/wp-json\/wp\/v2\/pages\/1093\/revisions\/1094"}],"wp:attachment":[{"href":"https:\/\/demo9.thuythu.vn\/luatduongtri\/wp-json\/wp\/v2\/media?parent=1093"}],"curies":[{"name":"wp","href":"https:\/\/api.w.org\/{rel}","templated":true}]}}