{"id":1516,"date":"2025-01-08T05:22:36","date_gmt":"2025-01-07T22:22:36","guid":{"rendered":"https:\/\/uat2.thuythu.vn\/ielts\/?post_type=product&#038;p=1516"},"modified":"2025-01-08T05:27:53","modified_gmt":"2025-01-07T22:27:53","slug":"giao-trinh-gold","status":"publish","type":"product","link":"https:\/\/demo9.thuythu.vn\/ieltsthetutors\/giao-trinh-gold\/","title":{"rendered":"Gi\u00e1o tr\u00ecnh GOLD"},"content":{"rendered":"<p><b>Vocab\/Grammar:<\/b><span style=\"font-weight: 400;\"> H\u1ecdc v\u00e0 th\u1ef1c h\u00e0nh chuy\u00ean s\u00e2u t\u1eeb v\u1ef1ng IELTS theo c\u00e1c ch\u1ee7 \u0111\u1ec1 h\u1ecdc thu\u1eadt ph\u1ed5 bi\u1ebfn nh\u01b0 Education, Environment, Technology, v\u00e0 Social Issues. T\u00edch h\u1ee3p h\u1ec7 th\u1ed1ng c\u1ea5u tr\u00fac ng\u1eef ph\u00e1p t\u1eeb c\u01a1 b\u1ea3n \u0111\u1ebfn n\u00e2ng cao, bao g\u1ed3m c\u00e2u \u0111i\u1ec1u ki\u1ec7n, c\u00e2u b\u1ecb \u0111\u1ed9ng, th\u00ec ho\u00e0n th\u00e0nh v\u00e0 c\u00e1ch paraphrasing c\u00e2u.<\/span><\/p>\n<p><b>Listening\/Reading:<\/b><span style=\"font-weight: 400;\"> Ph\u00e1t tri\u1ec3n k\u1ef9 n\u0103ng ph\u00e2n t\u00edch v\u00e0 x\u1eed l\u00fd c\u00e1c d\u1ea1ng b\u00e0i IELTS n\u1ec1n t\u1ea3ng nh\u01b0 Matching Headings, True\/False\/Not Given, v\u00e0 Multiple Choice. H\u1ecdc vi\u00ean s\u1ebd h\u1ecdc c\u00e1ch qu\u1ea3n l\u00fd th\u1eddi gian v\u00e0 s\u1eed d\u1ee5ng k\u1ef9 thu\u1eadt scanning, skimming hi\u1ec7u qu\u1ea3 trong c\u00e1c b\u00e0i \u0111\u1ecdc d\u00e0i.<\/span><\/p>\n<p><b>Writing:<\/b><span style=\"font-weight: 400;\"> L\u00e0m quen v\u1edbi c\u00e1ch tri\u1ec3n khai Writing Task 1 (bi\u1ec3u \u0111\u1ed3, b\u1ea3ng s\u1ed1 li\u1ec7u c\u01a1 b\u1ea3n) v\u00e0 Task 2 (b\u00e0i lu\u1eadn Problem-Solution, Opinion). Gi\u00e1o tr\u00ecnh cung c\u1ea5p c\u00e1c c\u00f4ng c\u1ee5 gi\u00fap h\u1ecdc vi\u00ean l\u1eadp \u00fd, ph\u00e2n t\u00edch \u0111\u1ec1, v\u00e0 vi\u1ebft b\u00e0i m\u1ea1ch l\u1ea1c v\u1edbi t\u1eeb v\u1ef1ng h\u1ecdc thu\u1eadt ch\u00ednh x\u00e1c.<\/span><\/p>\n<p><b>Speaking\/Pronunciation:<\/b><span style=\"font-weight: 400;\"> R\u00e8n luy\u1ec7n ph\u1ea3n x\u1ea1 v\u00e0 s\u1ef1 t\u1ef1 tin khi tr\u1ea3 l\u1eddi c\u00e1c c\u00e2u h\u1ecfi Speaking Part 1 v\u00e0 Part 2. H\u1ecdc vi\u00ean h\u1ecdc c\u00e1ch x\u00e2y d\u1ef1ng c\u00e2u tr\u1ea3 l\u1eddi chi ti\u1ebft, s\u1eed d\u1ee5ng c\u00e1c c\u1ee5m t\u1eeb li\u00ean k\u1ebft v\u00e0 c\u1ea3i thi\u1ec7n ph\u00e1t \u00e2m c\u00e1c \u00e2m kh\u00f3, tr\u1ecdng \u00e2m, c\u0169ng nh\u01b0 ng\u1eef \u0111i\u1ec7u t\u1ef1 nhi\u00ean.<\/span><\/p>\n<p><b>\u0110\u1ed1i t\u01b0\u1ee3ng: <\/b><span style=\"font-weight: 400;\">Gi\u00e1o tr\u00ecnh GOLD \u0111\u01b0\u1ee3c thi\u1ebft k\u1ebf d\u00e0nh cho nh\u1eefng b\u1ea1n c\u00f3 n\u1ec1n t\u1ea3ng ti\u1ebfng Anh c\u01a1 b\u1ea3n (A2-B1) v\u00e0 mong mu\u1ed1n c\u1ea3i thi\u1ec7n k\u1ef9 n\u0103ng ng\u1eef ph\u00e1p, t\u1eeb v\u1ef1ng c\u0169ng nh\u01b0 kh\u1ea3 n\u0103ng v\u1eadn d\u1ee5ng v\u00e0o c\u00e1c b\u00e0i thi IELTS. \u0110\u1eb7c bi\u1ec7t ph\u00f9 h\u1ee3p v\u1edbi h\u1ecdc vi\u00ean mu\u1ed1n c\u1ea3i thi\u1ec7n k\u1ef9 n\u0103ng vi\u1ebft b\u00e0i v\u00e0 giao ti\u1ebfp t\u1ef1 nhi\u00ean h\u01a1n.<\/span><\/p>\n","protected":false},"excerpt":{"rendered":"<p>T\u0103ng c\u01b0\u1eddng t\u1eeb v\u1ef1ng v\u00e0 ng\u1eef ph\u00e1p IELTS t\u1eeb c\u01a1 b\u1ea3n \u0111\u1ebfn n\u00e2ng cao<\/p>\n","protected":false},"featured_media":839,"comment_status":"open","ping_status":"closed","template":"","meta":{"_acf_changed":false,"inline_featured_image":false},"product_cat":[94],"product_tag":[101,109],"class_list":{"0":"post-1516","1":"product","2":"type-product","3":"status-publish","4":"has-post-thumbnail","6":"product_cat-giao-trinh-ielts-signature","7":"product_tag-giao-trinh","8":"product_tag-basic","10":"first","11":"instock","12":"sale","13":"shipping-taxable","14":"purchasable","15":"product-type-simple"},"acf":[],"_links":{"self":[{"href":"https:\/\/demo9.thuythu.vn\/ieltsthetutors\/wp-json\/wp\/v2\/product\/1516","targetHints":{"allow":["GET"]}}],"collection":[{"href":"https:\/\/demo9.thuythu.vn\/ieltsthetutors\/wp-json\/wp\/v2\/product"}],"about":[{"href":"https:\/\/demo9.thuythu.vn\/ieltsthetutors\/wp-json\/wp\/v2\/types\/product"}],"replies":[{"embeddable":true,"href":"https:\/\/demo9.thuythu.vn\/ieltsthetutors\/wp-json\/wp\/v2\/comments?post=1516"}],"wp:featuredmedia":[{"embeddable":true,"href":"https:\/\/demo9.thuythu.vn\/ieltsthetutors\/wp-json\/wp\/v2\/media\/839"}],"wp:attachment":[{"href":"https:\/\/demo9.thuythu.vn\/ieltsthetutors\/wp-json\/wp\/v2\/media?parent=1516"}],"wp:term":[{"taxonomy":"product_cat","embeddable":true,"href":"https:\/\/demo9.thuythu.vn\/ieltsthetutors\/wp-json\/wp\/v2\/product_cat?post=1516"},{"taxonomy":"product_tag","embeddable":true,"href":"https:\/\/demo9.thuythu.vn\/ieltsthetutors\/wp-json\/wp\/v2\/product_tag?post=1516"}],"curies":[{"name":"wp","href":"https:\/\/api.w.org\/{rel}","templated":true}]}}