{"id":1329,"date":"2025-01-06T16:53:56","date_gmt":"2025-01-06T09:53:56","guid":{"rendered":"https:\/\/uat2.thuythu.vn\/ielts\/?post_type=product&#038;p=1329"},"modified":"2025-01-08T05:20:56","modified_gmt":"2025-01-07T22:20:56","slug":"giao-trinh-prime","status":"publish","type":"product","link":"https:\/\/demo9.thuythu.vn\/ieltsthetutors\/giao-trinh-prime\/","title":{"rendered":"Gi\u00e1o tr\u00ecnh PRIME"},"content":{"rendered":"<p><strong>N\u1ed9i dung s\u00e1ch:<\/strong><\/p>\n<p><strong>Vocab\/Grammar:<\/strong> H\u1ecdc v\u00e0 th\u1ef1c h\u00e0nh s\u1eed d\u1ee5ng nhu\u1ea7n nhuy\u1ec5n t\u1eeb v\u1ef1ng A1-A2 c\u1ee7a 8 ch\u1ee7 \u0111\u1ec1 ph\u1ed5 bi\u1ebfn nh\u1ea5t trong IELTS (Family, Friends, Sports, Holidays, Health, Hobbies, Transports&#8230;). \u00c1p d\u1ee5ng \u0111\u01b0\u1ee3c c\u00e1c c\u1ea5u tr\u00fac c\u01a1 b\u1ea3n, th\u00ec hi\u1ec7n t\u1ea1i v\u00e0 qu\u00e1 kh\u1ee9, \u0111\u1ed9ng t\u1eeb khi\u1ebfm khuy\u1ebft v\u00e0o c\u00e2u n\u00f3i<\/p>\n<p><strong>Listening\/Reading:<\/strong> Ki\u1ebfn th\u1ee9c Grammar v\u00e0 Vocab trong kho\u00e1 Prime s\u1ebd thu\u1ea7n th\u1ee5c th\u00f4ng qua ti\u1ebfp c\u1eadn b\u01b0\u1edbc \u0111\u1ea7u ph\u01b0\u01a1ng ph\u00e1p x\u1eed l\u00fd c\u00e1c d\u1ea1ng b\u00e0i n\u1ec1n t\u1ea3ng c\u1ee7a IELTS: \u0110i\u1ec1n t\u1eeb, \u0110\u1ecdc\/Nghe \u0111\u1ec3 tr\u00edch xu\u1ea5t c\u00e1c th\u00f4ng tin ph\u1ee5\/ch\u00ednh, True\/False\/Not Given, tr\u1eafc nghi\u1ec7m&#8230;<\/p>\n<p><strong>Speaking\/Pronunciation:<\/strong> Th\u1ef1c h\u00e0nh ph\u1ea3n x\u1ea1 v\u00e0 n\u00f3i t\u1ef1 tin v\u1edbi c\u00e1c ch\u1ee7 \u0111i\u1ec3m giao ti\u1ebfp th\u01b0\u1eddng g\u1eb7p nh\u1ea5t h\u1eb1ng ng\u00e0y v\u00e0 trong m\u00f4i tr\u01b0\u1eddng h\u1ecdc thu\u1eadt. Ngo\u00e0i ra, h\u1ecdc vi\u00ean bi\u1ebft c\u00e1ch ph\u00e1t \u00e2m nguy\u00ean \u00e2m, ph\u1ee5 \u00e2m, tr\u1ecdng \u00e2m, \u00e2m \u0111u\u00f4i v\u00e0 n\u1ed1i \u00e2m.<\/p>\n<p><strong>\u0110\u1ed1i t\u01b0\u1ee3ng:<\/strong> Kho\u00e1 h\u1ecdc d\u00e0nh cho c\u00e1c b\u1ea1n m\u1ea5t g\u1ed1c, kh\u00f4ng c\u00f3 ki\u1ebfn th\u1ee9c c\u01a1 b\u1ea3n v\u1ec1 Ti\u1ebfng Anh ho\u1eb7c c\u00f3 tr\u00ecnh \u0111\u1ed9 Ti\u1ebfng Anh th\u1ea5p. Ngo\u00e0i ra, n\u1ebfu b\u1ea1n mu\u1ed1n c\u1ea3i thi\u1ec7n Ti\u1ebfng Anh Giao ti\u1ebfp t\u01b0\u01a1ng \u0111\u01b0\u01a1ng tr\u00ecnh \u0111\u1ed9 A1 hay kh\u1ea3 n\u0103ng ph\u00e1t \u00e2m c\u00f2n k\u00e9m th\u00ec Prime ch\u00ednh l\u00e0 kho\u00e1 h\u1ecdc ph\u00f9 h\u1ee3p d\u00e0nh cho b\u1ea1n.<\/p>\n","protected":false},"excerpt":{"rendered":"<p>Luy\u1ec7n t\u1eeb v\u1ef1ng, ng\u1eef ph\u00e1p v\u00e0 c\u00e1c k\u1ef9 n\u0103ng n\u1ec1n t\u1ea3ng IELTS<\/p>\n","protected":false},"featured_media":1515,"comment_status":"open","ping_status":"closed","template":"","meta":{"_acf_changed":false,"inline_featured_image":false},"product_cat":[94],"product_tag":[101,109],"class_list":{"0":"post-1329","1":"product","2":"type-product","3":"status-publish","4":"has-post-thumbnail","6":"product_cat-giao-trinh-ielts-signature","7":"product_tag-giao-trinh","8":"product_tag-basic","10":"first","11":"instock","12":"sale","13":"shipping-taxable","14":"purchasable","15":"product-type-simple"},"acf":[],"_links":{"self":[{"href":"https:\/\/demo9.thuythu.vn\/ieltsthetutors\/wp-json\/wp\/v2\/product\/1329","targetHints":{"allow":["GET"]}}],"collection":[{"href":"https:\/\/demo9.thuythu.vn\/ieltsthetutors\/wp-json\/wp\/v2\/product"}],"about":[{"href":"https:\/\/demo9.thuythu.vn\/ieltsthetutors\/wp-json\/wp\/v2\/types\/product"}],"replies":[{"embeddable":true,"href":"https:\/\/demo9.thuythu.vn\/ieltsthetutors\/wp-json\/wp\/v2\/comments?post=1329"}],"wp:featuredmedia":[{"embeddable":true,"href":"https:\/\/demo9.thuythu.vn\/ieltsthetutors\/wp-json\/wp\/v2\/media\/1515"}],"wp:attachment":[{"href":"https:\/\/demo9.thuythu.vn\/ieltsthetutors\/wp-json\/wp\/v2\/media?parent=1329"}],"wp:term":[{"taxonomy":"product_cat","embeddable":true,"href":"https:\/\/demo9.thuythu.vn\/ieltsthetutors\/wp-json\/wp\/v2\/product_cat?post=1329"},{"taxonomy":"product_tag","embeddable":true,"href":"https:\/\/demo9.thuythu.vn\/ieltsthetutors\/wp-json\/wp\/v2\/product_tag?post=1329"}],"curies":[{"name":"wp","href":"https:\/\/api.w.org\/{rel}","templated":true}]}}